{"id":11643,"date":"2025-08-21T20:54:11","date_gmt":"2025-08-21T18:54:11","guid":{"rendered":"http:\/\/astehshop.com\/?post_type=product&#038;p=11643"},"modified":"2025-08-21T20:54:12","modified_gmt":"2025-08-21T18:54:12","slug":"agfa-cr2032-baterija-dugmasta-3v","status":"publish","type":"product","link":"http:\/\/astehshop.com\/index.php\/product\/agfa-cr2032-baterija-dugmasta-3v\/","title":{"rendered":"AGFA CR2032 BATERIJA DUGMASTA 3V"},"content":{"rendered":"<p>Baterija litijska, CR2032, 3V, dugmasta, 210 mAh, blister pakiranje 1 kom. Promjer: 20 mm, Debljina 3.2 mm<\/p>\n<p><u><\/u>Za sve dodatne informacije mozete nas kontaktirati na\u00a0<strong>OLX poruke, 065824333 ili Viber<\/strong><\/p>\n<p>NUDIMO KUPOVINU NOVE ROBE NA RATE:<\/p>\n<p>-DO 18 RATA PREKO MIKROFIN KREDITNA ORGANIZACIJA<\/p>\n<p>-DO 12 RATA PREKO \u0160OPING KARTICE UNICREDIT BANK<\/p>\n<p>&nbsp;<\/p>\n<p>Trgovinska Radnja TECHNO SHOP BN<\/p>\n<p>Nikole Tesle 31a, Bijeljina<\/p>\n<p>(izme\u0111u Moja Apoteka i picerije Park Ne\u0161kovi\u0107)<\/p>\n<p>055\/422-599;\u00a0<strong><u>065\/824-333<\/u><\/strong><\/p>\n<p>Radnim danima 09-19h<\/p>\n<p>Subotom 09-16h<\/p>\n<p>www.technoshopbn.com<\/p>\n<p><a href=\"https:\/\/olx.ba\/artikal\/51187537\/gaming-racunar-pc-i5-10400f-16gb-gtx-1660-ti\">info@technoshopbn.com<\/a><\/p>\n","protected":false},"excerpt":{"rendered":"<p>Baterija litijska, CR2032, 3V, dugmasta, 210 mAh, blister pakiranje 1 kom. Promjer: 20 mm, Debljina 3.2 mm<\/p>\n","protected":false},"featured_media":11644,"comment_status":"open","ping_status":"closed","template":"","meta":{"_mi_skip_tracking":false,"_exactmetrics_sitenote_active":false,"_exactmetrics_sitenote_note":"","_exactmetrics_sitenote_category":0,"spay_email":""},"product_cat":[8197],"product_tag":[],"brands":[],"df_price":2,"df_sale_price":"","df_regular_price":2,"df_image_link":"https:\/\/i0.wp.com\/astehshop.com\/wp-content\/uploads\/2025\/08\/17702_1686250185737thazzny.png?fit=450%2C450","jetpack_publicize_connections":[],"jetpack_sharing_enabled":true,"jetpack_likes_enabled":true,"jetpack-related-posts":[{"id":11005,"url":"http:\/\/astehshop.com\/index.php\/product\/well-univerzalni-adapter-3v-12v\/","url_meta":{"origin":11643,"position":0},"title":"WELL UNIVERZALNI ADAPTER 3V-12V","date":"14. srpnja 2025.","format":false,"excerpt":"Ulazni napon: AC 100-240V, 50 \/ 60Hz Ulazni utika\u010d: Euro, 2 pina Izlazni napon: 3V \/ 4,5V \/ 5V \/ 6V \/ 7,5V \/ 9V \/ 12V Izlazna struja: max. 600mA DC uti\u010dnice: 2,5 mm mono, 3,5 mm mono, 3,5\u00d71,35 mm, 5,0\u00d72,1 mm, 5,5\u00d71,5 mm, 5,5\u00d72,5 mm Du\u017eina kabela: 1\u2026","rel":"","context":"Srodne objave","img":{"alt_text":"","src":"https:\/\/i0.wp.com\/astehshop.com\/wp-content\/uploads\/2025\/07\/p.sup_.02.jpg?fit=598%2C644&resize=350%2C200","width":350,"height":200},"classes":[]},{"id":11007,"url":"http:\/\/astehshop.com\/index.php\/product\/well-3v-12v-1000mah-univerzalni-adapter\/","url_meta":{"origin":11643,"position":1},"title":"WELL 3V-12V 1000MAH UNIVERZALNI ADAPTER","date":"14. srpnja 2025.","format":false,"excerpt":"Ulazni napon: AC 100-240V, 50 \/ 60Hz Ulazni utika\u010d: Euro, 2 pina Izlazni napon: 3V \/ 4,5V \/ 5V \/ 6V \/ 7,5V \/ 9V \/ 12V Izlazna struja: max. 1000mA DC uti\u010dnice: 2,5 mm mono, 3,5 mm mono, 3,5\u00d71,35 mm, 5,0\u00d72,1 mm, 5,5\u00d71,5 mm, 5,5\u00d72,5 mm Du\u017eina kabela: 1\u2026","rel":"","context":"Srodne objave","img":{"alt_text":"","src":"https:\/\/i0.wp.com\/astehshop.com\/wp-content\/uploads\/2025\/07\/p.sup_.02.jpg?fit=598%2C644&resize=350%2C200","width":350,"height":200},"classes":[]},{"id":11008,"url":"http:\/\/astehshop.com\/index.php\/product\/well-3v-12v-1500mah-univerzalni-adapter\/","url_meta":{"origin":11643,"position":2},"title":"WELL 3V-12V 1500MAH UNIVERZALNI ADAPTER","date":"14. srpnja 2025.","format":false,"excerpt":"Ulazni napon: AC 100-240V, 50 \/ 60Hz Ulazni utika\u010d: Euro, 2 pina Izlazni napon: 3V \/ 4,5V \/ 5V \/ 6V \/ 7,5V \/ 9V \/ 12V Izlazna struja: max. 1500mA DC uti\u010dnice: 2,5 mm mono, 3,5 mm mono, 3,5\u00d71,35 mm, 5,0\u00d72,1 mm, 5,5\u00d71,5 mm, 5,5\u00d72,5 mm Du\u017eina kabla: 1\u2026","rel":"","context":"Srodne objave","img":{"alt_text":"","src":"https:\/\/i0.wp.com\/astehshop.com\/wp-content\/uploads\/2025\/07\/p.sup_.02.jpg?fit=598%2C644&resize=350%2C200","width":350,"height":200},"classes":[]},{"id":11009,"url":"http:\/\/astehshop.com\/index.php\/product\/well-3v-12v-2250mah-univerzalni-adapter\/","url_meta":{"origin":11643,"position":3},"title":"WELL 3V-12V 2250MAH UNIVERZALNI ADAPTER","date":"14. srpnja 2025.","format":false,"excerpt":"Ulazni napon: AC 100-240V, 50 \/ 60Hz Ulazni utika\u010d: Euro, 2 pina Izlazni napon: 3V \/ 4,5V \/ 5V \/ 6V \/ 7,5V \/ 9V \/ 12V Izlazna struja: max. 2250mA DC uti\u010dnice: 2,5 mm mono, 3,5 mm mono, 3,5\u00d71,35 mm, 5,0\u00d72,1 mm, 5,5\u00d71,5 mm, 5,5\u00d72,5 mm Du\u017eina kabla: 1\u2026","rel":"","context":"Srodne objave","img":{"alt_text":"","src":"https:\/\/i0.wp.com\/astehshop.com\/wp-content\/uploads\/2025\/07\/p.sup_.02.jpg?fit=598%2C644&resize=350%2C200","width":350,"height":200},"classes":[]},{"id":6725,"url":"http:\/\/astehshop.com\/index.php\/product\/slusalice-cat-ear-stn-28-djecje-wireless-crne\/","url_meta":{"origin":11643,"position":4},"title":"Slu\u0161alice CAT EAR STN-28 dje\u010dje, wireless, crne","date":"19. studenoga 2022.","format":false,"excerpt":"Veli\u010dina zvu\u010dnika:\u00a0\u00d8 40 mm Frekvencijski odziv: 20 Hz - 20 kHz Otpor zvu\u010dnika: 32 Ohm Bluetooth verzija: 5.0 Baterija: 350 mAh, litijska Bluetooth domet: 10 metara Talk \/ Play vrijeme: 8 - 10 sati Trajanje punjenja: 2 sata Kabel za punjenje uklju\u010den u pakiranje; USB na micro","rel":"","context":"Srodne objave","img":{"alt_text":"","src":"https:\/\/i1.wp.com\/astehshop.com\/wp-content\/uploads\/2022\/11\/medium_85732941_2c763054182237b8c8cbc0ac21734bbddI4.png?fit=400%2C400&resize=350%2C200","width":350,"height":200},"classes":[]},{"id":6400,"url":"http:\/\/astehshop.com\/index.php\/product\/ajax-doublebutton\/","url_meta":{"origin":11643,"position":5},"title":"AJAX DoubleButton","date":"6. listopada 2022.","format":false,"excerpt":"roizvo\u0111a\u010d AJAX Tehnologija Be\u017ei\u010dna Be\u017ei\u010dna frekvencija 868 MHz Be\u017ei\u010dna komunikacija Dvosmjerna Dimenzije 47 x 35 x 13 mm Napajanje baterijsko 1 x 3V, tip CR2032 Ugradnja Unutra\u0161nja Detekcija Hitnosti Metoda detekcije Tipka Monta\u017ea privjesak ili nadgradni LED signalizacija Da Te\u017eina 16 g Tip \/ ku\u0107i\u0161te Plasti\u010dno \u00a0","rel":"","context":"Srodne objave","img":{"alt_text":"","src":"","width":0,"height":0},"classes":[]}],"_links":{"self":[{"href":"http:\/\/astehshop.com\/index.php\/wp-json\/wp\/v2\/product\/11643"}],"collection":[{"href":"http:\/\/astehshop.com\/index.php\/wp-json\/wp\/v2\/product"}],"about":[{"href":"http:\/\/astehshop.com\/index.php\/wp-json\/wp\/v2\/types\/product"}],"replies":[{"embeddable":true,"href":"http:\/\/astehshop.com\/index.php\/wp-json\/wp\/v2\/comments?post=11643"}],"wp:featuredmedia":[{"embeddable":true,"href":"http:\/\/astehshop.com\/index.php\/wp-json\/wp\/v2\/media\/11644"}],"wp:attachment":[{"href":"http:\/\/astehshop.com\/index.php\/wp-json\/wp\/v2\/media?parent=11643"}],"wp:term":[{"taxonomy":"product_cat","embeddable":true,"href":"http:\/\/astehshop.com\/index.php\/wp-json\/wp\/v2\/product_cat?post=11643"},{"taxonomy":"product_tag","embeddable":true,"href":"http:\/\/astehshop.com\/index.php\/wp-json\/wp\/v2\/product_tag?post=11643"}],"curies":[{"name":"wp","href":"https:\/\/api.w.org\/{rel}","templated":true}]}}