{"id":11253,"date":"2025-07-21T18:45:38","date_gmt":"2025-07-21T16:45:38","guid":{"rendered":"http:\/\/astehshop.com\/?post_type=product&#038;p=11253"},"modified":"2025-07-21T18:45:40","modified_gmt":"2025-07-21T16:45:40","slug":"gaming-monitor-zakrivljen-27-asus-tuf-vg27vqm-240hz","status":"publish","type":"product","link":"http:\/\/astehshop.com\/index.php\/product\/gaming-monitor-zakrivljen-27-asus-tuf-vg27vqm-240hz\/","title":{"rendered":"GAMING MONITOR ZAKRIVLJEN 27&#8243; ASUS TUF VG27VQM 240Hz"},"content":{"rendered":"<ul>\n<li><strong>Veli\u010dina ekrana:<\/strong>\u00a027&#8243;<\/li>\n<li><strong>Tip panela:<\/strong>\u00a0VA<\/li>\n<li><strong>Rezolucija:<\/strong>\u00a01920\u00d71080 (Full HD)<\/li>\n<li><strong>Osvjetljenje:<\/strong>\u00a0350 cd\/m\u00b2<\/li>\n<li><strong>Vrijeme odziva:<\/strong>\u00a01 ms<\/li>\n<li><strong>Brzina osvje\u017eenja:<\/strong>\u00a0240 Hz<\/li>\n<li><strong>Priklju\u010dci:<\/strong>\u00a02\u00d7HDMI 2.0, DisplayPort, 2\u00d7USB 3.2<\/li>\n<li><strong>Zvu\u010dnici:<\/strong>\u00a02\u00d72W<\/li>\n<\/ul>\n<p><u><\/u>Za sve dodatne informacije mozete nas kontaktirati na\u00a0<strong>OLX poruke, 065824333 ili Viber<\/strong><\/p>\n<p>&nbsp;<\/p>\n<p>NUDIMO KUPOVINU NOVE ROBE NA RATE:<\/p>\n<p>-DO 18 RATA PREKO MIKROFIN KREDITNA ORGANIZACIJA<\/p>\n<p>-DO 12 RATA PREKO \u0160OPING KARTICE UNICREDIT BANK<\/p>\n<p>&nbsp;<\/p>\n<p>Trgovinska Radnja TECHNO SHOP BN<\/p>\n<p>Nikole Tesle 31a, Bijeljina<\/p>\n<p>(izme\u0111u Moja Apoteka i picerije Park Ne\u0161kovi\u0107)<\/p>\n<p>055\/422-599;\u00a0<strong><u>065\/824-333<\/u><\/strong><\/p>\n<p>Radnim danima 09-19h<\/p>\n<p>Subotom 09-16h<\/p>\n<p>www.technoshopbn.com<\/p>\n<p><a href=\"https:\/\/olx.ba\/artikal\/51187537\/gaming-racunar-pc-i5-10400f-16gb-gtx-1660-ti\">info@technoshopbn.com<\/a><\/p>\n","protected":false},"excerpt":{"rendered":"<ul>\n<li><strong>Veli\u010dina ekrana:<\/strong>\u00a027&#8243;<\/li>\n<li><strong>Tip panela:<\/strong>\u00a0VA<\/li>\n<li><strong>Rezolucija:<\/strong>\u00a01920\u00d71080 (Full HD)<\/li>\n<li><strong>Osvjetljenje:<\/strong>\u00a0350 cd\/m\u00b2<\/li>\n<li><strong>Vrijeme odziva:<\/strong>\u00a01 ms<\/li>\n<li><strong>Brzina osvje\u017eenja:<\/strong>\u00a0240 Hz<\/li>\n<li><strong>Priklju\u010dci:<\/strong>\u00a02\u00d7HDMI 2.0, DisplayPort, 2\u00d7USB 3.2<\/li>\n<li><strong>Zvu\u010dnici:<\/strong>\u00a02\u00d72W<\/li>\n<\/ul>\n","protected":false},"featured_media":11254,"comment_status":"open","ping_status":"closed","template":"","meta":{"_mi_skip_tracking":false,"_exactmetrics_sitenote_active":false,"_exactmetrics_sitenote_note":"","_exactmetrics_sitenote_category":0,"spay_email":""},"product_cat":[1089],"product_tag":[],"brands":[{"id":5147,"name":"ASUS","slug":"asus"}],"df_price":469,"df_sale_price":"","df_regular_price":469,"df_image_link":"https:\/\/i2.wp.com\/astehshop.com\/wp-content\/uploads\/2025\/07\/38763-27-ASUS-TUF-Gaming-VG27VQM-240Hz-Curved-Display-2.webp?fit=450%2C450","jetpack_publicize_connections":[],"jetpack_sharing_enabled":true,"jetpack_likes_enabled":true,"jetpack-related-posts":[{"id":11196,"url":"http:\/\/astehshop.com\/index.php\/product\/gaming-monitor-27-asrock-phantom-pg27ff1a-165hz\/","url_meta":{"origin":11253,"position":0},"title":"GAMING MONITOR 27&#8243; ASROCK Phantom PG27FF1A 165Hz","date":"18. srpnja 2025.","format":false,"excerpt":"Veli\u010dina ekrana:\u00a027\" Tip panela:\u00a0IPS Rezolucija:\u00a01920\u00d71080 (Full HD) Osvjetljenje:\u00a0250 cd\/m\u00b2 Vrijeme odziva:\u00a01 ms Brzina osvje\u017eenja:\u00a0165 Hz Priklju\u010dci:\u00a02\u00d7HDMI 2.0, DisplayPort Zvu\u010dnici:\u00a02\u00d72W","rel":"","context":"Srodne objave","img":{"alt_text":"","src":"https:\/\/i0.wp.com\/astehshop.com\/wp-content\/uploads\/2025\/07\/38884-27-ASROCK-PG27FF1A-165Hz-Gaming-Display-4.webp?fit=450%2C450&resize=350%2C200","width":350,"height":200},"classes":[]},{"id":11249,"url":"http:\/\/astehshop.com\/index.php\/product\/monitor-27-hp-e27-g5-6n4e2aa\/","url_meta":{"origin":11253,"position":1},"title":"MONITOR 27&#8243; HP E27 G5 6N4E2AA","date":"21. srpnja 2025.","format":false,"excerpt":"Veli\u010dina ekrana:\u00a027\" Tip panela:\u00a0IPS Rezolucija:\u00a01920\u00d71080 (Full HD) Osvjetljenje:\u00a0300 cd\/m\u00b2 Vrijeme odziva:\u00a05 ms Brzina osvje\u017eenja:\u00a075 Hz Priklju\u010dci:\u00a0HDMI, DisplayPort, 4\u00d7USB 3.2, USB-B","rel":"","context":"Srodne objave","img":{"alt_text":"","src":"https:\/\/i2.wp.com\/astehshop.com\/wp-content\/uploads\/2025\/07\/35503-27-HP-E27-G5-6N4E2AA-Display-2.webp?fit=450%2C450&resize=350%2C200","width":350,"height":200},"classes":[]},{"id":11161,"url":"http:\/\/astehshop.com\/index.php\/product\/monitor-27-aoc-27b3ha2-100hz\/","url_meta":{"origin":11253,"position":2},"title":"MONITOR 27&#8243; AOC 27B3HA2 100Hz","date":"17. srpnja 2025.","format":false,"excerpt":"Veli\u010dina ekrana: 27\" Tip panela: IPS Rezolucija: 1920\u00d71080 (Full HD) Osvjetljenje: 250 cd\/m\u00b2 Vrijeme odziva: 1 ms Brzina osvje\u017eenja: 100 Hz Priklju\u010dci: HDMI, DisplayPort Ugra\u0111eni zvu\u010dnici: 2\u00d72W","rel":"","context":"Srodne objave","img":{"alt_text":"","src":"https:\/\/i2.wp.com\/astehshop.com\/wp-content\/uploads\/2025\/07\/38019-24B3HA2-1-1.webp?fit=450%2C450&resize=350%2C200","width":350,"height":200},"classes":[]},{"id":11193,"url":"http:\/\/astehshop.com\/index.php\/product\/gaming-monitor-27-aoc-27g15n2-180hz\/","url_meta":{"origin":11253,"position":3},"title":"GAMING MONITOR 27&#8243; AOC 27G15N2 180Hz","date":"18. srpnja 2025.","format":false,"excerpt":"Veli\u010dina ekrana: 27\" Tip panela: VA Rezolucija: 1920\u00d71080 (Full HD) Osvjetljenje: 250 cd\/m\u00b2 Vrijeme odziva: 1 ms Brzina osvje\u017eenja: 180 Hz Priklju\u010dci: HDMI 2.0, DisplayPort 1.4","rel":"","context":"Srodne objave","img":{"alt_text":"","src":"https:\/\/i0.wp.com\/astehshop.com\/wp-content\/uploads\/2025\/07\/37270-27-AOC-27G15N2-180Hz-Display-3.webp?fit=450%2C450&resize=350%2C200","width":350,"height":200},"classes":[]},{"id":11198,"url":"http:\/\/astehshop.com\/index.php\/product\/gamin-monitor-27-philips-evnia-27m1n3200zs-165hz\/","url_meta":{"origin":11253,"position":4},"title":"GAMIN MONITOR 27&#8243; PHILIPS Evnia 27M1N3200ZS 165Hz","date":"18. srpnja 2025.","format":false,"excerpt":"Veli\u010dina ekrana:\u00a027\" Tip panela:\u00a0IPS Rezolucija:\u00a01920\u00d71080 (Full HD) Osvjetljenje:\u00a0250 cd\/m\u00b2 Vrijeme odziva:\u00a01 ms Brzina osvje\u017eenja:\u00a0165 Hz Tehnologija:\u00a0AMD FreeSync Premium Priklju\u010dci:\u00a0DisplayPort, 2\u00d7HDMI 2.0","rel":"","context":"Srodne objave","img":{"alt_text":"","src":"https:\/\/i1.wp.com\/astehshop.com\/wp-content\/uploads\/2025\/07\/38249-27-PHILIPS-Evnia-27M1N3200ZS-165Hz-Gaming-Display-2.webp?fit=450%2C450&resize=350%2C200","width":350,"height":200},"classes":[]},{"id":11236,"url":"http:\/\/astehshop.com\/index.php\/product\/gaming-monitor-27-gigabyte-gs27f-165hz\/","url_meta":{"origin":11253,"position":5},"title":"GAMING MONITOR 27&#8243; GIGABYTE GS27F 165Hz","date":"21. srpnja 2025.","format":false,"excerpt":"Veli\u010dina ekrana:\u00a027\" Tip panela:\u00a0IPS Rezolucija:\u00a01920\u00d71080 (Full HD) Osvjetljenje:\u00a0300 cd\/m\u00b2 Vrijeme odziva:\u00a01 ms Brzina osvje\u017eenja:\u00a0165 Hz Tehnologija:\u00a0AMD FreeSync Premium Priklju\u010dci:\u00a02\u00d7HDMI 2.0, DisplayPort","rel":"","context":"Srodne objave","img":{"alt_text":"","src":"https:\/\/i2.wp.com\/astehshop.com\/wp-content\/uploads\/2025\/07\/36004-27-GIGABYTE-GS27F-165Hz-Gaming-Display-1.webp?fit=450%2C450&resize=350%2C200","width":350,"height":200},"classes":[]}],"_links":{"self":[{"href":"http:\/\/astehshop.com\/index.php\/wp-json\/wp\/v2\/product\/11253"}],"collection":[{"href":"http:\/\/astehshop.com\/index.php\/wp-json\/wp\/v2\/product"}],"about":[{"href":"http:\/\/astehshop.com\/index.php\/wp-json\/wp\/v2\/types\/product"}],"replies":[{"embeddable":true,"href":"http:\/\/astehshop.com\/index.php\/wp-json\/wp\/v2\/comments?post=11253"}],"wp:featuredmedia":[{"embeddable":true,"href":"http:\/\/astehshop.com\/index.php\/wp-json\/wp\/v2\/media\/11254"}],"wp:attachment":[{"href":"http:\/\/astehshop.com\/index.php\/wp-json\/wp\/v2\/media?parent=11253"}],"wp:term":[{"taxonomy":"product_cat","embeddable":true,"href":"http:\/\/astehshop.com\/index.php\/wp-json\/wp\/v2\/product_cat?post=11253"},{"taxonomy":"product_tag","embeddable":true,"href":"http:\/\/astehshop.com\/index.php\/wp-json\/wp\/v2\/product_tag?post=11253"}],"curies":[{"name":"wp","href":"https:\/\/api.w.org\/{rel}","templated":true}]}}