{"id":11139,"date":"2025-07-17T14:05:41","date_gmt":"2025-07-17T12:05:41","guid":{"rendered":"http:\/\/astehshop.com\/?post_type=product&#038;p=11139"},"modified":"2025-07-17T14:05:42","modified_gmt":"2025-07-17T12:05:42","slug":"zvucnik-bluetooth-esperanza-fado","status":"publish","type":"product","link":"http:\/\/astehshop.com\/index.php\/product\/zvucnik-bluetooth-esperanza-fado\/","title":{"rendered":"Zvu\u010dnik BLUETOOTH ESPERANZA FADO"},"content":{"rendered":"<h4>FM radio, microSD, USB, EP133K<\/h4>\n<p><u><\/u>Za sve dodatne informacije mozete nas kontaktirati na\u00a0<strong>OLX poruke, 065824333 ili Viber<\/strong><\/p>\n<p>&nbsp;<\/p>\n<p>NUDIMO KUPOVINU NOVE ROBE NA RATE:<\/p>\n<p>-DO 18 RATA PREKO MIKROFIN KREDITNA ORGANIZACIJA<\/p>\n<p>-DO 12 RATA PREKO \u0160OPING KARTICE UNICREDIT BANK<\/p>\n<p>&nbsp;<\/p>\n<p>Trgovinska Radnja TECHNO SHOP BN<\/p>\n<p>Nikole Tesle 31a, Bijeljina<\/p>\n<p>(izme\u0111u Moja Apoteka i picerije Park Ne\u0161kovi\u0107)<\/p>\n<p>055\/422-599;\u00a0<strong><u>065\/824-333<\/u><\/strong><\/p>\n<p>Radnim danima 09-19h<\/p>\n<p>Subotom 09-16h<\/p>\n<p>www.technoshopbn.com<\/p>\n<p><a href=\"https:\/\/olx.ba\/artikal\/51187537\/gaming-racunar-pc-i5-10400f-16gb-gtx-1660-ti\">info@technoshopbn.com<\/a><\/p>\n","protected":false},"excerpt":{"rendered":"<h4>FM radio, microSD, USB, EP133K<\/h4>\n","protected":false},"featured_media":11140,"comment_status":"open","ping_status":"closed","template":"","meta":{"_mi_skip_tracking":false,"_exactmetrics_sitenote_active":false,"_exactmetrics_sitenote_note":"","_exactmetrics_sitenote_category":0,"spay_email":""},"product_cat":[5749],"product_tag":[],"brands":[],"df_price":49,"df_sale_price":"","df_regular_price":49,"df_image_link":"https:\/\/i2.wp.com\/astehshop.com\/wp-content\/uploads\/2025\/07\/0090342_zvucnik-bluetooth-esperanza-fado-fm-radio-microsd-usb-ep133k.jpeg?fit=450%2C450","jetpack_publicize_connections":[],"jetpack_sharing_enabled":true,"jetpack_likes_enabled":true,"jetpack-related-posts":[{"id":11134,"url":"http:\/\/astehshop.com\/index.php\/product\/zvucnici-bluetooth-esperanza-trival\/","url_meta":{"origin":11139,"position":0},"title":"Zvu\u010dnici BLUETOOTH ESPERANZA TRIVAL","date":"17. srpnja 2025.","format":false,"excerpt":"3W, FM Radio, USB+microSD, BLACK-RED, EP117KR","rel":"","context":"Srodne objave","img":{"alt_text":"","src":"","width":0,"height":0},"classes":[]},{"id":8050,"url":"http:\/\/astehshop.com\/index.php\/product\/bluetooth-zvucnik-2-bezicna-mikrofona-k5-15\/","url_meta":{"origin":11139,"position":1},"title":"BLUETOOTH ZVU\u010cNIK +2 BE\u017dI\u010cNA MIKROFONA K5-15","date":"13. kolovoza 2023.","format":false,"excerpt":"UZ ZVU\u010cNIK DOLAZI: -2 BE\u017dI\u010cNA MIKROFONA - DALJINSKI - LED OSVJETLJENJE, - USB ULAZ - SD CARD - FM RADIO - BLUETOOTH - AUX IN - MOGU\u0106NOST PRIKLJU\u010cIVANJA GITARE - Zvu\u010dnik ima svoj integrisan akumulator, vrijeme rada na akumulatoru 10h, - Punjenje preko priklju\u010dak adapter . - Mogu\u0107e pu\u0161tanje muzike\/matrica\u2026","rel":"","context":"Srodne objave","img":{"alt_text":"","src":"https:\/\/i1.wp.com\/astehshop.com\/wp-content\/uploads\/2023\/08\/k5-15.jpg?fit=1198%2C1200&resize=350%2C200","width":350,"height":200},"classes":[]},{"id":6531,"url":"http:\/\/astehshop.com\/index.php\/product\/auto-radio-sa-ugradenim-zvucnicima-2x10w-usb-rca-vb-p1000\/","url_meta":{"origin":11139,"position":2},"title":"Auto radio sa ugra\u0111enim zvu\u010dnicima, 2x10W, USB, RCA VB P1000","date":"13. studenoga 2022.","format":false,"excerpt":"Auto radio, ugra\u0111eni 2 x \u0161irokopojasni zvu\u010dnici sa subwoofer 1,8\", USB\/SD\/AUX, 2 x 10W, FM radio sa 12 memorijskih mjesta za radio frekvencije, automatsko pretra\u017eivanje, USB utor , microSD memorijska kartica, 2 x RCA, ISO konektor","rel":"","context":"Srodne objave","img":{"alt_text":"","src":"https:\/\/i1.wp.com\/astehshop.com\/wp-content\/uploads\/2022\/11\/VB-P1000-jpg.jpg?fit=1200%2C1115&resize=350%2C200","width":350,"height":200},"classes":[]},{"id":8048,"url":"http:\/\/astehshop.com\/index.php\/product\/bluetooth-zvucnik-15-inca-2-bezicna-mikrofona-karaoke-mr-501\/","url_meta":{"origin":11139,"position":3},"title":"BLUETOOTH ZVU\u010cNIK 15 IN\u010cA +2 BE\u017dI\u010cNA MIKROFONA karaoke MR-501","date":"13. kolovoza 2023.","format":false,"excerpt":"UZ ZVU\u010cNIK DOLAZI: -2 BE\u017dI\u010cNA MIKROFONA - DALJINSKI - LED OSVJETLJENJE, - USB ULAZ - SD CARD - FM RADIO - BLUETOOTH - AUX IN -MOGU\u0106NOST PRIKLJU\u010cIVANJA GITARE - Zvu\u010dnik ima svoj integrisan akumulator, vrijeme rada na akumulatoru 10h, - Punjenje preko priklju\u010dak adapter . - Mogu\u0107e pu\u0161tanje muzike\/matrica sa\u2026","rel":"","context":"Srodne objave","img":{"alt_text":"","src":"https:\/\/i1.wp.com\/astehshop.com\/wp-content\/uploads\/2023\/08\/mr-501.png?fit=537%2C525&resize=350%2C200","width":350,"height":200},"classes":[]},{"id":11474,"url":"http:\/\/astehshop.com\/index.php\/product\/xo-bcc17-fm-transmitter-bt-car\/","url_meta":{"origin":11139,"position":4},"title":"XO BCC17 FM TRANSMITTER BT + CAR","date":"18. kolovoza 2025.","format":false,"excerpt":"Za sve dodatne informacije mozete nas kontaktirati na\u00a0OLX poruke, 065824333 ili Viber NUDIMO KUPOVINU NOVE ROBE NA RATE: -DO 18 RATA PREKO MIKROFIN KREDITNA ORGANIZACIJA -DO 12 RATA PREKO \u0160OPING KARTICE UNICREDIT BANK \u00a0 Trgovinska Radnja TECHNO SHOP BN Nikole Tesle 31a, Bijeljina (izme\u0111u Moja Apoteka i picerije Park Ne\u0161kovi\u0107)\u2026","rel":"","context":"Srodne objave","img":{"alt_text":"","src":"https:\/\/i2.wp.com\/astehshop.com\/wp-content\/uploads\/2025\/08\/36887-XO-BCC17-FM-Transmitter-Bluetooth-Car-charger-30W-1.webp?fit=450%2C450&resize=350%2C200","width":350,"height":200},"classes":[]},{"id":3595,"url":"http:\/\/astehshop.com\/index.php\/product\/auto-radio-sa-ugradenim-zvucnicima-vb-p-1000\/","url_meta":{"origin":11139,"position":5},"title":"Auto radio sa ugra\u0111enim zvu\u010dnicima VB P 1000","date":"9. rujna 2019.","format":false,"excerpt":"Zvu\u010dnici 2 x 10 W Auto radio, ugra\u0111eni 2 x \u0161irokopojasni zvu\u010dnici sa subwoofer 1,8\", USB\/SD\/AUX, 2 x 10W, FM radio sa 12 memorijskih mjesta za radio frekvencije, automatsko pretra\u017eivanje, USB utor , microSD memorijska kartica, 2 x RCA, ISO konektor","rel":"","context":"Srodne objave","img":{"alt_text":"","src":"https:\/\/i2.wp.com\/astehshop.com\/wp-content\/uploads\/2019\/09\/VB-P1000.png?fit=1200%2C1200&resize=350%2C200","width":350,"height":200},"classes":[]}],"_links":{"self":[{"href":"http:\/\/astehshop.com\/index.php\/wp-json\/wp\/v2\/product\/11139"}],"collection":[{"href":"http:\/\/astehshop.com\/index.php\/wp-json\/wp\/v2\/product"}],"about":[{"href":"http:\/\/astehshop.com\/index.php\/wp-json\/wp\/v2\/types\/product"}],"replies":[{"embeddable":true,"href":"http:\/\/astehshop.com\/index.php\/wp-json\/wp\/v2\/comments?post=11139"}],"wp:featuredmedia":[{"embeddable":true,"href":"http:\/\/astehshop.com\/index.php\/wp-json\/wp\/v2\/media\/11140"}],"wp:attachment":[{"href":"http:\/\/astehshop.com\/index.php\/wp-json\/wp\/v2\/media?parent=11139"}],"wp:term":[{"taxonomy":"product_cat","embeddable":true,"href":"http:\/\/astehshop.com\/index.php\/wp-json\/wp\/v2\/product_cat?post=11139"},{"taxonomy":"product_tag","embeddable":true,"href":"http:\/\/astehshop.com\/index.php\/wp-json\/wp\/v2\/product_tag?post=11139"}],"curies":[{"name":"wp","href":"https:\/\/api.w.org\/{rel}","templated":true}]}}