{"id":11091,"date":"2025-07-16T16:10:24","date_gmt":"2025-07-16T14:10:24","guid":{"rendered":"http:\/\/astehshop.com\/?post_type=product&#038;p=11091"},"modified":"2025-07-16T16:10:26","modified_gmt":"2025-07-16T14:10:26","slug":"tv-box-xiaomi-mi-tv-stick-4k","status":"publish","type":"product","link":"http:\/\/astehshop.com\/index.php\/product\/tv-box-xiaomi-mi-tv-stick-4k\/","title":{"rendered":"TV BOX Xiaomi Mi TV stick 4K"},"content":{"rendered":"<p><u>TV BOX Xiaomi Mi TV stick 4K, 2GB\/8GB PFJ4175EU<\/u><\/p>\n<p>Za sve dodatne informacije mozete nas kontaktirati na\u00a0<strong>OLX poruke, 065824333 ili Viber<\/strong><\/p>\n<p>&nbsp;<\/p>\n<p>NUDIMO KUPOVINU NOVE ROBE NA RATE:<\/p>\n<p>-DO 18 RATA PREKO MIKROFIN KREDITNA ORGANIZACIJA<\/p>\n<p>-DO 12 RATA PREKO \u0160OPING KARTICE UNICREDIT BANK<\/p>\n<p>&nbsp;<\/p>\n<p>Trgovinska Radnja TECHNO SHOP BN<\/p>\n<p>Nikole Tesle 31a, Bijeljina<\/p>\n<p>(izme\u0111u Moja Apoteka i picerije Park Ne\u0161kovi\u0107)<\/p>\n<p>055\/422-599;\u00a0<strong><u>065\/824-333<\/u><\/strong><\/p>\n<p>Radnim danima 09-19h<\/p>\n<p>Subotom 09-16h<\/p>\n<p>www.technoshopbn.com<\/p>\n<p><a href=\"https:\/\/olx.ba\/artikal\/51187537\/gaming-racunar-pc-i5-10400f-16gb-gtx-1660-ti\">info@technoshopbn.com<\/a><\/p>\n","protected":false},"excerpt":{"rendered":"<p><u>TV BOX Xiaomi Mi TV stick 4K, 2GB\/8GB PFJ4175EU<\/u><\/p>\n","protected":false},"featured_media":11092,"comment_status":"open","ping_status":"closed","template":"","meta":{"_mi_skip_tracking":false,"_exactmetrics_sitenote_active":false,"_exactmetrics_sitenote_note":"","_exactmetrics_sitenote_category":0,"spay_email":""},"product_cat":[15],"product_tag":[],"brands":[],"df_price":128,"df_sale_price":"","df_regular_price":128,"df_image_link":"https:\/\/i2.wp.com\/astehshop.com\/wp-content\/uploads\/2025\/07\/0131234_tv-box-xiaomi-mi-tv-stick-4k-2gb8gb-pfj4175eu.png?fit=450%2C450","jetpack_publicize_connections":[],"jetpack_sharing_enabled":true,"jetpack_likes_enabled":true,"jetpack-related-posts":[{"id":11089,"url":"http:\/\/astehshop.com\/index.php\/product\/tv-box-xiaomi-4k-android-2-gen-mi-pfj4151eu\/","url_meta":{"origin":11091,"position":0},"title":"TV BOX Xiaomi 4K Android 2 Gen Mi PFJ4151EU","date":"16. srpnja 2025.","format":false,"excerpt":"Za sve dodatne informacije mozete nas kontaktirati na\u00a0OLX poruke, 065824333 ili Viber \u00a0 NUDIMO KUPOVINU NOVE ROBE NA RATE: -DO 18 RATA PREKO MIKROFIN KREDITNA ORGANIZACIJA -DO 12 RATA PREKO \u0160OPING KARTICE UNICREDIT BANK \u00a0 Trgovinska Radnja TECHNO SHOP BN Nikole Tesle 31a, Bijeljina (izme\u0111u Moja Apoteka i picerije Park\u2026","rel":"","context":"Srodne objave","img":{"alt_text":"","src":"https:\/\/i1.wp.com\/astehshop.com\/wp-content\/uploads\/2025\/07\/0117019_tv-box-xiaomi-4k-android-2-gen-mi-pfj4151eu.jpeg?fit=900%2C900&resize=350%2C200","width":350,"height":200},"classes":[]},{"id":11085,"url":"http:\/\/astehshop.com\/index.php\/product\/tv-box-amazon-fire-tv-stick-firestick-4k-2nd-generation-8gb\/","url_meta":{"origin":11091,"position":1},"title":"TV BOX Amazon Fire TV Stick Firestick 4K, 2nd Generation, 8GB","date":"15. srpnja 2025.","format":false,"excerpt":"Za sve dodatne informacije mozete nas kontaktirati na\u00a0OLX poruke, 065824333 ili Viber \u00a0 NUDIMO KUPOVINU NOVE ROBE NA RATE: -DO 18 RATA PREKO MIKROFIN KREDITNA ORGANIZACIJA -DO 12 RATA PREKO \u0160OPING KARTICE UNICREDIT BANK \u00a0 Trgovinska Radnja TECHNO SHOP BN Nikole Tesle 31a, Bijeljina (izme\u0111u Moja Apoteka i picerije Park\u2026","rel":"","context":"Srodne objave","img":{"alt_text":"","src":"https:\/\/i1.wp.com\/astehshop.com\/wp-content\/uploads\/2025\/07\/0131354_tv-box-amazon-firestick-4k-2nd-generation.png?fit=900%2C900&resize=350%2C200","width":350,"height":200},"classes":[]},{"id":11093,"url":"http:\/\/astehshop.com\/index.php\/product\/tv-box-amazon-fire-tv-stick\/","url_meta":{"origin":11091,"position":2},"title":"TV BOX Amazon Fire TV Stick","date":"16. srpnja 2025.","format":false,"excerpt":"TV BOX Amazon Fire TV Stick Firestick HD 1080p WiFi 5, 8GB","rel":"","context":"Srodne objave","img":{"alt_text":"","src":"https:\/\/i0.wp.com\/astehshop.com\/wp-content\/uploads\/2025\/07\/0134745_tv-box-amazon-fire-tv-stick-firestick-hd-1080p-wifi-5-8gb.png?fit=900%2C900&resize=350%2C200","width":350,"height":200},"classes":[]},{"id":5323,"url":"http:\/\/astehshop.com\/index.php\/product\/mi-tv-stick-tv-box-xiaomi-android-top-cijena\/","url_meta":{"origin":11091,"position":3},"title":"Mi TV Stick, TV BOX XIAOMI Android TOP CIJENA","date":"10. listopada 2021.","format":false,"excerpt":"TOP CIJENA XIAOMI KVALITET PONESITE SVOJ KOMPAKTNI TV BOX NA LJETOVANJE, VIKENDICU, KOD PRIJATELJA NA UTAKMICU.... \u00a0 Prijenosni streaming Media Player sa daljinskim upravlja\u010dem. Zaboravite na kabele, utaknite stick u bilo koji televizor, monitor ili projektor s HDMI priklju\u010dkom da biste ga pretvorili u pametni TV! Mi TV Stick pokre\u0107e\u2026","rel":"","context":"Srodne objave","img":{"alt_text":"","src":"https:\/\/i1.wp.com\/astehshop.com\/wp-content\/uploads\/2021\/10\/Stick-3__21355.1615821388.jpg?fit=1200%2C1169&resize=350%2C200","width":350,"height":200},"classes":[]},{"id":11622,"url":"http:\/\/astehshop.com\/index.php\/product\/xiaomi-redmi-14c-8gb-256gb-green-eu\/","url_meta":{"origin":11091,"position":4},"title":"XIAOMI REDMI 14C 8GB 256GB GREEN EU","date":"21. kolovoza 2025.","format":false,"excerpt":"Brend:\u00a0Xiaomi Garancija:\u00a024 mjeseca Velicina ekrana:\u00a06.88\" Kamera:\u00a050MP + 13MP Baterija:\u00a05160mAh","rel":"","context":"Srodne objave","img":{"alt_text":"","src":"https:\/\/i2.wp.com\/astehshop.com\/wp-content\/uploads\/2025\/08\/xiaomi-redmi-14c-8gb-256gb-green-eu.jpg?fit=400%2C400&resize=350%2C200","width":350,"height":200},"classes":[]},{"id":11624,"url":"http:\/\/astehshop.com\/index.php\/product\/xiaomi-redmi-note-14-8gb-256gb\/","url_meta":{"origin":11091,"position":5},"title":"XIAOMI REDMI NOTE 14 8GB 256GB","date":"21. kolovoza 2025.","format":false,"excerpt":"Brend:\u00a0Xiaomi Garancija:\u00a024 mjeseca Veli\u010dina ekrana:\u00a06.67\" Kamera:\u00a0108MP Baterija:\u00a05500mAh Vi\u0161e boja","rel":"","context":"Srodne objave","img":{"alt_text":"","src":"https:\/\/i1.wp.com\/astehshop.com\/wp-content\/uploads\/2025\/08\/xiaomi-redmi-note-14-8gb-256gb-green-eu.jpg?fit=400%2C400&resize=350%2C200","width":350,"height":200},"classes":[]}],"_links":{"self":[{"href":"http:\/\/astehshop.com\/index.php\/wp-json\/wp\/v2\/product\/11091"}],"collection":[{"href":"http:\/\/astehshop.com\/index.php\/wp-json\/wp\/v2\/product"}],"about":[{"href":"http:\/\/astehshop.com\/index.php\/wp-json\/wp\/v2\/types\/product"}],"replies":[{"embeddable":true,"href":"http:\/\/astehshop.com\/index.php\/wp-json\/wp\/v2\/comments?post=11091"}],"wp:featuredmedia":[{"embeddable":true,"href":"http:\/\/astehshop.com\/index.php\/wp-json\/wp\/v2\/media\/11092"}],"wp:attachment":[{"href":"http:\/\/astehshop.com\/index.php\/wp-json\/wp\/v2\/media?parent=11091"}],"wp:term":[{"taxonomy":"product_cat","embeddable":true,"href":"http:\/\/astehshop.com\/index.php\/wp-json\/wp\/v2\/product_cat?post=11091"},{"taxonomy":"product_tag","embeddable":true,"href":"http:\/\/astehshop.com\/index.php\/wp-json\/wp\/v2\/product_tag?post=11091"}],"curies":[{"name":"wp","href":"https:\/\/api.w.org\/{rel}","templated":true}]}}