{"id":10315,"date":"2025-05-02T09:46:00","date_gmt":"2025-05-02T07:46:00","guid":{"rendered":"http:\/\/astehshop.com\/?post_type=product&#038;p=10315"},"modified":"2025-05-02T09:46:01","modified_gmt":"2025-05-02T07:46:01","slug":"digitalni-radio-alarm-sat-esperanza-parrot-black-lcd-display","status":"publish","type":"product","link":"http:\/\/astehshop.com\/index.php\/product\/digitalni-radio-alarm-sat-esperanza-parrot-black-lcd-display\/","title":{"rendered":"Digitalni radio + alarm + sat ESPERANZA PARROT BLACK, LCD Display"},"content":{"rendered":"<p>Multifrequency, portable radio receiver, with a built-in Alarm Clock<br \/>\nTelescope Antena and a high quality speaker ensure an excellent reception of the signal and clarity of the played sound. Digital display shows the time and frequency.<br \/>\nIdeal for travel, office or home use.<br \/>\nTechnical Specification:<br \/>\n&#8211; LCD Display<br \/>\n&#8211; Digital Frequency Display<\/p>\n","protected":false},"excerpt":{"rendered":"<p>Multifrequency, portable radio receiver, with a built-in Alarm Clock<br \/>\nTelescope Antena and a high quality speaker ensure an excellent reception of the signal and clarity of the played sound. Digital display shows the time and frequency.<br \/>\nIdeal for travel, office or home use.<br \/>\nTechnical Specification:<br \/>\n&#8211; LCD Display<br \/>\n&#8211; Digital Frequency Display<\/p>\n","protected":false},"featured_media":10316,"comment_status":"open","ping_status":"closed","template":"","meta":{"_mi_skip_tracking":false,"_exactmetrics_sitenote_active":false,"_exactmetrics_sitenote_note":"","_exactmetrics_sitenote_category":0,"spay_email":""},"product_cat":[5749],"product_tag":[7995,4553],"brands":[],"df_price":29,"df_sale_price":"","df_regular_price":29,"df_image_link":"https:\/\/i0.wp.com\/astehshop.com\/wp-content\/uploads\/2025\/05\/0079078_digitalni-radio-alarm-sat-esperanza-parrot-black-lcd-display-na-baterije-erb101k.jpeg?fit=450%2C450","jetpack_publicize_connections":[],"jetpack_sharing_enabled":true,"jetpack_likes_enabled":true,"jetpack-related-posts":[{"id":6869,"url":"http:\/\/astehshop.com\/index.php\/product\/gigaset-telefon-bezicni-lcd-display\/","url_meta":{"origin":10315,"position":0},"title":"Gigaset Telefon be\u017ei\u010dni, LCD display","date":"25. studenoga 2022.","format":false,"excerpt":"Gigaset A170, crni, be\u017ei\u010dni DECT analogni telefon , telefonski imenik za 50 imena i brojeva, prikaz broja pozivatelja, lista zadnjih 25 propu\u0161tenih poziva, 10 polifonih melodija, LCD 1.5\" display, pozadinsko osvjetljenje, prikaz vrijeme \/ datum, alarm... Baterije 2 x NiMh AAA baterije ( 400 mAh ), vrijeme rada do 18\u2026","rel":"","context":"Srodne objave","img":{"alt_text":"","src":"https:\/\/i0.wp.com\/astehshop.com\/wp-content\/uploads\/2022\/11\/4250366853987.png?fit=1200%2C1059&resize=350%2C200","width":350,"height":200},"classes":[]},{"id":11095,"url":"http:\/\/astehshop.com\/index.php\/product\/digitalni-radio-alarm-sat-esperanza-parrot\/","url_meta":{"origin":10315,"position":1},"title":"Digitalni radio + alarm + sat ESPERANZA PARROT","date":"16. srpnja 2025.","format":false,"excerpt":"Digitalni radio + alarm + sat ESPERANZA PARROT BLACK, LCD Display, na baterije, ERB101K Kompaktan vi\u0161efrekventni radio prijemnik sa ugra\u0111enim budilnikom, teleskopskom antenom, kvalitetnim zvu\u010dnikom i digitalnim LCD ekranom koji prikazuje ta\u010dno vreme i frekvenciju, napaja se putem dve AAA baterije (1,5V) i idealan je za putovanja, kancelariju ili ku\u0107nu\u2026","rel":"","context":"Srodne objave","img":{"alt_text":"","src":"https:\/\/i1.wp.com\/astehshop.com\/wp-content\/uploads\/2025\/07\/0079077_digitalni-radio-alarm-sat-esperanza-parrot-black-lcd-display-na-baterije-erb101k.jpeg?fit=450%2C450&resize=350%2C200","width":350,"height":200},"classes":[]},{"id":9223,"url":"http:\/\/astehshop.com\/index.php\/product\/tablet-mediacom-smartpad-m-sp1x10a-10-3gb-32gb-bt-gps-4g-lte\/","url_meta":{"origin":10315,"position":2},"title":"Tablet MEDIACOM SmartPad M-SP1X10A 10&#8243; 3GB\/32GB BT GPS 4G LTE","date":"19. o\u017eujka 2024.","format":false,"excerpt":"Memory 32GB Internal Flash1 RAM 3GB DDR Display 10.1\u201d LCD capacitive touchscreen 1280x800 - IPS - 5 touch point Processor Spreadtrum sc9863A Cortex\u2122 Octa Core, 1.6GHz Networking Wireless Connection Bluetooth 4.2 low energy Positioning system GPS\/GLONASS\/BDS USIM card slot 1 micro SIM and 1 micro SD 4G Data download speed\u2026","rel":"","context":"Srodne objave","img":{"alt_text":"","src":"https:\/\/i0.wp.com\/astehshop.com\/wp-content\/uploads\/2024\/03\/0119433_tablet-mediacom-smartpad-m-sp1x10a-10-3gb32gb-bt-gps-4g-lte.jpeg?fit=900%2C900&resize=350%2C200","width":350,"height":200},"classes":[]},{"id":4748,"url":"http:\/\/astehshop.com\/index.php\/product\/dahua-dh-pfm881-5g-wireless-video-transmission\/","url_meta":{"origin":10315,"position":3},"title":"Dahua DH-PFM881 5G wireless video transmission","date":"26. rujna 2020.","format":false,"excerpt":"\uf09fSupport outdoor temperature\uff1a-30\u00b0C~70\u00b0C,industrial design;\uf09fWireless coverage recommended range\u22643km;\uf09fRadio-frequency mouth anti-thunder reaches 15KV ESD;\uf09fSupport auto ranging function, real time display straight line distance between client and base station;\uf09fSupport device auto reboot function;\uf09f5Gmode support 5745~5825MHz(extended range: 4920~6100MHz);\uf09fSupport flow control, effectively control base station\/client input\/output flow control;\uf09fSupport VLANpartition, realize virtual local network function, control\u2026","rel":"","context":"Srodne objave","img":{"alt_text":"","src":"https:\/\/i1.wp.com\/astehshop.com\/wp-content\/uploads\/2020\/09\/DH-PFM881-1.png?fit=400%2C400&resize=350%2C200","width":350,"height":200},"classes":[]},{"id":6830,"url":"http:\/\/astehshop.com\/index.php\/product\/xiaomi-redmi-9-active-4gb-64gb-green\/","url_meta":{"origin":10315,"position":4},"title":"Xiaomi Redmi 9 Active 4GB 64GB Green","date":"25. studenoga 2022.","format":false,"excerpt":"Smartphone Xiaomi Redmi 9 Activ, Dual SIM, IPS LCD 6.53\" display rezolucija 720 x 1600 Chipset MediaTek MT6765G Helio G35, CPU Octa Core 2.3GHz ( 4 x 2.3 GHz Cortex-A53 & 4 x 1.8 GHz Cortex-A53 ), grafi\u010dka kartica PowerVR GE8320, RAM memorija 4 GB, interna memorija 64 GB. Dual\u2026","rel":"","context":"Srodne objave","img":{"alt_text":"","src":"https:\/\/i0.wp.com\/astehshop.com\/wp-content\/uploads\/2022\/11\/xiaomi-redmi-9-active-4gb-64gb-green-noeu-ind.jpg?fit=800%2C800&resize=350%2C200","width":350,"height":200},"classes":[]},{"id":5473,"url":"http:\/\/astehshop.com\/index.php\/product\/dahua-full-color-ip-kamera-5-mpx-ipc-hfw3549t1-as-pv\/","url_meta":{"origin":10315,"position":5},"title":"Dahua Full Color IP kamera 5 MPX ipc-hfw3549t1-as-pv","date":"16. listopada 2021.","format":false,"excerpt":"IPC-HFW3549T1-AS-PV 5MP Full-color Active Deterrence Fixed-focal Bullet WizSense Network Camera > 5MP, 1\/2.7\u201d CMOS image sensor, low illuminance, high image definition > Outputs max. 5MP (2592 \u00d7 1944) @20 fps, and supports 4MP (2688 \u00d7 1520) @25\/30 fps > H.265 codec, high compression rate, low bit rate > Built-in warm\u2026","rel":"","context":"Srodne objave","img":{"alt_text":"","src":"https:\/\/i2.wp.com\/astehshop.com\/wp-content\/uploads\/2021\/10\/IPC-HFW3549T1-AS-PV0-0.png?fit=400%2C400&resize=350%2C200","width":350,"height":200},"classes":[]}],"_links":{"self":[{"href":"http:\/\/astehshop.com\/index.php\/wp-json\/wp\/v2\/product\/10315"}],"collection":[{"href":"http:\/\/astehshop.com\/index.php\/wp-json\/wp\/v2\/product"}],"about":[{"href":"http:\/\/astehshop.com\/index.php\/wp-json\/wp\/v2\/types\/product"}],"replies":[{"embeddable":true,"href":"http:\/\/astehshop.com\/index.php\/wp-json\/wp\/v2\/comments?post=10315"}],"wp:featuredmedia":[{"embeddable":true,"href":"http:\/\/astehshop.com\/index.php\/wp-json\/wp\/v2\/media\/10316"}],"wp:attachment":[{"href":"http:\/\/astehshop.com\/index.php\/wp-json\/wp\/v2\/media?parent=10315"}],"wp:term":[{"taxonomy":"product_cat","embeddable":true,"href":"http:\/\/astehshop.com\/index.php\/wp-json\/wp\/v2\/product_cat?post=10315"},{"taxonomy":"product_tag","embeddable":true,"href":"http:\/\/astehshop.com\/index.php\/wp-json\/wp\/v2\/product_tag?post=10315"}],"curies":[{"name":"wp","href":"https:\/\/api.w.org\/{rel}","templated":true}]}}