{"id":10239,"date":"2025-04-12T14:44:35","date_gmt":"2025-04-12T12:44:35","guid":{"rendered":"http:\/\/astehshop.com\/?post_type=product&#038;p=10239"},"modified":"2026-01-10T14:32:28","modified_gmt":"2026-01-10T13:32:28","slug":"gree-s-cool-klima-uredaj-gwh09apaxe-k6dna3a","status":"publish","type":"product","link":"http:\/\/astehshop.com\/index.php\/product\/gree-s-cool-klima-uredaj-gwh09apaxe-k6dna3a\/","title":{"rendered":"Gree S-COOL klima ure\u0111aj GWH09APAXE-K6DNA3A"},"content":{"rendered":"<p>Klimatizacijski ure\u0111aj S-cool \u2013 Va\u0161 savr\u0161eni izbor za ugodan dom<\/p>\n<p>Upoznajte <strong>novi model<\/strong>\u00a0 Gree proizvodnje S-cool, dizajniran za nenadma\u0161ivu <strong>energetsku efikasnost\u00a0<\/strong> i vrhunski ugo\u0111aj.<\/p>\n<p>Klju\u010dne prednosti:<\/p>\n<p>*Energetska efikasnost: Odr\u017eava \u017eeljenu temperaturu uz minimalnu potro\u0161nju energije.<br \/>\nEnergetski razredi\u00a0 \u00a0 <strong>A+++ i za grijanje i hla\u0111enje<\/strong><br \/>\n*Ekolo\u0161ki prihvatljiv: Rashladni medij <strong>R32<\/strong> sa niskim potencijalom globalnog zatopljenja (GWP) ne o\u0161te\u0107uje ozon.<br \/>\n*<strong>Wi-Fi<\/strong> upravljanje: U svakom trenutku kontrolirajte ure\u0111aj putem aplikacije na pametnom telefonu gdje god da se nalazite.<br \/>\n*<strong>Tihi rad<\/strong>: Idealno za miran i udoban boravak.<br \/>\n*\u0160irok temperaturni raspon: Funkcionira u uvjetima od <strong>-30\u00b0C<\/strong> do <strong>24\u00b0C<\/strong> za grijanje i <strong>-18\u00b0C<\/strong> do<strong> 43\u00b0C<\/strong> za hla\u0111enje.<br \/>\n*<strong>I-Feel senzor<\/strong>: Osigurava optimalnu temperaturu u va\u0161em okru\u017eenju.<br \/>\n*Napredne funkcije: Samodijagnoza, <strong>grija\u010d vanjske jedinice<\/strong>, no\u0107ni na\u010din rada, vertikalno i horizontalno zakretanje krilaca,<br \/>\nCold Plasma filter za<strong> ioniziranje zraka<\/strong> i inteligentno <strong>predzagrijavanje<\/strong> i <strong>odmrzavanje<\/strong>.<\/p>\n<p>Za pouzdano, ekolo\u0161ki prihvatljivo i energetski efikasno rje\u0161enje koje \u0107e Vam pru\u017eiti maksimalnu udobnost i komfort<br \/>\nizaberite jedan od\u00a0 S-cool modela\u00a0 i u\u017eivajte u savr\u0161enoj klimi u svom domu!<\/p>\n<p><strong>Tehni\u010dke specifikacije GREE S-COOL 9K GWH09APAXE:<\/strong><\/p>\n<p>Napajanje:\u00a0 220-240\/1\/50 V\/Ph\/Hz<br \/>\nNominalni kapacitet grijanja Qgr:\u00a0 3,6 kW<br \/>\nNominalni kapacitet hla\u0111enja Qhl:\u00a0 2,7 kW<br \/>\nRadni medij:<strong> R32<\/strong><br \/>\nUgra\u0111eno <strong>Wi-Fi<\/strong> upravljanje: Da<br \/>\nApsorbirana snaga \u2013 grijanje (min\/nom\/max): 0,72 kW<br \/>\nApsorbirana snaga \u2013 hla\u0111enje (min\/nom\/max): 0,515 kW<br \/>\nMax du\u017eina cjevovoda: 15 m<br \/>\nMax visinka razlika izme\u0111u vanjske \u2013 unutra\u0161nje jedinice: 10 m<br \/>\nEnergetski razred \u2013 grijanje:<strong> A+++<\/strong><br \/>\nEnergetski razred \u2013 hla\u0111enje: <strong>A+++<\/strong><br \/>\nSCOP: 5.31<br \/>\nSEER: 9.72<br \/>\nU\u010dinak grijanja (min\/nom\/max): 0,5-3,6-5,2 kW<br \/>\nU\u010dinak hla\u0111enja (min\/nom\/max): 0,5-2,7-4,5 kW<br \/>\nTemperaturni raspon rada \u2013 grijanje (min \u2013 max) : <strong>-30 ~ 24 \u00b0C<\/strong><br \/>\nTemperaturni raspon rada \u2013 hla\u0111enje (min \u2013 max) : <strong>-18 ~ 43 \u00b0C<\/strong><\/p>\n<p><strong>Tehni\u010dke specifikacije unutra\u0161nje jedinice:<br \/>\n<\/strong><br \/>\nOznaka unutra\u0161nje jedinice : GWH09APAXE-K6DNA3A(I)<br \/>\nNivo zvu\u010dne snage unutra\u0161nje jedinice \u2013 grijanje : 40 \u2013 43 \u2013 45 \u2013 47 \u2013 49 \u2013 54 \u2013 58 dB(A)<br \/>\nNivo zvu\u010dne snage unutra\u0161nje jedinice \u2013 hla\u0111enje : 36 \u2013 38 \u2013 41 \u2013 44 \u2013 47 \u2013 51 \u2013 53 \u2013 57 dB(A)<br \/>\nNivo zvu\u010dnog pritiska\u00a0unutra\u0161nje jedinice \u2013 grijanje : 27 \u2013 30 \u2013 32 \u2013 34 \u2013 36 \u2013 41 \u2013 45 dB(A)<br \/>\nNivo zvu\u010dnog pritiska unutra\u0161nje jedinice \u2013 hla\u0111enje : 21 \u2013 23 \u2013 26 \u2013 29 \u2013 32 \u2013 36 \u2013 38 \u2013 42 dB(A)<br \/>\nVisina unutra\u0161njejedinice : 290 mm<br \/>\n\u0160irina unutra\u0161nje jedinice : 770 mm<br \/>\nDubina unutra\u0161nje jedinice : 230 mm<br \/>\nMasa unutra\u0161nje jedinice : 11 kg<\/p>\n<p><strong>Tehni\u010dke specifikacije vanjske jedinice:<\/strong><\/p>\n<p>Oznaka vanjske jedinice : GWH09APAXE-K6DNA3A(O)<br \/>\nNivo zvu\u010dne snage vanjske jedinice \u2013 grijanje : 65 dB(A)<br \/>\nNivo zvu\u010dne snage vanjske jedinice \u2013 hla\u0111enje : 65 dB(A)<br \/>\nNivo zvu\u010dnog pritiska vanjske jedinice \u2013 grijanje : 56 dB(A)<br \/>\nNivo zvu\u010dnog pritiska vanjske jedinice \u2013 hla\u0111enje : 56 dB(A)<br \/>\nVisina vanjske jedinice : 555 mm<br \/>\n\u0160irina vanjske jedinice : 873 mm<br \/>\nDubina vanjske jedinice : 330 mm<br \/>\nMasa vanjske jedinice : 36 kg<\/p>\n<div>\n<div>\n<p>&nbsp;<\/p>\n<div><\/div>\n<div><a href=\"https:\/\/register.deltron.ba\/\">Registruj svoj GREE ure\u0111aj klikom ovdje<\/a><\/div>\n<div><\/div>\n<div>MONTA\u017dA MONO-SPLIT KLIMA URE\u0110AJA jedne unutarnje i jedne vanjske jedinice<\/div>\n<div>Na web shopu TechnoShopBN monta\u017ea nije uklju\u010dena u cijenu klima ure\u0111aja.<br \/>\nOvla\u0161tenu monta\u017eu klima ure\u0111aja obavljamo na podru\u010dju Bijeljine i okoline do 20KM<br \/>\nAko \u017eelite ovla\u0161tenu monta\u017eu dodajte je u korpu i platite zajedno sa klima ure\u0111ajem koji izaberete<br \/>\nNakon pla\u0107anja klima ure\u0111aja i ukoliko \u017eelite monta\u017eu, ostavite nam kontakt podatke kako bi Vas monta\u017eer mogao kontaktirati<br \/>\nGarancija monta\u017eu vrijedi do isteka garancije na klima ure\u0111aj.Standardna monta\u017ea mono-split klima ure\u0111aja podrazumijeva monta\u017eu unutarnje i vanjske jedinice na visini do 5 metara, bez upotrebe skele ili auto dizalice.<br \/>\nKod ve\u0107ih visina dodatno se napla\u0107uju visinski radovi ili se anga\u017euje auto korpa ili postavlja skela koju dodatno pla\u0107a i osigurava kupac.<br \/>\nAko je potrebno demontirati i po potrebi ekolo\u0161ki zbrinuti stari klima ure\u0111aj, demonta\u017ea se dodatno pla\u0107a prema<br \/>\nMolimo Vas da nas prema potrebi kontaktirate za detalje kako bi prije izvo\u0111enja dobili sve informacije o potrebnim radovima i cijeni&nbsp;<\/p>\n<p>U standardnu monta\u017eu klima ure\u0111aja uklju\u010deno je:<\/p>\n<p>Dobava i postavljanje do 3 metra plinskih i elektro instalacija izme\u0111u unutarnje i vanjske jedinice<br \/>\nDobava i postavljanje do 3 metra PVC kanala za postavljanje instalacije izme\u0111u unutarnje i vanjske jedinice \u2013 nadgradno<br \/>\nDobava i postavljanje do 3 metra PVC kanala sa elektri\u010dnim kabelom za napajanje klima ure\u0111aja \u2013 nadgradno<br \/>\nDobava i postavljanje do 3 metra cijevi za odvod vode-kondenzata, slobodnim padom u pripremljeni odvod<br \/>\nDobava i postavljanje 1 par pocin\u010danih nosa\u010da za monta\u017eu vanjske jedinice (ukoliko nosa\u010di ve\u0107 postoje, to ne umanjuje cijenu usluge)<br \/>\nPotro\u0161ni materijal (\u0161arafi, tiplovi, izolacijska traka, vezice, silikon, gips i ostali potrebni materijal za monta\u017eu)<br \/>\n1 probijanje zida fi 55, debljine do 40cm (ukoliko rupa ve\u0107 postoji, to ne umanjuje cijenu usluge)<br \/>\nMonta\u017ea unutarnje i vanjske jedinice<br \/>\nSpajanje plinskih i elektro instalacija na unutarnjoj i vanjskoj jedinici<br \/>\nSpajanje napajanja na postoje\u0107u elektri\u010dnu instalaciju<br \/>\nVakumiranje<br \/>\nPu\u0161tanje u rad<br \/>\nTestiranje rada klime<br \/>\n\u010ci\u0161\u0107enje mijesta rada<br \/>\nOvjera garancije<\/p>\n<p><strong>Ukoliko monta\u017eu obavi osoba ili firma koju anga\u017euje kupac, a koja nije ovla\u0161tena za monta\u017eu klima ure\u0111aja, ista preuzima i odgovornost za eventualne kvarove i neispravnost na ure\u0111aju i monta\u017ei te u tom slu\u010daju Prodavatelj nije odgovoran za nastalu \u0161tetu a kupac gubi garanciju.<\/strong><\/p>\n<\/div>\n<\/div>\n<\/div>\n<form class=\"cart\" action=\"https:\/\/astehshop.com\/index.php\/product\/gree-cosmo-economical-gwh18awdxb-k6dna3a-klima-uredaj\/\" enctype=\"multipart\/form-data\" method=\"post\">\n<div class=\"quantity\">\n<div class=\"wcz-product-pm-btns\"><\/div>\n<\/div>\n<\/form>\n<p>&nbsp;<\/p>\n","protected":false},"excerpt":{"rendered":"<p>Klimatizacijski ure\u0111aj S-cool \u2013 Va\u0161 savr\u0161eni izbor za ugodan dom<\/p>\n<p>Upoznajte <strong>novi model<\/strong>\u00a0 Gree proizvodnje S-cool, dizajniran za nenadma\u0161ivu <strong>energetsku efikasnost\u00a0<\/strong> i vrhunski ugo\u0111aj.<\/p>\n<p>Klju\u010dne prednosti:<\/p>\n<p>*Energetska efikasnost: Odr\u017eava \u017eeljenu temperaturu uz minimalnu potro\u0161nju energije.<br \/>\nEnergetski razredi\u00a0 \u00a0 <strong>A+++ i za grijanje i hla\u0111enje<\/strong><br \/>\n*Ekolo\u0161ki prihvatljiv: Rashladni medij <strong>R32<\/strong> sa niskim potencijalom globalnog zatopljenja (GWP) ne o\u0161te\u0107uje ozon.<br \/>\n*<strong>Wi-Fi<\/strong> upravljanje: U svakom trenutku kontrolirajte ure\u0111aj putem aplikacije na pametnom telefonu gdje god da se nalazite.<br \/>\n*<strong>Tihi rad<\/strong>: Idealno za miran i udoban boravak.<br \/>\n*\u0160irok temperaturni raspon: Funkcionira u uvjetima od <strong>-30\u00b0C<\/strong> do <strong>24\u00b0C<\/strong> za grijanje i <strong>-18\u00b0C<\/strong> do<strong> 43\u00b0C<\/strong> za hla\u0111enje.<br \/>\n*<strong>I-Feel senzor<\/strong>: Osigurava optimalnu temperaturu u va\u0161em okru\u017eenju.<br \/>\n*Napredne funkcije: Samodijagnoza, <strong>grija\u010d vanjske jedinice<\/strong>, no\u0107ni na\u010din rada, vertikalno i horizontalno zakretanje krilaca,<br \/>\nCold Plasma filter za<strong> ioniziranje zraka<\/strong> i inteligentno <strong>predzagrijavanje<\/strong> i <strong>odmrzavanje<\/strong>.<\/p>\n<p>Za pouzdano, ekolo\u0161ki prihvatljivo i energetski efikasno rje\u0161enje koje \u0107e Vam pru\u017eiti maksimalnu udobnost i komfort<br \/>\nizaberite jedan od\u00a0 S-cool modela\u00a0 i u\u017eivajte u savr\u0161enoj klimi u svom domu!<\/p>\n<p><strong>Tehni\u010dke specifikacije GREE S-COOL 9K GWH09APAXE:<\/strong><\/p>\n<p>Napajanje:\u00a0 220-240\/1\/50 V\/Ph\/Hz<br \/>\nNominalni kapacitet grijanja Qgr:\u00a0 3,6 kW<br \/>\nNominalni kapacitet hla\u0111enja Qhl:\u00a0 2,7 kW<br \/>\nRadni medij:<strong> R32<\/strong><br \/>\nUgra\u0111eno <strong>Wi-Fi<\/strong> upravljanje: Da<br \/>\nApsorbirana snaga \u2013 grijanje (min\/nom\/max): 0,72 kW<br \/>\nApsorbirana snaga \u2013 hla\u0111enje (min\/nom\/max): 0,515 kW<br \/>\nMax du\u017eina cjevovoda: 15 m<br \/>\nMax visinka razlika izme\u0111u vanjske \u2013 unutra\u0161nje jedinice: 10 m<br \/>\nEnergetski razred \u2013 grijanje:<strong> A+++<\/strong><br \/>\nEnergetski razred \u2013 hla\u0111enje: <strong>A+++<\/strong><br \/>\nSCOP: 5.31<br \/>\nSEER: 9.72<br \/>\nU\u010dinak grijanja (min\/nom\/max): 0,5-3,6-5,2 kW<br \/>\nU\u010dinak hla\u0111enja (min\/nom\/max): 0,5-2,7-4,5 kW<br \/>\nTemperaturni raspon rada \u2013 grijanje (min \u2013 max) : <strong>-30 ~ 24 \u00b0C<\/strong><br \/>\nTemperaturni raspon rada \u2013 hla\u0111enje (min \u2013 max) : <strong>-18 ~ 43 \u00b0C<\/strong><\/p>\n<p><strong>Tehni\u010dke specifikacije unutra\u0161nje jedinice:<br \/>\n<\/strong><br \/>\nOznaka unutra\u0161nje jedinice : GWH09APAXE-K6DNA3A(I)<br \/>\nNivo zvu\u010dne snage unutra\u0161nje jedinice \u2013 grijanje : 40 \u2013 43 \u2013 45 \u2013 47 \u2013 49 \u2013 54 \u2013 58 dB(A)<br \/>\nNivo zvu\u010dne snage unutra\u0161nje jedinice \u2013 hla\u0111enje : 36 \u2013 38 \u2013 41 \u2013 44 \u2013 47 \u2013 51 \u2013 53 \u2013 57 dB(A)<br \/>\nNivo zvu\u010dnog pritiska\u00a0unutra\u0161nje jedinice \u2013 grijanje : 27 \u2013 30 \u2013 32 \u2013 34 \u2013 36 \u2013 41 \u2013 45 dB(A)<br \/>\nNivo zvu\u010dnog pritiska unutra\u0161nje jedinice \u2013 hla\u0111enje : 21 \u2013 23 \u2013 26 \u2013 29 \u2013 32 \u2013 36 \u2013 38 \u2013 42 dB(A)<br \/>\nVisina unutra\u0161njejedinice : 290 mm<br \/>\n\u0160irina unutra\u0161nje jedinice : 770 mm<br \/>\nDubina unutra\u0161nje jedinice : 230 mm<br \/>\nMasa unutra\u0161nje jedinice : 11 kg<\/p>\n<p><strong>Tehni\u010dke specifikacije vanjske jedinice:<\/strong><\/p>\n<p>Oznaka vanjske jedinice : GWH09APAXE-K6DNA3A(O)<br \/>\nNivo zvu\u010dne snage vanjske jedinice \u2013 grijanje : 65 dB(A)<br \/>\nNivo zvu\u010dne snage vanjske jedinice \u2013 hla\u0111enje : 65 dB(A)<br \/>\nNivo zvu\u010dnog pritiska vanjske jedinice \u2013 grijanje : 56 dB(A)<br \/>\nNivo zvu\u010dnog pritiska vanjske jedinice \u2013 hla\u0111enje : 56 dB(A)<br \/>\nVisina vanjske jedinice : 555 mm<br \/>\n\u0160irina vanjske jedinice : 873 mm<br \/>\nDubina vanjske jedinice : 330 mm<br \/>\nMasa vanjske jedinice : 36 kg<\/p>\n<div>\n<div>\n<p>&nbsp;<\/p>\n<div><\/div>\n<div><a href=\"https:\/\/register.deltron.ba\/\">Registruj svoj GREE ure\u0111aj klikom ovdje<\/a><\/div>\n<div><\/div>\n<div>MONTA\u017dA MONO-SPLIT KLIMA URE\u0110AJA jedne unutarnje i jedne vanjske jedinice<\/div>\n<div>Na web shopu TechnoShopBN monta\u017ea nije uklju\u010dena u cijenu klima ure\u0111aja.<br \/>\nOvla\u0161tenu monta\u017eu klima ure\u0111aja obavljamo na podru\u010dju Bijeljine i okoline do 20KM<br \/>\nAko \u017eelite ovla\u0161tenu monta\u017eu dodajte je u korpu i platite zajedno sa klima ure\u0111ajem koji izaberete<br \/>\nNakon pla\u0107anja klima ure\u0111aja i ukoliko \u017eelite monta\u017eu, ostavite nam kontakt podatke kako bi Vas monta\u017eer mogao kontaktirati<br \/>\nGarancija monta\u017eu vrijedi do isteka garancije na klima ure\u0111aj.Standardna monta\u017ea mono-split klima ure\u0111aja podrazumijeva monta\u017eu unutarnje i vanjske jedinice na visini do 5 metara, bez upotrebe skele ili auto dizalice.<br \/>\nKod ve\u0107ih visina dodatno se napla\u0107uju visinski radovi ili se anga\u017euje auto korpa ili postavlja skela koju dodatno pla\u0107a i osigurava kupac.<br \/>\nAko je potrebno demontirati i po potrebi ekolo\u0161ki zbrinuti stari klima ure\u0111aj, demonta\u017ea se dodatno pla\u0107a prema<br \/>\nMolimo Vas da nas prema potrebi kontaktirate za detalje kako bi prije izvo\u0111enja dobili sve informacije o potrebnim radovima i cijeni&nbsp;<\/p>\n<p>U standardnu monta\u017eu klima ure\u0111aja uklju\u010deno je:<\/p>\n<p>Dobava i postavljanje do 3 metra plinskih i elektro instalacija izme\u0111u unutarnje i vanjske jedinice<br \/>\nDobava i postavljanje do 3 metra PVC kanala za postavljanje instalacije izme\u0111u unutarnje i vanjske jedinice \u2013 nadgradno<br \/>\nDobava i postavljanje do 3 metra PVC kanala sa elektri\u010dnim kabelom za napajanje klima ure\u0111aja \u2013 nadgradno<br \/>\nDobava i postavljanje do 3 metra cijevi za odvod vode-kondenzata, slobodnim padom u pripremljeni odvod<br \/>\nDobava i postavljanje 1 par pocin\u010danih nosa\u010da za monta\u017eu vanjske jedinice (ukoliko nosa\u010di ve\u0107 postoje, to ne umanjuje cijenu usluge)<br \/>\nPotro\u0161ni materijal (\u0161arafi, tiplovi, izolacijska traka, vezice, silikon, gips i ostali potrebni materijal za monta\u017eu)<br \/>\n1 probijanje zida fi 55, debljine do 40cm (ukoliko rupa ve\u0107 postoji, to ne umanjuje cijenu usluge)<br \/>\nMonta\u017ea unutarnje i vanjske jedinice<br \/>\nSpajanje plinskih i elektro instalacija na unutarnjoj i vanjskoj jedinici<br \/>\nSpajanje napajanja na postoje\u0107u elektri\u010dnu instalaciju<br \/>\nVakumiranje<br \/>\nPu\u0161tanje u rad<br \/>\nTestiranje rada klime<br \/>\n\u010ci\u0161\u0107enje mijesta rada<br \/>\nOvjera garancije<\/p>\n<p><strong>Ukoliko monta\u017eu obavi osoba ili firma koju anga\u017euje kupac, a koja nije ovla\u0161tena za monta\u017eu klima ure\u0111aja, ista preuzima i odgovornost za eventualne kvarove i neispravnost na ure\u0111aju i monta\u017ei te u tom slu\u010daju Prodavatelj nije odgovoran za nastalu \u0161tetu a kupac gubi garanciju.<\/strong><\/p>\n<\/div>\n<\/div>\n<\/div>\n<form class=\"cart\" action=\"https:\/\/astehshop.com\/index.php\/product\/gree-cosmo-economical-gwh18awdxb-k6dna3a-klima-uredaj\/\" enctype=\"multipart\/form-data\" method=\"post\">\n<div class=\"quantity\">\n<div class=\"wcz-product-pm-btns\"><\/div>\n<\/div>\n<\/form>\n<p>&nbsp;<\/p>\n","protected":false},"featured_media":10240,"comment_status":"open","ping_status":"closed","template":"","meta":{"_mi_skip_tracking":false,"_exactmetrics_sitenote_active":false,"_exactmetrics_sitenote_note":"","_exactmetrics_sitenote_category":0,"spay_email":""},"product_cat":[2458],"product_tag":[7947,7944,7943,7948,7941,7946,7918,7945,7170,2468,7949,7942,7950,7068],"brands":[{"id":7715,"name":"gree","slug":"gree"}],"df_price":1820,"df_sale_price":"","df_regular_price":1820,"df_image_link":"https:\/\/i1.wp.com\/astehshop.com\/wp-content\/uploads\/2025\/04\/s-cool-kpl-2-ast-3258601-p.png?fit=450%2C450","jetpack_publicize_connections":[],"jetpack_sharing_enabled":true,"jetpack_likes_enabled":true,"jetpack-related-posts":[{"id":10242,"url":"http:\/\/astehshop.com\/index.php\/product\/gree-s-cool-klima-uredaj-gwh12apaxe-k6dna3a\/","url_meta":{"origin":10239,"position":0},"title":"Gree S-COOL klima ure\u0111aj GWH12APAXE-K6DNA3A","date":"12. travnja 2025.","format":false,"excerpt":"Klimatizacijski ure\u0111aj S-cool \u2013 Va\u0161 savr\u0161eni izbor za ugodan dom Upoznajte novi model\u00a0 Gree proizvodnje S-cool, dizajniran za nenadma\u0161ivu energetsku efikasnost\u00a0 i vrhunski ugo\u0111aj. Klju\u010dne prednosti: *Energetska efikasnost: Odr\u017eava \u017eeljenu temperaturu uz minimalnu potro\u0161nju energije. Energetski razredi\u00a0 \u00a0A+++ i za grijanje i hla\u0111enje *Ekolo\u0161ki prihvatljiv: Rashladni medij R32 sa niskim\u2026","rel":"","context":"Srodne objave","img":{"alt_text":"","src":"https:\/\/i1.wp.com\/astehshop.com\/wp-content\/uploads\/2025\/04\/s-cool-kpl-2-ast-3258601-p.png?fit=900%2C900&resize=350%2C200","width":350,"height":200},"classes":[]},{"id":10230,"url":"http:\/\/astehshop.com\/index.php\/product\/gree-cosmo-regular-klima-uredaj-gwh18awdxd-k6dna1a\/","url_meta":{"origin":10239,"position":1},"title":"Gree Cosmo Regular Klima Ure\u0111aj GWH18AWDXD-K6DNA1A","date":"12. travnja 2025.","format":false,"excerpt":"U\u010dinak hla\u0111enja: 5,3kW (1 - 6,4) kW U\u010dinak grijanja: 5,6kW (1,2 - 6,8) kW Freon : R32 Grije do -25\u00b0C vanjske temperature! Preporuka za primarno grijanje na vrlo niskim vanjskim temperaturama! Prikladno za prostor do 50m2 Energetska klasa: A++ Wi-Fi upravljanje je uklju\u010deno u cijenu Garancija : 5 godina (3\u2026","rel":"","context":"Srodne objave","img":{"alt_text":"","src":"https:\/\/i1.wp.com\/astehshop.com\/wp-content\/uploads\/2025\/04\/cosmo-regular.png?fit=580%2C584&resize=350%2C200","width":350,"height":200},"classes":[]},{"id":10238,"url":"http:\/\/astehshop.com\/index.php\/product\/gree-cosmo-economical-gwh24awdxe-k6dna3a-klima-uredaj\/","url_meta":{"origin":10239,"position":2},"title":"Gree Cosmo Economical GWH24AWDXE-K6DNA3A klima ure\u0111aj","date":"12. travnja 2025.","format":false,"excerpt":"ree Cosmo Economical klima ure\u0111aj \u2013 Idealno rje\u0161enje za Va\u0161 dom Kako se ljeto pribli\u017eava i temperature rastu, potro\u0161a\u010di \u0161irom Bosne i Hercegovine tra\u017ee efikasna i pristupa\u010dna rje\u0161enja za hla\u0111enje svojih domova. Me\u0111u brojnim opcijama na tr\u017ei\u0161tu, Gree Cosmo Economical klima ure\u0111aj isti\u010de se kao jedan od najboljih izbora zahvaljuju\u0107i\u2026","rel":"","context":"Srodne objave","img":{"alt_text":"","src":"https:\/\/i2.wp.com\/astehshop.com\/wp-content\/uploads\/2025\/04\/Cosmo-Economical.webp?fit=900%2C900&resize=350%2C200","width":350,"height":200},"classes":[]},{"id":10108,"url":"http:\/\/astehshop.com\/index.php\/product\/gree-klima-uredaj-airy-gwh18avdxe-k6dna1a\/","url_meta":{"origin":10239,"position":3},"title":"Gree klima ure\u0111aj Airy GWH18AVDXE-K6DNA1A","date":"30. o\u017eujka 2025.","format":false,"excerpt":"Revolucija u klimatizaciji: Gree Airy donosi prije svega eleganciju i efikasnost. Klimatizacijski ure\u0111aj Gree Airy predstavlja inovativni korak naprijed u dizajnu i tehnologiji klimatizacije. Sa elegantnim dizajnom i zatvorenim izlazom zraka otpornim na pra\u0161inu, ovaj ure\u0111aj ne samo da izgleda moderno, ve\u0107 osigurava i dugotrajnu \u010disto\u0107u. Superiorna tehnologija odmrzavanja Airy\u2026","rel":"","context":"Srodne objave","img":{"alt_text":"","src":"https:\/\/i2.wp.com\/astehshop.com\/wp-content\/uploads\/2025\/03\/gree-19-airy.png?fit=808%2C698&resize=350%2C200","width":350,"height":200},"classes":[]},{"id":9391,"url":"http:\/\/astehshop.com\/index.php\/product\/klima-uredaj-favorit-18000-btu-qb-he-hb-inverter-gratis-nosaci\/","url_meta":{"origin":10239,"position":4},"title":"Klima ure\u0111aj FAVORIT 18000 BTU QB HE HB INVERTER -35 stepeni","date":"22. lipnja 2024.","format":false,"excerpt":"kapacitet hla\u0111enje kw: 5.28(1.3-5.9) kapacitet hla\u0111enje BTU: 18015 kapacitet grijanje kw: 5.8(1.3-6.1) kapacitet grijanje BTU: 19107 SEER hla\u0111enje: 8.5 Predstavljamo vam na\u0161 najnoviji HVAC sistem, koji ima kapacitet hla\u0111enja od 3.5 kW (11942 BTU) i kapacitet grijanja od 4.2 kW (14330 BTU). Sa SEER-om efikasnosti hla\u0111enja ocenjenim na 1.7 i\u2026","rel":"","context":"Srodne objave","img":{"alt_text":"","src":"https:\/\/i2.wp.com\/astehshop.com\/wp-content\/uploads\/2024\/06\/klima-fav-35-18.png?fit=1080%2C1080&resize=350%2C200","width":350,"height":200},"classes":[]},{"id":10249,"url":"http:\/\/astehshop.com\/index.php\/product\/gree-mona-gph12ao-k5nna1d-prijenosna-klima\/","url_meta":{"origin":10239,"position":5},"title":"Gree Mona GPH12AO-K5NNA1D  prijenosna klima","date":"12. travnja 2025.","format":false,"excerpt":"Udobnost i prakti\u010dnost su klju\u010dni aspekti suvremenog \u017eivota, a GREE Mona GPH12AO-K5NNA1D (WiFi) prijenosni klima ure\u0111aj predstavlja savr\u0161eno rje\u0161enje za odr\u017eavanje \u017eeljene temperature u va\u0161em domu ili uredu. Ovaj inovativni ure\u0111aj nudi \u0161irok spektar mogu\u0107nosti, pru\u017eaju\u0107i vam potpunu kontrolu nad klimatizacijom prostora. Jedna od izvanrednih karakteristika GREE Mona klima ure\u0111aja\u2026","rel":"","context":"Srodne objave","img":{"alt_text":"","src":"https:\/\/i2.wp.com\/astehshop.com\/wp-content\/uploads\/2025\/04\/Prijenosna-klima-uredaj-GREE-Mona-GPH12AN-1-1.png?fit=990%2C1010&resize=350%2C200","width":350,"height":200},"classes":[]}],"_links":{"self":[{"href":"http:\/\/astehshop.com\/index.php\/wp-json\/wp\/v2\/product\/10239"}],"collection":[{"href":"http:\/\/astehshop.com\/index.php\/wp-json\/wp\/v2\/product"}],"about":[{"href":"http:\/\/astehshop.com\/index.php\/wp-json\/wp\/v2\/types\/product"}],"replies":[{"embeddable":true,"href":"http:\/\/astehshop.com\/index.php\/wp-json\/wp\/v2\/comments?post=10239"}],"wp:featuredmedia":[{"embeddable":true,"href":"http:\/\/astehshop.com\/index.php\/wp-json\/wp\/v2\/media\/10240"}],"wp:attachment":[{"href":"http:\/\/astehshop.com\/index.php\/wp-json\/wp\/v2\/media?parent=10239"}],"wp:term":[{"taxonomy":"product_cat","embeddable":true,"href":"http:\/\/astehshop.com\/index.php\/wp-json\/wp\/v2\/product_cat?post=10239"},{"taxonomy":"product_tag","embeddable":true,"href":"http:\/\/astehshop.com\/index.php\/wp-json\/wp\/v2\/product_tag?post=10239"}],"curies":[{"name":"wp","href":"https:\/\/api.w.org\/{rel}","templated":true}]}}