{"id":10238,"date":"2025-04-12T14:40:33","date_gmt":"2025-04-12T12:40:33","guid":{"rendered":"http:\/\/astehshop.com\/?post_type=product&#038;p=10238"},"modified":"2026-01-10T14:32:29","modified_gmt":"2026-01-10T13:32:29","slug":"gree-cosmo-economical-gwh24awdxe-k6dna3a-klima-uredaj","status":"publish","type":"product","link":"http:\/\/astehshop.com\/index.php\/product\/gree-cosmo-economical-gwh24awdxe-k6dna3a-klima-uredaj\/","title":{"rendered":"Gree Cosmo Economical GWH24AWDXE-K6DNA3A klima ure\u0111aj"},"content":{"rendered":"<p>ree Cosmo Economical klima ure\u0111aj \u2013 Idealno rje\u0161enje za Va\u0161 dom<\/p>\n<p>Kako se ljeto pribli\u017eava i temperature rastu, potro\u0161a\u010di \u0161irom Bosne i Hercegovine tra\u017ee efikasna i pristupa\u010dna rje\u0161enja za hla\u0111enje svojih domova. Me\u0111u brojnim opcijama na tr\u017ei\u0161tu, Gree Cosmo Economical klima ure\u0111aj isti\u010de se kao jedan od najboljih izbora zahvaljuju\u0107i svojim izvanrednim performansama, naprednim funkcijama i povoljnoj cijeni. Efikasnost hla\u0111enja, energetska efikasnost i napredne funkcije obe\u0107avaju ugodan boravak u Va\u0161em domu uprkost ljetnim temperaturama. Jedna od istaknutih karakteristika Gree Cosmo ure\u0111aja je I-Feel tehnologija, koja koristi dva senzora temperature \u2013 jedan na unutra\u0161njoj jedinici i jedan na daljinskom upravlja\u010du \u2013 kako bi precizno odr\u017eavala \u017eeljenu temperaturu u prostoriji. Turbo mod omogu\u0107ava brzo postizanje \u017eeljene temperature, dok komforni na\u010din spavanja postepeno pove\u0107ava temperaturu tokom no\u0107i, osiguravaju\u0107i udoban san bez osje\u0107aja prekomjerne hladno\u0107e. Gree Cosmo Economical klima ure\u0111aj dolazi sa funkcijom samo\u010di\u0161\u0107enja unutra\u0161nje i vanjske jedinice, koja elimini\u0161e vlagu i sprje\u010dava rast \u0161tetnih mikroorganizama. Ova funkcija osigurava da zrak u va\u0161em domu ostane svje\u017e i zdrav. Redovno samo\u010di\u0161\u0107enje tako\u0111er poma\u017ee u odr\u017eavanju optimalnih performansi i produ\u017eava \u017eivotni vijek ure\u0111aja. Sa tihim na\u010dinom rada u zatvorenom prostoru, Gree Cosmo osigurava mirno okru\u017eenje bez ometanja glasnim radnim zvukovima. Robusna izrada sa sveobuhvatnom za\u0161titom od korozije i rotacionim kompresorom osigurava dugotrajnu pouzdanost i vrhunske performanse. Sa dolaskom vru\u0107ih ljetnih dana, Gree Cosmo Economical predstavlja idealno rje\u0161enje za sve one koji tra\u017ee pouzdan, efikasan i pristupa\u010dan na\u010din hla\u0111enja svog doma.<\/p>\n<p><strong>Tehni\u010dke specifikacije GREE COSMO ECONOMICAL GWH24AWDXE<\/strong><strong>:\u00a0<\/strong><\/p>\n<p>Napajanje: 220-240\/1\/50 V\/Ph\/Hz<br \/>\nOsigura\u010d : 16 A<br \/>\nNominalni kapacitet grijanja Qgr: 6,50 kW<br \/>\nNominalni kapacitet hla\u0111enja Qhl: 6,20 kW<br \/>\nRadni medij:<strong>\u00a0R32<\/strong><br \/>\nUgra\u0111eno\u00a0<strong>Wi-Fi<\/strong>\u00a0upravljanje: Da<br \/>\nApsorbirana snaga \u2013 grijanje (min\/nom\/max): 1,645 kW<br \/>\nApsorbirana snaga \u2013 hla\u0111enje (min\/nom\/max): 1,786 kW<br \/>\nMax du\u017eina cjevovoda: 25 m<br \/>\nMax visinka razlika izme\u0111u vanjske \u2013 unutra\u0161nje jedinice: 10 m<br \/>\nEnergetski razred \u2013 grijanje:<strong> A+<\/strong><br \/>\nEnergetski razred \u2013 hla\u0111enje:\u00a0<strong>A++<\/strong><br \/>\nSCOP: 4.0<br \/>\nSEER: 6,8<br \/>\nGodi\u0161nja potro\u0161nja \u2013 grijanje: 980 kWh\/god<br \/>\nGodi\u0161nja potro\u0161nja \u2013 hla\u0111enje: 184 kWh\/god<br \/>\nU\u010dinak grijanja (min\/nom\/max): 1,3 \u2013 6,50 \u2013 7,91 kW<br \/>\nU\u010dinak hla\u0111enja (min\/nom\/max): 1,8 \u2013 6,20 \u2013 6,9 kW<br \/>\nTemperaturni raspon rada \u2013 grijanje (min \u2013 max): <strong>-15 ~ 24 \u00b0C<\/strong><br \/>\nTemperaturni raspon rada \u2013 hla\u0111enje (min \u2013 max): <strong>-15 ~ 43 \u00b0C<\/strong><\/p>\n<p><strong>Tehni\u010dke specifikacije unutra\u0161nje jedinice:<br \/>\n<\/strong><br \/>\nOznaka unutra\u0161nje jedinice: GWH24AWDXE-K6DNA3A\/I<br \/>\nNivo zvu\u010dne snage unutra\u0161nje jedinice \u2013 grijanje : 41 \u2013 45 \u2013 48 \u2013 52 \u2013 54 \u2013 55 \u2013 65 dB(A)<br \/>\nNivo zvu\u010dne snage unutra\u0161nje jedinice \u2013 hla\u0111enje : 36 \u2013 38 \u2013 42 \u2013 45 \u2013 47 \u2013 49 \u2013 55 dB(A)<br \/>\nNivo zvu\u010dnog pritiska unutra\u0161nje jedinice \u2013 grijanje: 31 \u2013 35 \u2013 38 \u2013 42 \u2013 44 \u2013 45 \u2013 47 dB(A)<br \/>\nNivo zvu\u010dnog pritiska unutra\u0161nje jedinice \u2013 hla\u0111enje : 32 \u2013 36 \u2013 40 \u2013 42 \u2013 44 \u2013 46 \u2013 50 dB(A)<br \/>\nVisina unutra\u0161njejedinice : 333 mm<br \/>\n\u0160irina unutra\u0161nje jedinice : 978 mm<br \/>\nDubina unutra\u0161nje jedinice : 248 mm<br \/>\nMasa unutra\u0161nje jedinice :\u00a0 14.0 kg<\/p>\n<p><strong>Tehni\u010dke specifikacije vanjske jedinice:<\/strong><\/p>\n<p>Oznaka vanjske jedinice : GWH24ATDXE-K6DNA1A\/O<br \/>\nNivo zvu\u010dne snage vanjske jedinice \u2013 grijanje : 69 dB(A)<br \/>\nNivo zvu\u010dne snage vanjske jedinice \u2013 hla\u0111enje : 69 dB(A)<br \/>\nNivo zvu\u010dnog pritiska vanjske jedinice \u2013 grijanje : 59 dB(A)<br \/>\nNivo zvu\u010dnog pritiska vanjske jedinice \u2013 hla\u0111enje : 59 dB(A)<br \/>\nVisina vanjske jedinice : 555 mm<br \/>\n\u0160irina vanjske jedinice : 873 mm<br \/>\nDubina vanjske jedinice : 376 mm<br \/>\nMasa vanjske jedinice :\u00a0 36.5 kg<br \/>\nMe\u0111uveza vanjske i unutra\u0161nje jedinice: PP00 5 x 1,5 mm\u00b2<br \/>\nNapajanje na vanjsku jedinicu: 3 x 1,5 mm\u00b2<br \/>\nPriklju\u010dak cijevi \u2013 plin: 12,70 mm<br \/>\nPriklju\u010dak cijevi \u2013 teku\u0107ina: 6,35 mm<br \/>\nNadopuna plina: 16 g\/m<br \/>\nPrednapunjena du\u017eina cijevi: 5m<\/p>\n<div>\n<div>\n<p>&nbsp;<\/p>\n<div><\/div>\n<div><a href=\"https:\/\/register.deltron.ba\/\">Registruj svoj GREE ure\u0111aj klikom ovdje<\/a><\/div>\n<div><\/div>\n<div>MONTA\u017dA MONO-SPLIT KLIMA URE\u0110AJA jedne unutarnje i jedne vanjske jedinice<\/div>\n<div>Na web shopu TechnoShopBN monta\u017ea nije uklju\u010dena u cijenu klima ure\u0111aja.<br \/>\nOvla\u0161tenu monta\u017eu klima ure\u0111aja obavljamo na podru\u010dju Bijeljine i okoline do 20KM<br \/>\nAko \u017eelite ovla\u0161tenu monta\u017eu dodajte je u korpu i platite zajedno sa klima ure\u0111ajem koji izaberete<br \/>\nNakon pla\u0107anja klima ure\u0111aja i ukoliko \u017eelite monta\u017eu, ostavite nam kontakt podatke kako bi Vas monta\u017eer mogao kontaktirati<br \/>\nGarancija monta\u017eu vrijedi do isteka garancije na klima ure\u0111aj.Standardna monta\u017ea mono-split klima ure\u0111aja podrazumijeva monta\u017eu unutarnje i vanjske jedinice na visini do 5 metara, bez upotrebe skele ili auto dizalice.<br \/>\nKod ve\u0107ih visina dodatno se napla\u0107uju visinski radovi ili se anga\u017euje auto korpa ili postavlja skela koju dodatno pla\u0107a i osigurava kupac.<br \/>\nAko je potrebno demontirati i po potrebi ekolo\u0161ki zbrinuti stari klima ure\u0111aj, demonta\u017ea se dodatno pla\u0107a prema<br \/>\nMolimo Vas da nas prema potrebi kontaktirate za detalje kako bi prije izvo\u0111enja dobili sve informacije o potrebnim radovima i cijeni&nbsp;<\/p>\n<p>U standardnu monta\u017eu klima ure\u0111aja uklju\u010deno je:<\/p>\n<p>Dobava i postavljanje do 3 metra plinskih i elektro instalacija izme\u0111u unutarnje i vanjske jedinice<br \/>\nDobava i postavljanje do 3 metra PVC kanala za postavljanje instalacije izme\u0111u unutarnje i vanjske jedinice \u2013 nadgradno<br \/>\nDobava i postavljanje do 3 metra PVC kanala sa elektri\u010dnim kabelom za napajanje klima ure\u0111aja \u2013 nadgradno<br \/>\nDobava i postavljanje do 3 metra cijevi za odvod vode-kondenzata, slobodnim padom u pripremljeni odvod<br \/>\nDobava i postavljanje 1 par pocin\u010danih nosa\u010da za monta\u017eu vanjske jedinice (ukoliko nosa\u010di ve\u0107 postoje, to ne umanjuje cijenu usluge)<br \/>\nPotro\u0161ni materijal (\u0161arafi, tiplovi, izolacijska traka, vezice, silikon, gips i ostali potrebni materijal za monta\u017eu)<br \/>\n1 probijanje zida fi 55, debljine do 40cm (ukoliko rupa ve\u0107 postoji, to ne umanjuje cijenu usluge)<br \/>\nMonta\u017ea unutarnje i vanjske jedinice<br \/>\nSpajanje plinskih i elektro instalacija na unutarnjoj i vanjskoj jedinici<br \/>\nSpajanje napajanja na postoje\u0107u elektri\u010dnu instalaciju<br \/>\nVakumiranje<br \/>\nPu\u0161tanje u rad<br \/>\nTestiranje rada klime<br \/>\n\u010ci\u0161\u0107enje mijesta rada<br \/>\nOvjera garancije<\/p>\n<p><strong>Ukoliko monta\u017eu obavi osoba ili firma koju anga\u017euje kupac, a koja nije ovla\u0161tena za monta\u017eu klima ure\u0111aja, ista preuzima i odgovornost za eventualne kvarove i neispravnost na ure\u0111aju i monta\u017ei te u tom slu\u010daju Prodavatelj nije odgovoran za nastalu \u0161tetu a kupac gubi garanciju.<\/strong><\/p>\n<\/div>\n<\/div>\n<\/div>\n<form class=\"cart\" action=\"https:\/\/astehshop.com\/index.php\/product\/gree-cosmo-economical-gwh18awdxb-k6dna3a-klima-uredaj\/\" enctype=\"multipart\/form-data\" method=\"post\">\n<div class=\"quantity\">\n<div class=\"wcz-product-pm-btns\">\n<div class=\"wcz-pm-btns\"><\/div>\n<\/div>\n<\/div>\n<\/form>\n<p><label class=\"screen-reader-text\" for=\"quantity_67fa5e486268b\">Gree Cosmo Economical GWH18AWDXB-K6DNA3A klima ure\u0111aj koli\u010dina<\/label> <input id=\"quantity_67fa5e486268b\" class=\"input-text qty text\" title=\"Koli\u010dina\" autocomplete=\"off\" max=\"\" min=\"1\" name=\"quantity\" size=\"4\" step=\"1\" type=\"number\" value=\"1\" placeholder=\"\" \/><\/p>\n","protected":false},"excerpt":{"rendered":"<p>ree Cosmo Economical klima ure\u0111aj \u2013 Idealno rje\u0161enje za Va\u0161 dom<\/p>\n<p>Kako se ljeto pribli\u017eava i temperature rastu, potro\u0161a\u010di \u0161irom Bosne i Hercegovine tra\u017ee efikasna i pristupa\u010dna rje\u0161enja za hla\u0111enje svojih domova. Me\u0111u brojnim opcijama na tr\u017ei\u0161tu, Gree Cosmo Economical klima ure\u0111aj isti\u010de se kao jedan od najboljih izbora zahvaljuju\u0107i svojim izvanrednim performansama, naprednim funkcijama i povoljnoj cijeni. Efikasnost hla\u0111enja, energetska efikasnost i napredne funkcije obe\u0107avaju ugodan boravak u Va\u0161em domu uprkost ljetnim temperaturama. Jedna od istaknutih karakteristika Gree Cosmo ure\u0111aja je I-Feel tehnologija, koja koristi dva senzora temperature \u2013 jedan na unutra\u0161njoj jedinici i jedan na daljinskom upravlja\u010du \u2013 kako bi precizno odr\u017eavala \u017eeljenu temperaturu u prostoriji. Turbo mod omogu\u0107ava brzo postizanje \u017eeljene temperature, dok komforni na\u010din spavanja postepeno pove\u0107ava temperaturu tokom no\u0107i, osiguravaju\u0107i udoban san bez osje\u0107aja prekomjerne hladno\u0107e. Gree Cosmo Economical klima ure\u0111aj dolazi sa funkcijom samo\u010di\u0161\u0107enja unutra\u0161nje i vanjske jedinice, koja elimini\u0161e vlagu i sprje\u010dava rast \u0161tetnih mikroorganizama. Ova funkcija osigurava da zrak u va\u0161em domu ostane svje\u017e i zdrav. Redovno samo\u010di\u0161\u0107enje tako\u0111er poma\u017ee u odr\u017eavanju optimalnih performansi i produ\u017eava \u017eivotni vijek ure\u0111aja. Sa tihim na\u010dinom rada u zatvorenom prostoru, Gree Cosmo osigurava mirno okru\u017eenje bez ometanja glasnim radnim zvukovima. Robusna izrada sa sveobuhvatnom za\u0161titom od korozije i rotacionim kompresorom osigurava dugotrajnu pouzdanost i vrhunske performanse. Sa dolaskom vru\u0107ih ljetnih dana, Gree Cosmo Economical predstavlja idealno rje\u0161enje za sve one koji tra\u017ee pouzdan, efikasan i pristupa\u010dan na\u010din hla\u0111enja svog doma.<\/p>\n<p><strong>Tehni\u010dke specifikacije GREE COSMO ECONOMICAL GWH24AWDXE<\/strong><strong>:\u00a0<\/strong><\/p>\n<p>Napajanje: 220-240\/1\/50 V\/Ph\/Hz<br \/>\nOsigura\u010d : 16 A<br \/>\nNominalni kapacitet grijanja Qgr: 6,50 kW<br \/>\nNominalni kapacitet hla\u0111enja Qhl: 6,20 kW<br \/>\nRadni medij:<strong>\u00a0R32<\/strong><br \/>\nUgra\u0111eno\u00a0<strong>Wi-Fi<\/strong>\u00a0upravljanje: Da<br \/>\nApsorbirana snaga \u2013 grijanje (min\/nom\/max): 1,645 kW<br \/>\nApsorbirana snaga \u2013 hla\u0111enje (min\/nom\/max): 1,786 kW<br \/>\nMax du\u017eina cjevovoda: 25 m<br \/>\nMax visinka razlika izme\u0111u vanjske \u2013 unutra\u0161nje jedinice: 10 m<br \/>\nEnergetski razred \u2013 grijanje:<strong> A+<\/strong><br \/>\nEnergetski razred \u2013 hla\u0111enje:\u00a0<strong>A++<\/strong><br \/>\nSCOP: 4.0<br \/>\nSEER: 6,8<br \/>\nGodi\u0161nja potro\u0161nja \u2013 grijanje: 980 kWh\/god<br \/>\nGodi\u0161nja potro\u0161nja \u2013 hla\u0111enje: 184 kWh\/god<br \/>\nU\u010dinak grijanja (min\/nom\/max): 1,3 \u2013 6,50 \u2013 7,91 kW<br \/>\nU\u010dinak hla\u0111enja (min\/nom\/max): 1,8 \u2013 6,20 \u2013 6,9 kW<br \/>\nTemperaturni raspon rada \u2013 grijanje (min \u2013 max): <strong>-15 ~ 24 \u00b0C<\/strong><br \/>\nTemperaturni raspon rada \u2013 hla\u0111enje (min \u2013 max): <strong>-15 ~ 43 \u00b0C<\/strong><\/p>\n<p><strong>Tehni\u010dke specifikacije unutra\u0161nje jedinice:<br \/>\n<\/strong><br \/>\nOznaka unutra\u0161nje jedinice: GWH24AWDXE-K6DNA3A\/I<br \/>\nNivo zvu\u010dne snage unutra\u0161nje jedinice \u2013 grijanje : 41 \u2013 45 \u2013 48 \u2013 52 \u2013 54 \u2013 55 \u2013 65 dB(A)<br \/>\nNivo zvu\u010dne snage unutra\u0161nje jedinice \u2013 hla\u0111enje : 36 \u2013 38 \u2013 42 \u2013 45 \u2013 47 \u2013 49 \u2013 55 dB(A)<br \/>\nNivo zvu\u010dnog pritiska unutra\u0161nje jedinice \u2013 grijanje: 31 \u2013 35 \u2013 38 \u2013 42 \u2013 44 \u2013 45 \u2013 47 dB(A)<br \/>\nNivo zvu\u010dnog pritiska unutra\u0161nje jedinice \u2013 hla\u0111enje : 32 \u2013 36 \u2013 40 \u2013 42 \u2013 44 \u2013 46 \u2013 50 dB(A)<br \/>\nVisina unutra\u0161njejedinice : 333 mm<br \/>\n\u0160irina unutra\u0161nje jedinice : 978 mm<br \/>\nDubina unutra\u0161nje jedinice : 248 mm<br \/>\nMasa unutra\u0161nje jedinice :\u00a0 14.0 kg<\/p>\n<p><strong>Tehni\u010dke specifikacije vanjske jedinice:<\/strong><\/p>\n<p>Oznaka vanjske jedinice : GWH24ATDXE-K6DNA1A\/O<br \/>\nNivo zvu\u010dne snage vanjske jedinice \u2013 grijanje : 69 dB(A)<br \/>\nNivo zvu\u010dne snage vanjske jedinice \u2013 hla\u0111enje : 69 dB(A)<br \/>\nNivo zvu\u010dnog pritiska vanjske jedinice \u2013 grijanje : 59 dB(A)<br \/>\nNivo zvu\u010dnog pritiska vanjske jedinice \u2013 hla\u0111enje : 59 dB(A)<br \/>\nVisina vanjske jedinice : 555 mm<br \/>\n\u0160irina vanjske jedinice : 873 mm<br \/>\nDubina vanjske jedinice : 376 mm<br \/>\nMasa vanjske jedinice :\u00a0 36.5 kg<br \/>\nMe\u0111uveza vanjske i unutra\u0161nje jedinice: PP00 5 x 1,5 mm\u00b2<br \/>\nNapajanje na vanjsku jedinicu: 3 x 1,5 mm\u00b2<br \/>\nPriklju\u010dak cijevi \u2013 plin: 12,70 mm<br \/>\nPriklju\u010dak cijevi \u2013 teku\u0107ina: 6,35 mm<br \/>\nNadopuna plina: 16 g\/m<br \/>\nPrednapunjena du\u017eina cijevi: 5m<\/p>\n<div>\n<div>\n<p>&nbsp;<\/p>\n<div><\/div>\n<div><a href=\"https:\/\/register.deltron.ba\/\">Registruj svoj GREE ure\u0111aj klikom ovdje<\/a><\/div>\n<div><\/div>\n<div>MONTA\u017dA MONO-SPLIT KLIMA URE\u0110AJA jedne unutarnje i jedne vanjske jedinice<\/div>\n<div>Na web shopu TechnoShopBN monta\u017ea nije uklju\u010dena u cijenu klima ure\u0111aja.<br \/>\nOvla\u0161tenu monta\u017eu klima ure\u0111aja obavljamo na podru\u010dju Bijeljine i okoline do 20KM<br \/>\nAko \u017eelite ovla\u0161tenu monta\u017eu dodajte je u korpu i platite zajedno sa klima ure\u0111ajem koji izaberete<br \/>\nNakon pla\u0107anja klima ure\u0111aja i ukoliko \u017eelite monta\u017eu, ostavite nam kontakt podatke kako bi Vas monta\u017eer mogao kontaktirati<br \/>\nGarancija monta\u017eu vrijedi do isteka garancije na klima ure\u0111aj.Standardna monta\u017ea mono-split klima ure\u0111aja podrazumijeva monta\u017eu unutarnje i vanjske jedinice na visini do 5 metara, bez upotrebe skele ili auto dizalice.<br \/>\nKod ve\u0107ih visina dodatno se napla\u0107uju visinski radovi ili se anga\u017euje auto korpa ili postavlja skela koju dodatno pla\u0107a i osigurava kupac.<br \/>\nAko je potrebno demontirati i po potrebi ekolo\u0161ki zbrinuti stari klima ure\u0111aj, demonta\u017ea se dodatno pla\u0107a prema<br \/>\nMolimo Vas da nas prema potrebi kontaktirate za detalje kako bi prije izvo\u0111enja dobili sve informacije o potrebnim radovima i cijeni&nbsp;<\/p>\n<p>U standardnu monta\u017eu klima ure\u0111aja uklju\u010deno je:<\/p>\n<p>Dobava i postavljanje do 3 metra plinskih i elektro instalacija izme\u0111u unutarnje i vanjske jedinice<br \/>\nDobava i postavljanje do 3 metra PVC kanala za postavljanje instalacije izme\u0111u unutarnje i vanjske jedinice \u2013 nadgradno<br \/>\nDobava i postavljanje do 3 metra PVC kanala sa elektri\u010dnim kabelom za napajanje klima ure\u0111aja \u2013 nadgradno<br \/>\nDobava i postavljanje do 3 metra cijevi za odvod vode-kondenzata, slobodnim padom u pripremljeni odvod<br \/>\nDobava i postavljanje 1 par pocin\u010danih nosa\u010da za monta\u017eu vanjske jedinice (ukoliko nosa\u010di ve\u0107 postoje, to ne umanjuje cijenu usluge)<br \/>\nPotro\u0161ni materijal (\u0161arafi, tiplovi, izolacijska traka, vezice, silikon, gips i ostali potrebni materijal za monta\u017eu)<br \/>\n1 probijanje zida fi 55, debljine do 40cm (ukoliko rupa ve\u0107 postoji, to ne umanjuje cijenu usluge)<br \/>\nMonta\u017ea unutarnje i vanjske jedinice<br \/>\nSpajanje plinskih i elektro instalacija na unutarnjoj i vanjskoj jedinici<br \/>\nSpajanje napajanja na postoje\u0107u elektri\u010dnu instalaciju<br \/>\nVakumiranje<br \/>\nPu\u0161tanje u rad<br \/>\nTestiranje rada klime<br \/>\n\u010ci\u0161\u0107enje mijesta rada<br \/>\nOvjera garancije<\/p>\n<p><strong>Ukoliko monta\u017eu obavi osoba ili firma koju anga\u017euje kupac, a koja nije ovla\u0161tena za monta\u017eu klima ure\u0111aja, ista preuzima i odgovornost za eventualne kvarove i neispravnost na ure\u0111aju i monta\u017ei te u tom slu\u010daju Prodavatelj nije odgovoran za nastalu \u0161tetu a kupac gubi garanciju.<\/strong><\/p>\n<\/div>\n<\/div>\n<\/div>\n<form class=\"cart\" action=\"https:\/\/astehshop.com\/index.php\/product\/gree-cosmo-economical-gwh18awdxb-k6dna3a-klima-uredaj\/\" enctype=\"multipart\/form-data\" method=\"post\">\n<div class=\"quantity\">\n<div class=\"wcz-product-pm-btns\">\n<div class=\"wcz-pm-btns\"><\/div>\n<\/div>\n<\/div>\n<\/form>\n<p><label class=\"screen-reader-text\" for=\"quantity_67fa5e486268b\">Gree Cosmo Economical GWH18AWDXB-K6DNA3A klima ure\u0111aj koli\u010dina<\/label> <input id=\"quantity_67fa5e486268b\" class=\"input-text qty text\" title=\"Koli\u010dina\" autocomplete=\"off\" max=\"\" min=\"1\" name=\"quantity\" size=\"4\" step=\"1\" type=\"number\" value=\"1\" placeholder=\"\" \/><\/p>\n","protected":false},"featured_media":10235,"comment_status":"open","ping_status":"closed","template":"","meta":{"_mi_skip_tracking":false,"_exactmetrics_sitenote_active":false,"_exactmetrics_sitenote_note":"","_exactmetrics_sitenote_category":0,"spay_email":""},"product_cat":[2458],"product_tag":[7922,7923,7743,7924,7717,7921,7934,1620,7940,7932,7935,7931,7939,7933,7937,7938,7936,2468,7930,7925,7929,7926,7928,7927,7793],"brands":[{"id":7715,"name":"gree","slug":"gree"}],"df_price":2005,"df_sale_price":"","df_regular_price":2005,"df_image_link":"https:\/\/i2.wp.com\/astehshop.com\/wp-content\/uploads\/2025\/04\/Cosmo-Economical.webp?fit=450%2C450","jetpack_publicize_connections":[],"jetpack_sharing_enabled":true,"jetpack_likes_enabled":true,"jetpack-related-posts":[{"id":10230,"url":"http:\/\/astehshop.com\/index.php\/product\/gree-cosmo-regular-klima-uredaj-gwh18awdxd-k6dna1a\/","url_meta":{"origin":10238,"position":0},"title":"Gree Cosmo Regular Klima Ure\u0111aj GWH18AWDXD-K6DNA1A","date":"12. travnja 2025.","format":false,"excerpt":"U\u010dinak hla\u0111enja: 5,3kW (1 - 6,4) kW U\u010dinak grijanja: 5,6kW (1,2 - 6,8) kW Freon : R32 Grije do -25\u00b0C vanjske temperature! Preporuka za primarno grijanje na vrlo niskim vanjskim temperaturama! Prikladno za prostor do 50m2 Energetska klasa: A++ Wi-Fi upravljanje je uklju\u010deno u cijenu Garancija : 5 godina (3\u2026","rel":"","context":"Srodne objave","img":{"alt_text":"","src":"https:\/\/i1.wp.com\/astehshop.com\/wp-content\/uploads\/2025\/04\/cosmo-regular.png?fit=580%2C584&resize=350%2C200","width":350,"height":200},"classes":[]},{"id":10249,"url":"http:\/\/astehshop.com\/index.php\/product\/gree-mona-gph12ao-k5nna1d-prijenosna-klima\/","url_meta":{"origin":10238,"position":1},"title":"Gree Mona GPH12AO-K5NNA1D  prijenosna klima","date":"12. travnja 2025.","format":false,"excerpt":"Udobnost i prakti\u010dnost su klju\u010dni aspekti suvremenog \u017eivota, a GREE Mona GPH12AO-K5NNA1D (WiFi) prijenosni klima ure\u0111aj predstavlja savr\u0161eno rje\u0161enje za odr\u017eavanje \u017eeljene temperature u va\u0161em domu ili uredu. Ovaj inovativni ure\u0111aj nudi \u0161irok spektar mogu\u0107nosti, pru\u017eaju\u0107i vam potpunu kontrolu nad klimatizacijom prostora. Jedna od izvanrednih karakteristika GREE Mona klima ure\u0111aja\u2026","rel":"","context":"Srodne objave","img":{"alt_text":"","src":"https:\/\/i2.wp.com\/astehshop.com\/wp-content\/uploads\/2025\/04\/Prijenosna-klima-uredaj-GREE-Mona-GPH12AN-1-1.png?fit=990%2C1010&resize=350%2C200","width":350,"height":200},"classes":[]},{"id":10236,"url":"http:\/\/astehshop.com\/index.php\/product\/gree-cosmo-economical-klima-uredaj-gwh12awbxb-k6dna1d\/","url_meta":{"origin":10238,"position":2},"title":"Gree Cosmo Economical klima ure\u0111aj GWH12AWBXB-K6DNA1D","date":"12. travnja 2025.","format":false,"excerpt":"GREE klima ure\u0111aj GWH12AWBXB COSMO ECONOMICAL | Namjena za prostor od: 26 do 35 m2 | Rashladno sredstvo: R32 | Tip klime: Inverter | Energetska hla\u0111enja: A++ | Energetska grijanja: A+ | WiFi: Da \u00a0 Jedinice su opremljene vertikalnim i horizontalnim krilcima. \u2022 Maksimalna udobnost \u2013 prilagodba distribucije zraka prema\u2026","rel":"","context":"Srodne objave","img":{"alt_text":"","src":"https:\/\/i2.wp.com\/astehshop.com\/wp-content\/uploads\/2025\/04\/Cosmo-Economical.webp?fit=900%2C900&resize=350%2C200","width":350,"height":200},"classes":[]},{"id":10110,"url":"http:\/\/astehshop.com\/index.php\/product\/gree-cosmo-regular-gwh09awcxb-k6dna1g\/","url_meta":{"origin":10238,"position":3},"title":"Gree Cosmo Regular GWH09AWCXB-K6DNA1G","date":"30. o\u017eujka 2025.","format":false,"excerpt":"GREE inverter klima ure\u0111aj GWH09AWCXB COSMO Regular 9-ka \u2013 ure\u0111aj kapaciteta 9000 BTU, sa ugra\u0111enim WiFi modulom. Izvrstan model koji vas ne\u0107e iznevjeriti u svim vremenskim ekstremima, bilo rije\u010d o hla\u0111enju ili grijanju. Visoku udobnost prostora osigurava izuzetno tihi rad, Cold plasma ionizator koji \u0107e ukloniti \u010dak 90 % bakterija\u2026","rel":"","context":"Srodne objave","img":{"alt_text":"","src":"https:\/\/i0.wp.com\/astehshop.com\/wp-content\/uploads\/2025\/03\/cosmo-re-600x600-1.png?fit=600%2C600&resize=350%2C200","width":350,"height":200},"classes":[]},{"id":10108,"url":"http:\/\/astehshop.com\/index.php\/product\/gree-klima-uredaj-airy-gwh18avdxe-k6dna1a\/","url_meta":{"origin":10238,"position":4},"title":"Gree klima ure\u0111aj Airy GWH18AVDXE-K6DNA1A","date":"30. o\u017eujka 2025.","format":false,"excerpt":"Revolucija u klimatizaciji: Gree Airy donosi prije svega eleganciju i efikasnost. Klimatizacijski ure\u0111aj Gree Airy predstavlja inovativni korak naprijed u dizajnu i tehnologiji klimatizacije. Sa elegantnim dizajnom i zatvorenim izlazom zraka otpornim na pra\u0161inu, ovaj ure\u0111aj ne samo da izgleda moderno, ve\u0107 osigurava i dugotrajnu \u010disto\u0107u. Superiorna tehnologija odmrzavanja Airy\u2026","rel":"","context":"Srodne objave","img":{"alt_text":"","src":"https:\/\/i2.wp.com\/astehshop.com\/wp-content\/uploads\/2025\/03\/gree-19-airy.png?fit=808%2C698&resize=350%2C200","width":350,"height":200},"classes":[]},{"id":10237,"url":"http:\/\/astehshop.com\/index.php\/product\/gree-cosmo-economical-gwh18awdxb-k6dna3a-klima-uredaj\/","url_meta":{"origin":10238,"position":5},"title":"Gree Cosmo Economical GWH18AWDXB-K6DNA3A klima ure\u0111aj","date":"12. travnja 2025.","format":false,"excerpt":"Zidna unutarnja i vanjska jedinica U\u010dinak hla\u0111enja: 4,6kW (1 - 5,4) kW U\u010dinak grijanja: 5,2kW (0,75 - 5,8) kW Prikladno za prostor: 40m2 Energetska klasa: A++ Wi-Fi upravljanje je uklju\u010deno u cijenu Garancija : 5 godina (3 god. osnovno + 2 god. uz registraciju) Jedinica Cosmo Economical je opremljena izmjenjiva\u010dem\u2026","rel":"","context":"Srodne objave","img":{"alt_text":"","src":"https:\/\/i2.wp.com\/astehshop.com\/wp-content\/uploads\/2025\/04\/Cosmo-Economical.webp?fit=900%2C900&resize=350%2C200","width":350,"height":200},"classes":[]}],"_links":{"self":[{"href":"http:\/\/astehshop.com\/index.php\/wp-json\/wp\/v2\/product\/10238"}],"collection":[{"href":"http:\/\/astehshop.com\/index.php\/wp-json\/wp\/v2\/product"}],"about":[{"href":"http:\/\/astehshop.com\/index.php\/wp-json\/wp\/v2\/types\/product"}],"replies":[{"embeddable":true,"href":"http:\/\/astehshop.com\/index.php\/wp-json\/wp\/v2\/comments?post=10238"}],"wp:featuredmedia":[{"embeddable":true,"href":"http:\/\/astehshop.com\/index.php\/wp-json\/wp\/v2\/media\/10235"}],"wp:attachment":[{"href":"http:\/\/astehshop.com\/index.php\/wp-json\/wp\/v2\/media?parent=10238"}],"wp:term":[{"taxonomy":"product_cat","embeddable":true,"href":"http:\/\/astehshop.com\/index.php\/wp-json\/wp\/v2\/product_cat?post=10238"},{"taxonomy":"product_tag","embeddable":true,"href":"http:\/\/astehshop.com\/index.php\/wp-json\/wp\/v2\/product_tag?post=10238"}],"curies":[{"name":"wp","href":"https:\/\/api.w.org\/{rel}","templated":true}]}}