{"id":10236,"date":"2025-04-12T14:31:13","date_gmt":"2025-04-12T12:31:13","guid":{"rendered":"http:\/\/astehshop.com\/?post_type=product&#038;p=10236"},"modified":"2026-01-10T14:32:31","modified_gmt":"2026-01-10T13:32:31","slug":"gree-cosmo-economical-klima-uredaj-gwh12awbxb-k6dna1d","status":"publish","type":"product","link":"http:\/\/astehshop.com\/index.php\/product\/gree-cosmo-economical-klima-uredaj-gwh12awbxb-k6dna1d\/","title":{"rendered":"Gree Cosmo Economical klima ure\u0111aj GWH12AWBXB-K6DNA1D"},"content":{"rendered":"<p>GREE klima ure\u0111aj GWH12AWBXB COSMO ECONOMICAL |<br \/>\nNamjena za prostor od: 26 do 35 m2 |<br \/>\nRashladno sredstvo: R32 |<br \/>\nTip klime: Inverter |<br \/>\nEnergetska hla\u0111enja: A++ |<br \/>\nEnergetska grijanja: A+ |<br \/>\nWiFi: Da<\/p>\n<p>&nbsp;<\/p>\n<h3>Jedinice su opremljene vertikalnim i horizontalnim krilcima.<\/h3>\n<p>\u2022 Maksimalna udobnost \u2013 prilagodba distribucije zraka prema preferencijama korisnika<br \/>\n\u2022 Ravnomjerna i konzistentna raspodjela temperature<br \/>\n\u2022 Pobolj\u0161ana u\u010dinkovitost<\/p>\n<h3>Funkcija samo\u010di\u0161\u0107enja<\/h3>\n<p>Inovativna tehnologija samo\u010di\u0161\u0107enja ispariva\u010da kroz proces od 4 koraka omogu\u0107ava uklanjanje prljav\u0161tine i sprje\u010dava \u0161irenje neugodnih mirisa iz jedinice.<\/p>\n<p>1. Kondezacija vlage iz zraka<br \/>\n2. Smrzavanje izmjenjiva\u010da i vezivanje ne\u010disto\u0107a izme\u0111u rebara<br \/>\n3. Odmrzavanje izmjenjiva\u010da, uklanjanje vlage i ne\u010disto\u0107a u posudu za odvod kondenzata te temperaturna dezinfekcija<br \/>\n4. Su\u0161enje izmjenjiva\u010da<\/p>\n<h3>Cold Plasma sustav filtracije<\/h3>\n<p>Princip rada Cold Plasma sustava filtracije jedinica Cosmo serije:<\/p>\n<p>1. Kada zrak u\u0111e u unutarnju jedinicu pokre\u0107e se proces stvaranja pozitivnih i negativnih iona koji se otpu\u0161taju u zrak okru\u017eeni molekulama vode<br \/>\n2. Ioni prianjaju na stijenke bakterija, virusa, molekula alergena i plijesni iz zraka te razbijaju njihove za\u0161titne membrane, razgra\u0111uju proteine i potpuno uni\u0161tavaju njihove stani\u010dne strukture<br \/>\n3. Ekstrahirani atomi vodika reagiraju s hidroksilnim radikalima stvaraju\u0107i molekule vode koja se ispu\u0161ta u zrak<br \/>\nStopa sterilizacije do 93% po satu!<\/p>\n<p>&nbsp;<\/p>\n<div><\/div>\n<div><a href=\"https:\/\/register.deltron.ba\/\">Registruj svoj GREE ure\u0111aj klikom ovdje<\/a><\/div>\n<div><\/div>\n<div>MONTA\u017dA MONO-SPLIT KLIMA URE\u0110AJA jedne unutarnje i jedne vanjske jedinice<\/div>\n<div>Na web shopu TechnoShopBN monta\u017ea nije uklju\u010dena u cijenu klima ure\u0111aja.<br \/>\nOvla\u0161tenu monta\u017eu klima ure\u0111aja obavljamo na podru\u010dju Bijeljine i okoline do 20KM<br \/>\nAko \u017eelite ovla\u0161tenu monta\u017eu dodajte je u korpu i platite zajedno sa klima ure\u0111ajem koji izaberete<br \/>\nNakon pla\u0107anja klima ure\u0111aja i ukoliko \u017eelite monta\u017eu, ostavite nam kontakt podatke kako bi Vas monta\u017eer mogao kontaktirati<br \/>\nGarancija monta\u017eu vrijedi do isteka garancije na klima ure\u0111aj.Standardna monta\u017ea mono-split klima ure\u0111aja podrazumijeva monta\u017eu unutarnje i vanjske jedinice na visini do 5 metara, bez upotrebe skele ili auto dizalice.<br \/>\nKod ve\u0107ih visina dodatno se napla\u0107uju visinski radovi ili se anga\u017euje auto korpa ili postavlja skela koju dodatno pla\u0107a i osigurava kupac.<br \/>\nAko je potrebno demontirati i po potrebi ekolo\u0161ki zbrinuti stari klima ure\u0111aj, demonta\u017ea se dodatno pla\u0107a prema<br \/>\nMolimo Vas da nas prema potrebi kontaktirate za detalje kako bi prije izvo\u0111enja dobili sve informacije o potrebnim radovima i cijenihttps:\/\/www.youtube.com\/watch?v=_b35LB9MQMA&nbsp;<\/p>\n<p>U standardnu monta\u017eu klima ure\u0111aja uklju\u010deno je:<\/p>\n<p>Dobava i postavljanje do 3 metra plinskih i elektro instalacija izme\u0111u unutarnje i vanjske jedinice<br \/>\nDobava i postavljanje do 3 metra PVC kanala za postavljanje instalacije izme\u0111u unutarnje i vanjske jedinice \u2013 nadgradno<br \/>\nDobava i postavljanje do 3 metra PVC kanala sa elektri\u010dnim kabelom za napajanje klima ure\u0111aja \u2013 nadgradno<br \/>\nDobava i postavljanje do 3 metra cijevi za odvod vode-kondenzata, slobodnim padom u pripremljeni odvod<br \/>\nDobava i postavljanje 1 par pocin\u010danih nosa\u010da za monta\u017eu vanjske jedinice (ukoliko nosa\u010di ve\u0107 postoje, to ne umanjuje cijenu usluge)<br \/>\nPotro\u0161ni materijal (\u0161arafi, tiplovi, izolacijska traka, vezice, silikon, gips i ostali potrebni materijal za monta\u017eu)<br \/>\n1 probijanje zida fi 55, debljine do 40cm (ukoliko rupa ve\u0107 postoji, to ne umanjuje cijenu usluge)<br \/>\nMonta\u017ea unutarnje i vanjske jedinice<br \/>\nSpajanje plinskih i elektro instalacija na unutarnjoj i vanjskoj jedinici<br \/>\nSpajanje napajanja na postoje\u0107u elektri\u010dnu instalaciju<br \/>\nVakumiranje<br \/>\nPu\u0161tanje u rad<br \/>\nTestiranje rada klime<br \/>\n\u010ci\u0161\u0107enje mijesta rada<br \/>\nOvjera garancije<\/p>\n<p><strong>Ukoliko monta\u017eu obavi osoba ili firma koju anga\u017euje kupac, a koja nije ovla\u0161tena za monta\u017eu klima ure\u0111aja, ista preuzima i odgovornost za eventualne kvarove i neispravnost na ure\u0111aju i monta\u017ei te u tom slu\u010daju Prodavatelj nije odgovoran za nastalu \u0161tetu a kupac gubi garanciju.<\/strong><\/p>\n<\/div>\n","protected":false},"excerpt":{"rendered":"<p>GREE klima ure\u0111aj GWH12AWBXB COSMO ECONOMICAL |<br \/>\nNamjena za prostor od: 26 do 35 m2 |<br \/>\nRashladno sredstvo: R32 |<br \/>\nTip klime: Inverter |<br \/>\nEnergetska hla\u0111enja: A++ |<br \/>\nEnergetska grijanja: A+ |<br \/>\nWiFi: Da<\/p>\n<p>&nbsp;<\/p>\n<h3>Jedinice su opremljene vertikalnim i horizontalnim krilcima.<\/h3>\n<p>\u2022 Maksimalna udobnost \u2013 prilagodba distribucije zraka prema preferencijama korisnika<br \/>\n\u2022 Ravnomjerna i konzistentna raspodjela temperature<br \/>\n\u2022 Pobolj\u0161ana u\u010dinkovitost<\/p>\n<h3>Funkcija samo\u010di\u0161\u0107enja<\/h3>\n<p>Inovativna tehnologija samo\u010di\u0161\u0107enja ispariva\u010da kroz proces od 4 koraka omogu\u0107ava uklanjanje prljav\u0161tine i sprje\u010dava \u0161irenje neugodnih mirisa iz jedinice.<\/p>\n<p>1. Kondezacija vlage iz zraka<br \/>\n2. Smrzavanje izmjenjiva\u010da i vezivanje ne\u010disto\u0107a izme\u0111u rebara<br \/>\n3. Odmrzavanje izmjenjiva\u010da, uklanjanje vlage i ne\u010disto\u0107a u posudu za odvod kondenzata te temperaturna dezinfekcija<br \/>\n4. Su\u0161enje izmjenjiva\u010da<\/p>\n<h3>Cold Plasma sustav filtracije<\/h3>\n<p>Princip rada Cold Plasma sustava filtracije jedinica Cosmo serije:<\/p>\n<p>1. Kada zrak u\u0111e u unutarnju jedinicu pokre\u0107e se proces stvaranja pozitivnih i negativnih iona koji se otpu\u0161taju u zrak okru\u017eeni molekulama vode<br \/>\n2. Ioni prianjaju na stijenke bakterija, virusa, molekula alergena i plijesni iz zraka te razbijaju njihove za\u0161titne membrane, razgra\u0111uju proteine i potpuno uni\u0161tavaju njihove stani\u010dne strukture<br \/>\n3. Ekstrahirani atomi vodika reagiraju s hidroksilnim radikalima stvaraju\u0107i molekule vode koja se ispu\u0161ta u zrak<br \/>\nStopa sterilizacije do 93% po satu!<\/p>\n<p>&nbsp;<\/p>\n<div><\/div>\n<div><a href=\"https:\/\/register.deltron.ba\/\">Registruj svoj GREE ure\u0111aj klikom ovdje<\/a><\/div>\n<div><\/div>\n<div>MONTA\u017dA MONO-SPLIT KLIMA URE\u0110AJA jedne unutarnje i jedne vanjske jedinice<\/div>\n<div>Na web shopu TechnoShopBN monta\u017ea nije uklju\u010dena u cijenu klima ure\u0111aja.<br \/>\nOvla\u0161tenu monta\u017eu klima ure\u0111aja obavljamo na podru\u010dju Bijeljine i okoline do 20KM<br \/>\nAko \u017eelite ovla\u0161tenu monta\u017eu dodajte je u korpu i platite zajedno sa klima ure\u0111ajem koji izaberete<br \/>\nNakon pla\u0107anja klima ure\u0111aja i ukoliko \u017eelite monta\u017eu, ostavite nam kontakt podatke kako bi Vas monta\u017eer mogao kontaktirati<br \/>\nGarancija monta\u017eu vrijedi do isteka garancije na klima ure\u0111aj.Standardna monta\u017ea mono-split klima ure\u0111aja podrazumijeva monta\u017eu unutarnje i vanjske jedinice na visini do 5 metara, bez upotrebe skele ili auto dizalice.<br \/>\nKod ve\u0107ih visina dodatno se napla\u0107uju visinski radovi ili se anga\u017euje auto korpa ili postavlja skela koju dodatno pla\u0107a i osigurava kupac.<br \/>\nAko je potrebno demontirati i po potrebi ekolo\u0161ki zbrinuti stari klima ure\u0111aj, demonta\u017ea se dodatno pla\u0107a prema<br \/>\nMolimo Vas da nas prema potrebi kontaktirate za detalje kako bi prije izvo\u0111enja dobili sve informacije o potrebnim radovima i cijenihttps:\/\/www.youtube.com\/watch?v=_b35LB9MQMA&nbsp;<\/p>\n<p>U standardnu monta\u017eu klima ure\u0111aja uklju\u010deno je:<\/p>\n<p>Dobava i postavljanje do 3 metra plinskih i elektro instalacija izme\u0111u unutarnje i vanjske jedinice<br \/>\nDobava i postavljanje do 3 metra PVC kanala za postavljanje instalacije izme\u0111u unutarnje i vanjske jedinice \u2013 nadgradno<br \/>\nDobava i postavljanje do 3 metra PVC kanala sa elektri\u010dnim kabelom za napajanje klima ure\u0111aja \u2013 nadgradno<br \/>\nDobava i postavljanje do 3 metra cijevi za odvod vode-kondenzata, slobodnim padom u pripremljeni odvod<br \/>\nDobava i postavljanje 1 par pocin\u010danih nosa\u010da za monta\u017eu vanjske jedinice (ukoliko nosa\u010di ve\u0107 postoje, to ne umanjuje cijenu usluge)<br \/>\nPotro\u0161ni materijal (\u0161arafi, tiplovi, izolacijska traka, vezice, silikon, gips i ostali potrebni materijal za monta\u017eu)<br \/>\n1 probijanje zida fi 55, debljine do 40cm (ukoliko rupa ve\u0107 postoji, to ne umanjuje cijenu usluge)<br \/>\nMonta\u017ea unutarnje i vanjske jedinice<br \/>\nSpajanje plinskih i elektro instalacija na unutarnjoj i vanjskoj jedinici<br \/>\nSpajanje napajanja na postoje\u0107u elektri\u010dnu instalaciju<br \/>\nVakumiranje<br \/>\nPu\u0161tanje u rad<br \/>\nTestiranje rada klime<br \/>\n\u010ci\u0161\u0107enje mijesta rada<br \/>\nOvjera garancije<\/p>\n<p><strong>Ukoliko monta\u017eu obavi osoba ili firma koju anga\u017euje kupac, a koja nije ovla\u0161tena za monta\u017eu klima ure\u0111aja, ista preuzima i odgovornost za eventualne kvarove i neispravnost na ure\u0111aju i monta\u017ei te u tom slu\u010daju Prodavatelj nije odgovoran za nastalu \u0161tetu a kupac gubi garanciju.<\/strong><\/p>\n<\/div>\n","protected":false},"featured_media":10235,"comment_status":"open","ping_status":"closed","template":"","meta":{"_mi_skip_tracking":false,"_exactmetrics_sitenote_active":false,"_exactmetrics_sitenote_note":"","_exactmetrics_sitenote_category":0,"spay_email":""},"product_cat":[2458],"product_tag":[7908,7912,5688,7914,7057,2462,7913],"brands":[{"id":7715,"name":"gree","slug":"gree"}],"df_price":1035,"df_sale_price":"","df_regular_price":1035,"df_image_link":"https:\/\/i2.wp.com\/astehshop.com\/wp-content\/uploads\/2025\/04\/Cosmo-Economical.webp?fit=450%2C450","jetpack_publicize_connections":[],"jetpack_sharing_enabled":true,"jetpack_likes_enabled":true,"jetpack-related-posts":[{"id":10227,"url":"http:\/\/astehshop.com\/index.php\/product\/gree-comso-regular-gwh12awcxd-k6dna\/","url_meta":{"origin":10236,"position":0},"title":"Gree Comso Regular GWH12AWCXD-K6DNA","date":"12. travnja 2025.","format":false,"excerpt":"GREE klima ure\u0111aj GWH12AWCXD COSMO REGULAR | Namjena za prostor od: 26 do 35 m2 | Rashladno sredstvo: R32 | Tip klime: Inverter | Energetska hla\u0111enja: A++ | Energetska grijanja: A+ | Grija\u010d vanjske jedinice | WiFi: Da Grija\u010d vanjske jedinice! Jedinice su opremljene vertikalnim i horizontalnim krilcima. \u2022 Maksimalna\u2026","rel":"","context":"Srodne objave","img":{"alt_text":"","src":"https:\/\/i1.wp.com\/astehshop.com\/wp-content\/uploads\/2025\/04\/cosmo-regular.png?fit=580%2C584&resize=350%2C200","width":350,"height":200},"classes":[]},{"id":10232,"url":"http:\/\/astehshop.com\/index.php\/product\/gree-cosmo-regular-klima-uredaj-gwh24awexf-k6dna1a\/","url_meta":{"origin":10236,"position":1},"title":"Gree Cosmo Regular klima ure\u0111aj GWH24AWEXF-K6DNA1A","date":"12. travnja 2025.","format":false,"excerpt":"GREE klima ure\u0111aj GWH24AWEXF COSMO REGULAR | Namjena za prostor od: 51 do 75 m2 | Rashladno sredstvo: R32 | Tip klime: Inverter | Energetska hla\u0111enja: A++ | Energetska grijanja: A+ | Grija\u010d vanjske jedinice | WiFi: Da Grija\u010d vanjske jedinice! Jedinice su opremljene vertikalnim i horizontalnim krilcima. \u2022 Maksimalna\u2026","rel":"","context":"Srodne objave","img":{"alt_text":"","src":"https:\/\/i1.wp.com\/astehshop.com\/wp-content\/uploads\/2025\/04\/cosmo-regular.png?fit=580%2C584&resize=350%2C200","width":350,"height":200},"classes":[]},{"id":10230,"url":"http:\/\/astehshop.com\/index.php\/product\/gree-cosmo-regular-klima-uredaj-gwh18awdxd-k6dna1a\/","url_meta":{"origin":10236,"position":2},"title":"Gree Cosmo Regular Klima Ure\u0111aj GWH18AWDXD-K6DNA1A","date":"12. travnja 2025.","format":false,"excerpt":"U\u010dinak hla\u0111enja: 5,3kW (1 - 6,4) kW U\u010dinak grijanja: 5,6kW (1,2 - 6,8) kW Freon : R32 Grije do -25\u00b0C vanjske temperature! Preporuka za primarno grijanje na vrlo niskim vanjskim temperaturama! Prikladno za prostor do 50m2 Energetska klasa: A++ Wi-Fi upravljanje je uklju\u010deno u cijenu Garancija : 5 godina (3\u2026","rel":"","context":"Srodne objave","img":{"alt_text":"","src":"https:\/\/i1.wp.com\/astehshop.com\/wp-content\/uploads\/2025\/04\/cosmo-regular.png?fit=580%2C584&resize=350%2C200","width":350,"height":200},"classes":[]},{"id":10238,"url":"http:\/\/astehshop.com\/index.php\/product\/gree-cosmo-economical-gwh24awdxe-k6dna3a-klima-uredaj\/","url_meta":{"origin":10236,"position":3},"title":"Gree Cosmo Economical GWH24AWDXE-K6DNA3A klima ure\u0111aj","date":"12. travnja 2025.","format":false,"excerpt":"ree Cosmo Economical klima ure\u0111aj \u2013 Idealno rje\u0161enje za Va\u0161 dom Kako se ljeto pribli\u017eava i temperature rastu, potro\u0161a\u010di \u0161irom Bosne i Hercegovine tra\u017ee efikasna i pristupa\u010dna rje\u0161enja za hla\u0111enje svojih domova. Me\u0111u brojnim opcijama na tr\u017ei\u0161tu, Gree Cosmo Economical klima ure\u0111aj isti\u010de se kao jedan od najboljih izbora zahvaljuju\u0107i\u2026","rel":"","context":"Srodne objave","img":{"alt_text":"","src":"https:\/\/i2.wp.com\/astehshop.com\/wp-content\/uploads\/2025\/04\/Cosmo-Economical.webp?fit=900%2C900&resize=350%2C200","width":350,"height":200},"classes":[]},{"id":10108,"url":"http:\/\/astehshop.com\/index.php\/product\/gree-klima-uredaj-airy-gwh18avdxe-k6dna1a\/","url_meta":{"origin":10236,"position":4},"title":"Gree klima ure\u0111aj Airy GWH18AVDXE-K6DNA1A","date":"30. o\u017eujka 2025.","format":false,"excerpt":"Revolucija u klimatizaciji: Gree Airy donosi prije svega eleganciju i efikasnost. Klimatizacijski ure\u0111aj Gree Airy predstavlja inovativni korak naprijed u dizajnu i tehnologiji klimatizacije. Sa elegantnim dizajnom i zatvorenim izlazom zraka otpornim na pra\u0161inu, ovaj ure\u0111aj ne samo da izgleda moderno, ve\u0107 osigurava i dugotrajnu \u010disto\u0107u. Superiorna tehnologija odmrzavanja Airy\u2026","rel":"","context":"Srodne objave","img":{"alt_text":"","src":"https:\/\/i2.wp.com\/astehshop.com\/wp-content\/uploads\/2025\/03\/gree-19-airy.png?fit=808%2C698&resize=350%2C200","width":350,"height":200},"classes":[]},{"id":10249,"url":"http:\/\/astehshop.com\/index.php\/product\/gree-mona-gph12ao-k5nna1d-prijenosna-klima\/","url_meta":{"origin":10236,"position":5},"title":"Gree Mona GPH12AO-K5NNA1D  prijenosna klima","date":"12. travnja 2025.","format":false,"excerpt":"Udobnost i prakti\u010dnost su klju\u010dni aspekti suvremenog \u017eivota, a GREE Mona GPH12AO-K5NNA1D (WiFi) prijenosni klima ure\u0111aj predstavlja savr\u0161eno rje\u0161enje za odr\u017eavanje \u017eeljene temperature u va\u0161em domu ili uredu. Ovaj inovativni ure\u0111aj nudi \u0161irok spektar mogu\u0107nosti, pru\u017eaju\u0107i vam potpunu kontrolu nad klimatizacijom prostora. Jedna od izvanrednih karakteristika GREE Mona klima ure\u0111aja\u2026","rel":"","context":"Srodne objave","img":{"alt_text":"","src":"https:\/\/i2.wp.com\/astehshop.com\/wp-content\/uploads\/2025\/04\/Prijenosna-klima-uredaj-GREE-Mona-GPH12AN-1-1.png?fit=990%2C1010&resize=350%2C200","width":350,"height":200},"classes":[]}],"_links":{"self":[{"href":"http:\/\/astehshop.com\/index.php\/wp-json\/wp\/v2\/product\/10236"}],"collection":[{"href":"http:\/\/astehshop.com\/index.php\/wp-json\/wp\/v2\/product"}],"about":[{"href":"http:\/\/astehshop.com\/index.php\/wp-json\/wp\/v2\/types\/product"}],"replies":[{"embeddable":true,"href":"http:\/\/astehshop.com\/index.php\/wp-json\/wp\/v2\/comments?post=10236"}],"wp:featuredmedia":[{"embeddable":true,"href":"http:\/\/astehshop.com\/index.php\/wp-json\/wp\/v2\/media\/10235"}],"wp:attachment":[{"href":"http:\/\/astehshop.com\/index.php\/wp-json\/wp\/v2\/media?parent=10236"}],"wp:term":[{"taxonomy":"product_cat","embeddable":true,"href":"http:\/\/astehshop.com\/index.php\/wp-json\/wp\/v2\/product_cat?post=10236"},{"taxonomy":"product_tag","embeddable":true,"href":"http:\/\/astehshop.com\/index.php\/wp-json\/wp\/v2\/product_tag?post=10236"}],"curies":[{"name":"wp","href":"https:\/\/api.w.org\/{rel}","templated":true}]}}