{"id":10183,"date":"2025-04-06T16:34:27","date_gmt":"2025-04-06T14:34:27","guid":{"rendered":"http:\/\/astehshop.com\/?post_type=product&#038;p=10183"},"modified":"2026-01-14T18:40:18","modified_gmt":"2026-01-14T17:40:18","slug":"azuri-azi-or100vc-multisplit","status":"publish","type":"product","link":"http:\/\/astehshop.com\/index.php\/product\/azuri-azi-or100vc-multisplit\/","title":{"rendered":"Azuri AZI-OR100VC MultiSplit"},"content":{"rendered":"<ul>\n<li>Mogu\u0107nost spajanja do 4 unutarnje jedinice.<\/li>\n<li><strong>Kapacitet hla\u0111enja : <\/strong>10,6 kW (2600 ~ 12000)<\/li>\n<li><strong>Kapacitet grijanja : <\/strong>12,0 kW (3000 ~ 14000)<\/li>\n<li><strong>SEER\/SCOP : <\/strong>7.2\/ 4.0<\/li>\n<li><strong>Energetska klasa<\/strong> : A++ \/ A+<\/li>\n<li><strong>Dimenzije (Vx\u0160xD) : <\/strong>826 x 1020 x 427 mm<\/li>\n<li><strong>Podru\u010dje rada : <\/strong>Grijanje -20\u00baC ~ 24\u00baC \/ Hla\u0111enje -15\u00baC ~ 43\u00baC<\/li>\n<\/ul>\n","protected":false},"excerpt":{"rendered":"<ul>\n<li>Mogu\u0107nost spajanja do 4 unutarnje jedinice.<\/li>\n<li><strong>Kapacitet hla\u0111enja : <\/strong>10,6 kW (2600 ~ 12000)<\/li>\n<li><strong>Kapacitet grijanja : <\/strong>12,0 kW (3000 ~ 14000)<\/li>\n<li><strong>SEER\/SCOP : <\/strong>7.2\/ 4.0<\/li>\n<li><strong>Energetska klasa<\/strong> : A++ \/ A+<\/li>\n<li><strong>Dimenzije (Vx\u0160xD) : <\/strong>826 x 1020 x 427 mm<\/li>\n<li><strong>Podru\u010dje rada : <\/strong>Grijanje -20\u00baC ~ 24\u00baC \/ Hla\u0111enje -15\u00baC ~ 43\u00baC<\/li>\n<\/ul>\n<p><a href=\"https:\/\/astehshop.com\/wp-content\/uploads\/2025\/04\/dual-multi-azuri.jpg\"><img decoding=\"async\" loading=\"lazy\" class=\"alignnone size-medium wp-image-10176\" src=\"https:\/\/astehshop.com\/wp-content\/uploads\/2025\/04\/dual-multi-azuri-450x450.jpg\" alt=\"\" width=\"450\" height=\"450\" srcset=\"https:\/\/i1.wp.com\/astehshop.com\/wp-content\/uploads\/2025\/04\/dual-multi-azuri.jpg?resize=450%2C450 450w, https:\/\/i1.wp.com\/astehshop.com\/wp-content\/uploads\/2025\/04\/dual-multi-azuri.jpg?resize=150%2C150 150w, https:\/\/i1.wp.com\/astehshop.com\/wp-content\/uploads\/2025\/04\/dual-multi-azuri.jpg?resize=300%2C300 300w, https:\/\/i1.wp.com\/astehshop.com\/wp-content\/uploads\/2025\/04\/dual-multi-azuri.jpg?resize=100%2C100 100w, https:\/\/i1.wp.com\/astehshop.com\/wp-content\/uploads\/2025\/04\/dual-multi-azuri.jpg?resize=600%2C600 600w, https:\/\/i1.wp.com\/astehshop.com\/wp-content\/uploads\/2025\/04\/dual-multi-azuri.jpg?w=629 629w\" sizes=\"(max-width: 450px) 100vw, 450px\" \/><\/a><\/p>\n<p>&nbsp;<\/p>\n<div><\/div>\n<div><a href=\"https:\/\/register.deltron.ba\/\">Registruj svoj AZURI ure\u0111aj klikom ovdje<\/a><\/div>\n<div><\/div>\n<div>MONTA\u017dA MONO-SPLIT KLIMA URE\u0110AJA jedne unutarnje i jedne vanjske jediniceNa web shopu TechnoShopBN monta\u017ea nije uklju\u010dena u cijenu klima ure\u0111aja.<br \/>\nOvla\u0161tenu monta\u017eu klima ure\u0111aja obavljamo na podru\u010dju Bijeljine i okoline do 20KM<br \/>\nAko \u017eelite ovla\u0161tenu monta\u017eu dodajte je u korpu i platite zajedno sa klima ure\u0111ajem koji izaberete<br \/>\nNakon pla\u0107anja klima ure\u0111aja i ukoliko \u017eelite monta\u017eu, ostavite nam kontakt podatke kako bi Vas monta\u017eer mogao kontaktirati<br \/>\nGarancija monta\u017eu vrijedi do isteka garancije na klima ure\u0111aj.Standardna monta\u017ea mono-split klima ure\u0111aja podrazumijeva monta\u017eu unutarnje i vanjske jedinice na visini do 5 metara, bez upotrebe skele ili auto dizalice.<br \/>\nKod ve\u0107ih visina dodatno se napla\u0107uju visinski radovi ili se anga\u017euje auto korpa ili postavlja skela koju dodatno pla\u0107a i osigurava kupac.<br \/>\nAko je potrebno demontirati i po potrebi ekolo\u0161ki zbrinuti stari klima ure\u0111aj, demonta\u017ea se dodatno pla\u0107a prema<br \/>\nMolimo Vas da nas prema potrebi kontaktirate za detalje kako bi prije izvo\u0111enja dobili sve informacije o potrebnim radovima i cijeni<\/div>\n<div>U standardnu monta\u017eu klima ure\u0111aja uklju\u010deno je:Dobava i postavljanje do 3 metra plinskih i elektro instalacija izme\u0111u unutarnje i vanjske jedinice<br \/>\nDobava i postavljanje do 3 metra PVC kanala za postavljanje instalacije izme\u0111u unutarnje i vanjske jedinice \u2013 nadgradno<br \/>\nDobava i postavljanje do 3 metra PVC kanala sa elektri\u010dnim kabelom za napajanje klima ure\u0111aja \u2013 nadgradno<br \/>\nDobava i postavljanje do 3 metra cijevi za odvod vode-kondenzata, slobodnim padom u pripremljeni odvod<br \/>\nDobava i postavljanje 1 par pocin\u010danih nosa\u010da za monta\u017eu vanjske jedinice (ukoliko nosa\u010di ve\u0107 postoje, to ne umanjuje cijenu usluge)<br \/>\nPotro\u0161ni materijal (\u0161arafi, tiplovi, izolacijska traka, vezice, silikon, gips i ostali potrebni materijal za monta\u017eu)<br \/>\n1 probijanje zida fi 55, debljine do 40cm (ukoliko rupa ve\u0107 postoji, to ne umanjuje cijenu usluge)<br \/>\nMonta\u017ea unutarnje i vanjske jedinice<br \/>\nSpajanje plinskih i elektro instalacija na unutarnjoj i vanjskoj jedinici<br \/>\nSpajanje napajanja na postoje\u0107u elektri\u010dnu instalaciju<br \/>\nVakumiranje<br \/>\nPu\u0161tanje u rad<br \/>\nTestiranje rada klime<br \/>\n\u010ci\u0161\u0107enje mijesta rada<br \/>\nOvjera garancije&nbsp;<\/p>\n<p><strong>Ukoliko monta\u017eu obavi osoba ili firma koju anga\u017euje kupac, a koja nije ovla\u0161tena za monta\u017eu klima ure\u0111aja, ista preuzima i odgovornost za eventualne kvarove i neispravnost na ure\u0111aju i monta\u017ei te u tom slu\u010daju Prodavatelj nije odgovoran za nastalu \u0161tetu a kupac gubi garanciju.<\/strong><\/p>\n<p>&nbsp;<\/p>\n<\/div>\n<p>&nbsp;<\/p>\n","protected":false},"featured_media":10184,"comment_status":"open","ping_status":"closed","template":"","meta":{"_mi_skip_tracking":false,"_exactmetrics_sitenote_active":false,"_exactmetrics_sitenote_note":"","_exactmetrics_sitenote_category":0,"spay_email":""},"product_cat":[7851],"product_tag":[455,7846,7873,435,7875,7854,7057,2462,7874],"brands":[{"id":7847,"name":"Azuri","slug":"azuri"}],"df_price":3550,"df_sale_price":"","df_regular_price":3550,"df_image_link":"https:\/\/i2.wp.com\/astehshop.com\/wp-content\/uploads\/2025\/04\/azuri-4-unutrasnje.jpg?fit=450%2C450","jetpack_publicize_connections":[],"jetpack_sharing_enabled":true,"jetpack_likes_enabled":true,"jetpack-related-posts":[{"id":3431,"url":"http:\/\/astehshop.com\/index.php\/product\/klima-vivax-acp-12ch35aex-a-klasa\/","url_meta":{"origin":10183,"position":0},"title":"Klima VIVAX ACP-12CH35AEX A klasa","date":"23. lipnja 2019.","format":false,"excerpt":"Kapacitet hla\u0111enja: 3,517 kW. Energetska klasa hla\u0111enja: A. Kapacitet grijanja: 3,810 kWh. Energetska klasa grijanja: A. Podru\u010dje rada od -7C do +43C. Inteligentno napajanje. Indikator istjecanja rashladnog medija. EER: 3,21 COP: 3,61","rel":"","context":"Srodne objave","img":{"alt_text":"","src":"https:\/\/i0.wp.com\/astehshop.com\/wp-content\/uploads\/2019\/06\/ACP-12CH35AEX.jpg?fit=600%2C600&resize=350%2C200","width":350,"height":200},"classes":[]},{"id":10346,"url":"http:\/\/astehshop.com\/index.php\/product\/max-klima-inveter-12-15-mac12icwl\/","url_meta":{"origin":10183,"position":1},"title":"MAX klima inveter 12&#8221; -15 MAC12ICWL","date":"7. svibnja 2025.","format":false,"excerpt":"Kapacitet: 12000 BTU Energetsla klasa: A++\/ A+ Gas: R32 Buka unutra\u0161nje\/ spolja\u0161nje jedinice: 53dB\/ 59dB Kapacitet hla\u0111enje \/ grijanje: 3.4 kW \/ 3.5 kW Garancija 24 mjeseca","rel":"","context":"Srodne objave","img":{"alt_text":"","src":"https:\/\/i0.wp.com\/astehshop.com\/wp-content\/uploads\/2025\/05\/max-klima-bijeljina.jpg?fit=960%2C1200&resize=350%2C200","width":350,"height":200},"classes":[]},{"id":7769,"url":"http:\/\/astehshop.com\/index.php\/product\/klima-uredaj-24000btu-premium-20-wifi-inverter-a-a\/","url_meta":{"origin":10183,"position":2},"title":"Klima ure\u0111aj, 24000Btu, premium -20\u00b0, Wifi, Inverter, A++\/A+","date":"15. svibnja 2023.","format":false,"excerpt":"Klima ure\u0111aj TAC-24CHSD\/LFI, 24000 Btu, kapacitet hla\u0111enja 6.84 ( 1.83 - 7.82 ) kW, kapacitet grijanja 7.05 ( 1.85 - 7.96 ) kW Protok zraka 1100 m\u00b3\/h, temperaturni opseg u modu hla\u0111enja -15\u00b0C - 53\u00b0C, premium -20\u00b0, grija\u010d vanjske jedinice, temperaturni opseg u modu grijanja -20\u00b0C - +30\u00b0C Rashladni plin\u2026","rel":"","context":"Srodne objave","img":{"alt_text":"","src":"https:\/\/i1.wp.com\/astehshop.com\/wp-content\/uploads\/2023\/05\/frozzini-24-bez-nosaca-scaled.jpg?fit=1200%2C936&resize=350%2C200","width":350,"height":200},"classes":[]},{"id":10344,"url":"http:\/\/astehshop.com\/index.php\/product\/max-klima-12-on-off-mac12cw\/","url_meta":{"origin":10183,"position":3},"title":"Max klima 12&#8221; ON OFF MAC12CW","date":"7. svibnja 2025.","format":false,"excerpt":"Model MAC12CW Kapacitet hla\u0111enja (BTU\/H) 11000 Kapacitet hla\u0111enja (W) 3230 Kapacitet grejanja (BTU\/H) 11500 Kapacitet grejanja (W) 3370 EER za hla\u0111enje (W) 3,21 Energetska klasa hla\u0111enja A COP za grejanje (W) 3,61 Energetska klasa grejanja A Radna supstanca (freon) R410A","rel":"","context":"Srodne objave","img":{"alt_text":"","src":"https:\/\/i0.wp.com\/astehshop.com\/wp-content\/uploads\/2025\/05\/max-klima-bijeljina.jpg?fit=960%2C1200&resize=350%2C200","width":350,"height":200},"classes":[]},{"id":7771,"url":"http:\/\/astehshop.com\/index.php\/product\/klima-uredaj-18000btu-premium-20-wifi-inverter-a-a\/","url_meta":{"origin":10183,"position":4},"title":"Klima ure\u0111aj, 18000Btu, premium -20\u00b0, Wifi, Inverter, A++\/A+","date":"15. svibnja 2023.","format":false,"excerpt":"Klima ure\u0111aj TAC-18CHSD\/LFI, 18000 Btu, kapacitet hla\u0111enja 5.1 ( 1.25 - 5.90 ) kW, kapacitet grijanja 5.13 ( 1.25 - 6.08 ) kW Protok zraka 820 m\u00b3\/h, temperaturni opseg u modu hla\u0111enja -15\u00b0C - 53\u00b0C, premium -20\u00b0, grija\u010d vanjske jedinice, temperaturni opseg u modu grijanja -20\u00b0C - +30\u00b0C Rashladni plin\u2026","rel":"","context":"Srodne objave","img":{"alt_text":"","src":"https:\/\/i1.wp.com\/astehshop.com\/wp-content\/uploads\/2023\/05\/frozini-24-scaled.jpg?fit=1200%2C888&resize=350%2C200","width":350,"height":200},"classes":[]},{"id":10167,"url":"http:\/\/astehshop.com\/index.php\/product\/azuri-console-parapetni-klima-uredaj-azi-fo25vd\/","url_meta":{"origin":10183,"position":5},"title":"AZURI CONSOLE Parapetni KLIMA URE\u0110AJ AZI-FO25VD","date":"6. travnja 2025.","format":false,"excerpt":"Podna unutarnja i vanjska jedinica U\u010dinak hla\u0111enja: 2,7kW (0,70 - 3,40) kW U\u010dinak grijanja: 2,9kW (0,60 - 3,50) kW Prikladno za prostor: do 25m2 Energetska klasa: A++ Wi-Fi upravljanje je uklju\u010deno u cijenu Garancija : 5 godina (3 god. osnovno + 2 god. uz registraciju) AZURI klima ure\u0111aji odlikuju se\u2026","rel":"","context":"Srodne objave","img":{"alt_text":"","src":"https:\/\/i0.wp.com\/astehshop.com\/wp-content\/uploads\/2025\/04\/parapetna-klima.png?fit=867%2C650&resize=350%2C200","width":350,"height":200},"classes":[]}],"_links":{"self":[{"href":"http:\/\/astehshop.com\/index.php\/wp-json\/wp\/v2\/product\/10183"}],"collection":[{"href":"http:\/\/astehshop.com\/index.php\/wp-json\/wp\/v2\/product"}],"about":[{"href":"http:\/\/astehshop.com\/index.php\/wp-json\/wp\/v2\/types\/product"}],"replies":[{"embeddable":true,"href":"http:\/\/astehshop.com\/index.php\/wp-json\/wp\/v2\/comments?post=10183"}],"wp:featuredmedia":[{"embeddable":true,"href":"http:\/\/astehshop.com\/index.php\/wp-json\/wp\/v2\/media\/10184"}],"wp:attachment":[{"href":"http:\/\/astehshop.com\/index.php\/wp-json\/wp\/v2\/media?parent=10183"}],"wp:term":[{"taxonomy":"product_cat","embeddable":true,"href":"http:\/\/astehshop.com\/index.php\/wp-json\/wp\/v2\/product_cat?post=10183"},{"taxonomy":"product_tag","embeddable":true,"href":"http:\/\/astehshop.com\/index.php\/wp-json\/wp\/v2\/product_tag?post=10183"}],"curies":[{"name":"wp","href":"https:\/\/api.w.org\/{rel}","templated":true}]}}