{"id":10152,"date":"2025-04-06T15:06:58","date_gmt":"2025-04-06T13:06:58","guid":{"rendered":"http:\/\/astehshop.com\/?post_type=product&#038;p=10152"},"modified":"2026-01-14T18:41:17","modified_gmt":"2026-01-14T17:41:17","slug":"azuri-naturalux-klima-uredaj-azi-wm50va","status":"publish","type":"product","link":"http:\/\/astehshop.com\/index.php\/product\/azuri-naturalux-klima-uredaj-azi-wm50va\/","title":{"rendered":"AZURI NaturaLux KLIMA URE\u0110AJ AZI-WM50VA"},"content":{"rendered":"<p>U\u010dinak hla\u0111enja: 5,30 kW (1,0-6,40) kW<br \/>\nU\u010dinak grijanja: 5,60 kW (1,2-6,8) kW<br \/>\nGrijanje do<span style=\"color: #ff0000; font-size: 18pt;\"><strong> -25\u00b0<\/strong><\/span>C vanjske temperature!<br \/>\n<strong>Preporuka za primarno grijanje na vrlo niskim vanjskim temperaturama!<\/strong><br \/>\nPrikladno za prostor: do 50m2<br \/>\nFreon : R-32<br \/>\nEnergetska klasa: A++<br \/>\nWi-Fi upravljanje je uklju\u010deno u cijenu<\/p>\n<div>Garancija : 5 godina (3 god. osnovno + 2 god. uz registraciju)<\/div>\n","protected":false},"excerpt":{"rendered":"<div>Novi Azuri NaturaLux model je tu! Najnoviji model marke Azuri odu\u0161eviti \u0107e Vas jednostavnim linijama, lako\u0107om upravljanja i odr\u017eavanja te pouzdanim radom.<\/div>\n<p>Kompaktan ure\u0111aj jednostavnog izgleda lako \u0107e se prilagoditi svakoj prostoriji, a uz odli\u010dne tehni\u010dke karakteristike zadovoljit \u0107e i one najzahtjevnije!<\/p>\n<p>Ovaj ure\u0111aj spas nudi i u uvjetima najve\u0107e hladno\u0107e i u te\u0161kim ljetnim vru\u0107inama \u2013 uz naprednu tehnologiju inteligentnog predzagrijavanja i odmrzavanja, kao i opcije brzog hla\u0111enja Va\u0161 \u0107e prostor ostati optimalne temperature u svako doba godine.<\/p>\n<p><a href=\"https:\/\/astehshop.com\/wp-content\/uploads\/2025\/04\/azuri-naturalux-scaled.jpg\"><img decoding=\"async\" loading=\"lazy\" class=\"alignnone  wp-image-10148\" src=\"https:\/\/astehshop.com\/wp-content\/uploads\/2025\/04\/azuri-naturalux-scaled-450x257.jpg\" alt=\"\" width=\"804\" height=\"459\" srcset=\"https:\/\/i1.wp.com\/astehshop.com\/wp-content\/uploads\/2025\/04\/azuri-naturalux-scaled.jpg?resize=450%2C257 450w, https:\/\/i1.wp.com\/astehshop.com\/wp-content\/uploads\/2025\/04\/azuri-naturalux-scaled.jpg?resize=1024%2C585 1024w, https:\/\/i1.wp.com\/astehshop.com\/wp-content\/uploads\/2025\/04\/azuri-naturalux-scaled.jpg?resize=768%2C439 768w, https:\/\/i1.wp.com\/astehshop.com\/wp-content\/uploads\/2025\/04\/azuri-naturalux-scaled.jpg?resize=1536%2C878 1536w, https:\/\/i1.wp.com\/astehshop.com\/wp-content\/uploads\/2025\/04\/azuri-naturalux-scaled.jpg?resize=2048%2C1171 2048w, https:\/\/i1.wp.com\/astehshop.com\/wp-content\/uploads\/2025\/04\/azuri-naturalux-scaled.jpg?resize=300%2C171 300w, https:\/\/i1.wp.com\/astehshop.com\/wp-content\/uploads\/2025\/04\/azuri-naturalux-scaled.jpg?resize=1170%2C669 1170w, https:\/\/i1.wp.com\/astehshop.com\/wp-content\/uploads\/2025\/04\/azuri-naturalux-scaled.jpg?resize=128%2C72 128w, https:\/\/i1.wp.com\/astehshop.com\/wp-content\/uploads\/2025\/04\/azuri-naturalux-scaled.jpg?resize=600%2C343 600w\" sizes=\"(max-width: 804px) 100vw, 804px\" \/>,<\/a><\/p>\n<p>&nbsp;<\/p>\n<p>Uz NaturaLux modele zaboravite na brigu o ne\u010disto\u0107ama u zraku! Prakti\u010dno postavljenim filterom na vrhu jedinice olak\u0161ava se skidanje i odr\u017eavanje samog filtera, a samim time i odr\u017eavanje kvalitete zraka.<\/p>\n<p>Kako bi se osiguralo zdravlje korisnika, ovi modeli opremljeni su vrhunskim Cold Plasma filterom \u010dija je svrha blokiranje ne\u010disto\u0107a u zraku i uklanjanje neugodnih mirisa.<\/p>\n<p>Pobolj\u0161anje kvalitete zraka vr\u0161i se emitiranjem negativnih iona koji se ve\u017eu s razli\u010ditim \u010desticama i smanjuju broj one\u010di\u0161\u0107uju\u0107ih tvari u zraku. Emitirani ioni poma\u017eu otkloniti pra\u0161inu, pelud, spore plijesni i bakterije u zraku, umanjuju\u0107i time rizik prehlade i gripe!<\/p>\n<div><a href=\"https:\/\/astehshop.com\/wp-content\/uploads\/2025\/04\/azuri-naturalux-zastitnik-zdravlja-scaled.jpg\"><img decoding=\"async\" loading=\"lazy\" class=\"alignnone  wp-image-10149\" src=\"https:\/\/astehshop.com\/wp-content\/uploads\/2025\/04\/azuri-naturalux-zastitnik-zdravlja-scaled-450x253.jpg\" alt=\"\" width=\"608\" height=\"342\" srcset=\"https:\/\/i0.wp.com\/astehshop.com\/wp-content\/uploads\/2025\/04\/azuri-naturalux-zastitnik-zdravlja-scaled.jpg?resize=450%2C253 450w, https:\/\/i0.wp.com\/astehshop.com\/wp-content\/uploads\/2025\/04\/azuri-naturalux-zastitnik-zdravlja-scaled.jpg?resize=1024%2C576 1024w, https:\/\/i0.wp.com\/astehshop.com\/wp-content\/uploads\/2025\/04\/azuri-naturalux-zastitnik-zdravlja-scaled.jpg?resize=768%2C432 768w, https:\/\/i0.wp.com\/astehshop.com\/wp-content\/uploads\/2025\/04\/azuri-naturalux-zastitnik-zdravlja-scaled.jpg?resize=1536%2C864 1536w, https:\/\/i0.wp.com\/astehshop.com\/wp-content\/uploads\/2025\/04\/azuri-naturalux-zastitnik-zdravlja-scaled.jpg?resize=2048%2C1152 2048w, https:\/\/i0.wp.com\/astehshop.com\/wp-content\/uploads\/2025\/04\/azuri-naturalux-zastitnik-zdravlja-scaled.jpg?resize=300%2C169 300w, https:\/\/i0.wp.com\/astehshop.com\/wp-content\/uploads\/2025\/04\/azuri-naturalux-zastitnik-zdravlja-scaled.jpg?resize=1170%2C658 1170w, https:\/\/i0.wp.com\/astehshop.com\/wp-content\/uploads\/2025\/04\/azuri-naturalux-zastitnik-zdravlja-scaled.jpg?resize=128%2C72 128w, https:\/\/i0.wp.com\/astehshop.com\/wp-content\/uploads\/2025\/04\/azuri-naturalux-zastitnik-zdravlja-scaled.jpg?resize=600%2C337 600w\" sizes=\"(max-width: 608px) 100vw, 608px\" \/><\/a><\/div>\n<div><\/div>\n<div>U re\u017eimu tihog rada ova jedinica stvara buku do svega 21dB \u0161to je usporedivo sa zujanjem insekata u ljetnoj ve\u010deri ili tihim \u0161aputanjem, \u010dime omogu\u0107ava ugodno okru\u017eenje za dobar san!&nbsp;<\/p>\n<p>Prednost ovog modela je i lako\u0107a spajanja ure\u0111aja na WiFi. Ovi modeli opremljeni su efikasnom WiFi Bluetooth tehnologijom \u010dime spajanje na Va\u0161 pametni ure\u0111aj postaje brzo i jednostavno u svega 4 koraka.<\/p>\n<p><strong>COLD PLASMA FILTER ZA IONIZIRANJE ZRAKA<\/strong><br \/>\nOvaj filter uklanja \u0161tetne tvari i alergene iz zraka, \u010dime pobolj\u0161ava kvalitetu zraka u Va\u0161em prostoru.<\/p>\n<p><strong>I-FEEL FUNKCIJA<\/strong><br \/>\nKlimatizacijski ure\u0111aj je opremljen I-Feel senzorom koji Vam osigurava \u017eeljenu temperaturu u Va\u0161em okru\u017eju. Na upravlja\u010du se nalazi mali senzor koji omogu\u0107ava da signal do\u0111e do ure\u0111aja. Na taj se na\u010din pru\u017ea najve\u0107a udobnost u prostoru u kojem boravite.<\/p>\n<p><strong>SAMODIJAGNOZA<\/strong><br \/>\nU slu\u010daju bilo kakvih problema ili kvarova, ure\u0111aj \u0107e automatski identificirati i prikazati odgovaraju\u0107u poruku na zaslonu, olak\u0161avaju\u0107i odr\u017eavanje i servisiranje ure\u0111aja.<\/p>\n<p><strong>INTELIGENTNO PREDZAGRIJAVANJE I ODMRZAVANJE<\/strong><br \/>\nInteligentno predzagrijavanje i odmrzavanje osiguravaju optimalan rad klima ure\u0111aja u svim vremenskim uvjetima.<\/p>\n<p>Inteligentno predzagrijavanje<br \/>\nZahvaljuju\u0107i ovoj funkciji, klima ure\u0111aj po\u010dinje raditi u na\u010dinu grijanja s malom odgodom kako bi prvo zagrijao unutarnji izmjenjiva\u010d topline, \u010dime se izbjegava stvaranje neugodnih uvjeta.<\/p>\n<p>Inteligentno odmrzavanje<br \/>\nUz inteligentno odmrzavanje klima ure\u0111aja, funkcija se aktivira samo kada je to stvarno potrebno kako bi se smanjila potro\u0161nja energije i postigla ugodnija sobna temperatura.<\/p>\n<p><strong>WI-FI UPRAVLJANJE<\/strong><br \/>\nWi-Fi upravljanje Vam omogu\u0107ava da, uporabom aplikacije na Va\u0161em pametnom telefonu, kontrolirate funkcije Va\u0161eg klima ure\u0111aja. Na bilo kojem mjestu s internetskom mre\u017eom mo\u017eete odabrati na\u010din rada Va\u0161eg ure\u0111aja, \u017eeljenu temperaturu te lako i jednostavno uklju\u010diti ili isklju\u010diti Va\u0161 ure\u0111aj.<\/p>\n<div><\/div>\n<\/div>\n<div><a href=\"https:\/\/astehshop.com\/wp-content\/uploads\/2025\/04\/azuri-olaksica-sa-wifi-modulom-scaled.jpg\"><img decoding=\"async\" loading=\"lazy\" class=\"alignnone  wp-image-10150\" src=\"https:\/\/astehshop.com\/wp-content\/uploads\/2025\/04\/azuri-olaksica-sa-wifi-modulom-scaled-450x148.jpg\" alt=\"\" width=\"678\" height=\"223\" srcset=\"https:\/\/i0.wp.com\/astehshop.com\/wp-content\/uploads\/2025\/04\/azuri-olaksica-sa-wifi-modulom-scaled.jpg?resize=450%2C148 450w, https:\/\/i0.wp.com\/astehshop.com\/wp-content\/uploads\/2025\/04\/azuri-olaksica-sa-wifi-modulom-scaled.jpg?resize=1024%2C338 1024w, https:\/\/i0.wp.com\/astehshop.com\/wp-content\/uploads\/2025\/04\/azuri-olaksica-sa-wifi-modulom-scaled.jpg?resize=768%2C253 768w, https:\/\/i0.wp.com\/astehshop.com\/wp-content\/uploads\/2025\/04\/azuri-olaksica-sa-wifi-modulom-scaled.jpg?resize=1536%2C507 1536w, https:\/\/i0.wp.com\/astehshop.com\/wp-content\/uploads\/2025\/04\/azuri-olaksica-sa-wifi-modulom-scaled.jpg?resize=2048%2C676 2048w, https:\/\/i0.wp.com\/astehshop.com\/wp-content\/uploads\/2025\/04\/azuri-olaksica-sa-wifi-modulom-scaled.jpg?resize=300%2C99 300w, https:\/\/i0.wp.com\/astehshop.com\/wp-content\/uploads\/2025\/04\/azuri-olaksica-sa-wifi-modulom-scaled.jpg?resize=1170%2C386 1170w, https:\/\/i0.wp.com\/astehshop.com\/wp-content\/uploads\/2025\/04\/azuri-olaksica-sa-wifi-modulom-scaled.jpg?resize=600%2C198 600w\" sizes=\"(max-width: 678px) 100vw, 678px\" \/><\/a><\/div>\n<div><\/div>\n<div>\n<p>&nbsp;<\/p>\n<div><\/div>\n<div><a href=\"https:\/\/register.deltron.ba\/\">Registruj svoj AZURI ure\u0111aj klikom ovdje<\/a><\/div>\n<div><\/div>\n<div>MONTA\u017dA MONO-SPLIT KLIMA URE\u0110AJA jedne unutarnje i jedne vanjske jediniceNa web shopu TechnoShopBN monta\u017ea nije uklju\u010dena u cijenu klima ure\u0111aja.<br \/>\nOvla\u0161tenu monta\u017eu klima ure\u0111aja obavljamo na podru\u010dju Bijeljine i okoline do 20KM<br \/>\nAko \u017eelite ovla\u0161tenu monta\u017eu dodajte je u korpu i platite zajedno sa klima ure\u0111ajem koji izaberete<br \/>\nNakon pla\u0107anja klima ure\u0111aja i ukoliko \u017eelite monta\u017eu, ostavite nam kontakt podatke kako bi Vas monta\u017eer mogao kontaktirati<br \/>\nGarancija monta\u017eu vrijedi do isteka garancije na klima ure\u0111aj.Standardna monta\u017ea mono-split klima ure\u0111aja podrazumijeva monta\u017eu unutarnje i vanjske jedinice na visini do 5 metara, bez upotrebe skele ili auto dizalice.<br \/>\nKod ve\u0107ih visina dodatno se napla\u0107uju visinski radovi ili se anga\u017euje auto korpa ili postavlja skela koju dodatno pla\u0107a i osigurava kupac.<br \/>\nAko je potrebno demontirati i po potrebi ekolo\u0161ki zbrinuti stari klima ure\u0111aj, demonta\u017ea se dodatno pla\u0107a prema<br \/>\nMolimo Vas da nas prema potrebi kontaktirate za detalje kako bi prije izvo\u0111enja dobili sve informacije o potrebnim radovima i cijenihttps:\/\/www.youtube.com\/watch?v=_b35LB9MQMA&nbsp;<\/p>\n<p>&nbsp;<\/p>\n<p>U standardnu monta\u017eu klima ure\u0111aja uklju\u010deno je:<\/p>\n<p>Dobava i postavljanje do 3 metra plinskih i elektro instalacija izme\u0111u unutarnje i vanjske jedinice<br \/>\nDobava i postavljanje do 3 metra PVC kanala za postavljanje instalacije izme\u0111u unutarnje i vanjske jedinice \u2013 nadgradno<br \/>\nDobava i postavljanje do 3 metra PVC kanala sa elektri\u010dnim kabelom za napajanje klima ure\u0111aja \u2013 nadgradno<br \/>\nDobava i postavljanje do 3 metra cijevi za odvod vode-kondenzata, slobodnim padom u pripremljeni odvod<br \/>\nDobava i postavljanje 1 par pocin\u010danih nosa\u010da za monta\u017eu vanjske jedinice (ukoliko nosa\u010di ve\u0107 postoje, to ne umanjuje cijenu usluge)<br \/>\nPotro\u0161ni materijal (\u0161arafi, tiplovi, izolacijska traka, vezice, silikon, gips i ostali potrebni materijal za monta\u017eu)<br \/>\n1 probijanje zida fi 55, debljine do 40cm (ukoliko rupa ve\u0107 postoji, to ne umanjuje cijenu usluge)<br \/>\nMonta\u017ea unutarnje i vanjske jedinice<br \/>\nSpajanje plinskih i elektro instalacija na unutarnjoj i vanjskoj jedinici<br \/>\nSpajanje napajanja na postoje\u0107u elektri\u010dnu instalaciju<br \/>\nVakumiranje<br \/>\nPu\u0161tanje u rad<br \/>\nTestiranje rada klime<br \/>\n\u010ci\u0161\u0107enje mijesta rada<br \/>\nOvjera garancije<\/p>\n<p><strong>Ukoliko monta\u017eu obavi osoba ili firma koju anga\u017euje kupac, a koja nije ovla\u0161tena za monta\u017eu klima ure\u0111aja, ista preuzima i odgovornost za eventualne kvarove i neispravnost na ure\u0111aju i monta\u017ei te u tom slu\u010daju Prodavatelj nije odgovoran za nastalu \u0161tetu a kupac gubi garanciju.<\/strong><\/p>\n<\/div>\n<\/div>\n","protected":false},"featured_media":10151,"comment_status":"open","ping_status":"closed","template":"","meta":{"_mi_skip_tracking":false,"_exactmetrics_sitenote_active":false,"_exactmetrics_sitenote_note":"","_exactmetrics_sitenote_category":0,"spay_email":""},"product_cat":[2458],"product_tag":[7781,7695,1620,7095,7082,7797,1618,7796,1617,7793],"brands":[],"df_price":1950,"df_sale_price":"","df_regular_price":1950,"df_image_link":"https:\/\/i2.wp.com\/astehshop.com\/wp-content\/uploads\/2025\/04\/Klima-uredaj-AZURI-Naturalux-AZI-WM35VB-3.5kW-Inverter-WiFi.jpg?fit=450%2C338","jetpack_publicize_connections":[],"jetpack_sharing_enabled":true,"jetpack_likes_enabled":true,"jetpack-related-posts":[{"id":10167,"url":"http:\/\/astehshop.com\/index.php\/product\/azuri-console-parapetni-klima-uredaj-azi-fo25vd\/","url_meta":{"origin":10152,"position":0},"title":"AZURI CONSOLE Parapetni KLIMA URE\u0110AJ AZI-FO25VD","date":"6. travnja 2025.","format":false,"excerpt":"Podna unutarnja i vanjska jedinica U\u010dinak hla\u0111enja: 2,7kW (0,70 - 3,40) kW U\u010dinak grijanja: 2,9kW (0,60 - 3,50) kW Prikladno za prostor: do 25m2 Energetska klasa: A++ Wi-Fi upravljanje je uklju\u010deno u cijenu Garancija : 5 godina (3 god. osnovno + 2 god. uz registraciju) AZURI klima ure\u0111aji odlikuju se\u2026","rel":"","context":"Srodne objave","img":{"alt_text":"","src":"https:\/\/i0.wp.com\/astehshop.com\/wp-content\/uploads\/2025\/04\/parapetna-klima.png?fit=867%2C650&resize=350%2C200","width":350,"height":200},"classes":[]},{"id":10171,"url":"http:\/\/astehshop.com\/index.php\/product\/azuri-prijenosni-klima-uredaj-azo-mp25va-samo-hladenje\/","url_meta":{"origin":10152,"position":1},"title":"AZURI PRIJENOSNI KLIMA URE\u0110AJ AZO-MP25VA &#8211; samo hla\u0111enje","date":"6. travnja 2025.","format":false,"excerpt":"Prijenosni Azuri Eco Design\u00a0klima ure\u0111aj posjeduje brojne pozitivne odlike. Primjerice svojim zakrivljenim povr\u0161inama Elegantno dizajniran i ugla\u0111en Azuri, odaje elegantan dojam. Fleksibilni kota\u010di\u0107i omogu\u0107avaju olak\u0161ano pomicanje ure\u0111aja. Osim daljinskim ure\u0111ajem Eco Design\u00a0daje mogu\u0107nost kontrole performansa na samom ure\u0111aju.","rel":"","context":"Srodne objave","img":{"alt_text":"","src":"https:\/\/i1.wp.com\/astehshop.com\/wp-content\/uploads\/2025\/04\/azuri-azo-mo35vd-klima-uredaj_3e6e27db.jpeg?fit=650%2C650&resize=350%2C200","width":350,"height":200},"classes":[]},{"id":10189,"url":"http:\/\/astehshop.com\/index.php\/product\/azuri-supra-klima-uredaj-azi-wo25vg-multi-split-unutrasnja-jedinica\/","url_meta":{"origin":10152,"position":2},"title":"AZURI Supra KLIMA URE\u0110AJ AZI-WO25VG Multi Split unutra\u0161nja jedinica","date":"6. travnja 2025.","format":false,"excerpt":"Unutarnja zidna jedinica za multi sustav U\u010dinak hla\u0111enja: 2,7 kW (0,45-3,50) kW U\u010dinak grijanja: 3 kW (0,50-4,20) kW Prikladno za prostor: do 25m2 Wi-Fi upravljanje je uklju\u010deno u cijenu Garancija: 5 godina (3 god. osnovno + 2 god. uz registraciju) AZURI klima ure\u0111aji odlikuju se modernim dizajnom i visokom energetskom\u2026","rel":"","context":"Srodne objave","img":{"alt_text":"","src":"https:\/\/i2.wp.com\/astehshop.com\/wp-content\/uploads\/2025\/04\/SUPRA-1.png?fit=1024%2C1024&resize=350%2C200","width":350,"height":200},"classes":[]},{"id":10193,"url":"http:\/\/astehshop.com\/index.php\/product\/azuri-supra-klima-uredaj-azi-wo25vb-unutrasnja-multi-split-jedinica-antracit\/","url_meta":{"origin":10152,"position":3},"title":"AZURI Supra KLIMA URE\u0110AJ AZI-WO25VB Unutra\u0161nja Multi Split jedinica antracit","date":"6. travnja 2025.","format":false,"excerpt":"Unutarnja zidna jedinica za multi sustav U\u010dinak hla\u0111enja: 2,7 kW (0,45-3,50) kW U\u010dinak grijanja: 3 kW (0,50-4,20) kW Prikladno za prostor: do 25m2 Wi-Fi upravljanje je uklju\u010deno u cijenu Garancija : 5 godina (3 god. osnovno + 2 god. uz registraciju) \u00a0 AZURI klima ure\u0111aji odlikuju se modernim dizajnom i\u2026","rel":"","context":"Srodne objave","img":{"alt_text":"","src":"https:\/\/i2.wp.com\/astehshop.com\/wp-content\/uploads\/2025\/04\/supra-black-2-ast-3276390-d.png?fit=1162%2C1120&resize=350%2C200","width":350,"height":200},"classes":[]},{"id":10153,"url":"http:\/\/astehshop.com\/index.php\/product\/azuri-naturalux-klima-uredaj-azi-wm70va\/","url_meta":{"origin":10152,"position":4},"title":"AZURI NATURALUX KLIMA URE\u0110AJ AZI-WM70VA","date":"6. travnja 2025.","format":false,"excerpt":"Novi Azuri NaturaLux model je tu! Najnoviji model marke Azuri odu\u0161eviti \u0107e Vas jednostavnim linijama, lako\u0107om upravljanja i odr\u017eavanja te pouzdanim radom. Kompaktan ure\u0111aj jednostavnog izgleda lako \u0107e se prilagoditi svakoj prostoriji, a uz odli\u010dne tehni\u010dke karakteristike zadovoljit \u0107e i one najzahtjevnije! Ovaj ure\u0111aj spas nudi i u uvjetima najve\u0107e\u2026","rel":"","context":"Srodne objave","img":{"alt_text":"","src":"https:\/\/i2.wp.com\/astehshop.com\/wp-content\/uploads\/2025\/04\/Klima-uredaj-AZURI-Naturalux-AZI-WM35VB-3.5kW-Inverter-WiFi.jpg?fit=1024%2C768&resize=350%2C200","width":350,"height":200},"classes":[]},{"id":10191,"url":"http:\/\/astehshop.com\/index.php\/product\/azuri-supra-klima-uredaj-azi-wo35vg-multi-split-unutrasnja-jedinica\/","url_meta":{"origin":10152,"position":5},"title":"AZURI Supra KLIMA URE\u0110AJ AZI-WO35VG Multi Split unutra\u0161nja jedinica","date":"6. travnja 2025.","format":false,"excerpt":"Unutarnja zidna jedinica za multi sustav U\u010dinak hla\u0111enja: 3,5kW (0,70-4,00) kW U\u010dinak grijanja: 3,67kW (0,80-4,50) kW Prikladno za prostor: do 35m2 Wi-Fi upravljanje je uklju\u010deno u cijenu Garancija: 5 godina (3 god. osnovno + 2 god. uz registraciju) \u00a0 AZURI klima ure\u0111aji odlikuju se modernim dizajnom i visokom energetskom u\u010dinkovito\u0161\u0107u.\u2026","rel":"","context":"Srodne objave","img":{"alt_text":"","src":"https:\/\/i2.wp.com\/astehshop.com\/wp-content\/uploads\/2025\/04\/SUPRA-1.png?fit=1024%2C1024&resize=350%2C200","width":350,"height":200},"classes":[]}],"_links":{"self":[{"href":"http:\/\/astehshop.com\/index.php\/wp-json\/wp\/v2\/product\/10152"}],"collection":[{"href":"http:\/\/astehshop.com\/index.php\/wp-json\/wp\/v2\/product"}],"about":[{"href":"http:\/\/astehshop.com\/index.php\/wp-json\/wp\/v2\/types\/product"}],"replies":[{"embeddable":true,"href":"http:\/\/astehshop.com\/index.php\/wp-json\/wp\/v2\/comments?post=10152"}],"wp:featuredmedia":[{"embeddable":true,"href":"http:\/\/astehshop.com\/index.php\/wp-json\/wp\/v2\/media\/10151"}],"wp:attachment":[{"href":"http:\/\/astehshop.com\/index.php\/wp-json\/wp\/v2\/media?parent=10152"}],"wp:term":[{"taxonomy":"product_cat","embeddable":true,"href":"http:\/\/astehshop.com\/index.php\/wp-json\/wp\/v2\/product_cat?post=10152"},{"taxonomy":"product_tag","embeddable":true,"href":"http:\/\/astehshop.com\/index.php\/wp-json\/wp\/v2\/product_tag?post=10152"}],"curies":[{"name":"wp","href":"https:\/\/api.w.org\/{rel}","templated":true}]}}