{"id":10110,"date":"2025-03-30T16:30:11","date_gmt":"2025-03-30T14:30:11","guid":{"rendered":"http:\/\/astehshop.com\/?post_type=product&#038;p=10110"},"modified":"2026-01-14T18:41:19","modified_gmt":"2026-01-14T17:41:19","slug":"gree-cosmo-regular-gwh09awcxb-k6dna1g","status":"publish","type":"product","link":"http:\/\/astehshop.com\/index.php\/product\/gree-cosmo-regular-gwh09awcxb-k6dna1g\/","title":{"rendered":"Gree Cosmo Regular GWH09AWCXB-K6DNA1G"},"content":{"rendered":"<p>GREE <strong>inverter<\/strong> klima ure\u0111aj GWH09AWCXB COSMO Regular <strong>9-ka<\/strong> \u2013 ure\u0111aj kapaciteta <strong>9000 BTU<\/strong>, sa ugra\u0111enim <strong>WiFi<\/strong> modulom.<\/p>\n<p>Izvrstan model koji vas ne\u0107e iznevjeriti u svim vremenskim ekstremima, bilo rije\u010d o hla\u0111enju ili grijanju. Visoku udobnost prostora osigurava izuzetno tihi rad, Cold plasma ionizator koji \u0107e ukloniti \u010dak 90 % bakterija i grinja iz svakog kutka prostorije te pomo\u0107u I-Feel funkcije sami birate temperaturu tamo gdje se nalazite. Posebno dizajnirana unutarnja jedinica sprije\u010dava stvaranje plijesni, a funkcijom odvla\u017eivanja bez promjene temperature smanjujete nivo vlage u prostoriji. Ovim i mnogim drugim funckijama mo\u017eete upravljati i putem vlastitog pametnog telefona, gdje god se nalazili zahvaljuju\u0107i integrisanom Wi-Fi sistemu.<\/p>\n<p>&nbsp;<\/p>\n<p>&nbsp;<\/p>\n<div><\/div>\n<div><a href=\"https:\/\/register.deltron.ba\/\">Registruj svoj GREE ure\u0111aj klikom ovdje<\/a><\/div>\n<div><\/div>\n<div>MONTA\u017dA MONO-SPLIT KLIMA URE\u0110AJA jedne unutarnje i jedne vanjske jediniceNa web shopu TechnoShopBN monta\u017ea nije uklju\u010dena u cijenu klima ure\u0111aja.<br \/>\nOvla\u0161tenu monta\u017eu klima ure\u0111aja obavljamo na podru\u010dju Bijeljine i okoline do 20KM<br \/>\nAko \u017eelite ovla\u0161tenu monta\u017eu dodajte je u korpu i platite zajedno sa klima ure\u0111ajem koji izaberete<br \/>\nNakon pla\u0107anja klima ure\u0111aja i ukoliko \u017eelite monta\u017eu, ostavite nam kontakt podatke kako bi Vas monta\u017eer mogao kontaktirati<br \/>\nGarancija monta\u017eu vrijedi do isteka garancije na klima ure\u0111aj.Standardna monta\u017ea mono-split klima ure\u0111aja podrazumijeva monta\u017eu unutarnje i vanjske jedinice na visini do 5 metara, bez upotrebe skele ili auto dizalice.<br \/>\nKod ve\u0107ih visina dodatno se napla\u0107uju visinski radovi ili se anga\u017euje auto korpa ili postavlja skela koju dodatno pla\u0107a i osigurava kupac.<br \/>\nAko je potrebno demontirati i po potrebi ekolo\u0161ki zbrinuti stari klima ure\u0111aj, demonta\u017ea se dodatno pla\u0107a prema<br \/>\nMolimo Vas da nas prema potrebi kontaktirate za detalje kako bi prije izvo\u0111enja dobili sve informacije o potrebnim radovima i cijeni<iframe  id=\"_ytid_79053\"  width=\"480\" height=\"270\"  data-origwidth=\"480\" data-origheight=\"270\"  src=\"https:\/\/www.youtube.com\/embed\/rP7mvWgxQQY?enablejsapi=1&autoplay=0&cc_load_policy=0&cc_lang_pref=&iv_load_policy=1&loop=0&modestbranding=0&rel=1&fs=1&playsinline=0&autohide=2&theme=dark&color=red&controls=1&\" class=\"__youtube_prefs__  no-lazyload\" title=\"YouTube player\"  allow=\"autoplay; encrypted-media\" allowfullscreen data-no-lazy=\"1\" data-skipgform_ajax_framebjll=\"\"><\/iframe>\n<p>&nbsp;<\/p>\n<p>U standardnu monta\u017eu klima ure\u0111aja uklju\u010deno je:<\/p>\n<p>Dobava i postavljanje do 3 metra plinskih i elektro instalacija izme\u0111u unutarnje i vanjske jedinice<br \/>\nDobava i postavljanje do 3 metra PVC kanala za postavljanje instalacije izme\u0111u unutarnje i vanjske jedinice \u2013 nadgradno<br \/>\nDobava i postavljanje do 3 metra PVC kanala sa elektri\u010dnim kabelom za napajanje klima ure\u0111aja \u2013 nadgradno<br \/>\nDobava i postavljanje do 3 metra cijevi za odvod vode-kondenzata, slobodnim padom u pripremljeni odvod<br \/>\nDobava i postavljanje 1 par pocin\u010danih nosa\u010da za monta\u017eu vanjske jedinice (ukoliko nosa\u010di ve\u0107 postoje, to ne umanjuje cijenu usluge)<br \/>\nPotro\u0161ni materijal (\u0161arafi, tiplovi, izolacijska traka, vezice, silikon, gips i ostali potrebni materijal za monta\u017eu)<br \/>\n1 probijanje zida fi 55, debljine do 40cm (ukoliko rupa ve\u0107 postoji, to ne umanjuje cijenu usluge)<br \/>\nMonta\u017ea unutarnje i vanjske jedinice<br \/>\nSpajanje plinskih i elektro instalacija na unutarnjoj i vanjskoj jedinici<br \/>\nSpajanje napajanja na postoje\u0107u elektri\u010dnu instalaciju<br \/>\nVakumiranje<br \/>\nPu\u0161tanje u rad<br \/>\nTestiranje rada klime<br \/>\n\u010ci\u0161\u0107enje mijesta rada<br \/>\nOvjera garancije<\/p>\n<p><strong>Ukoliko monta\u017eu obavi osoba ili firma koju anga\u017euje kupac, a koja nije ovla\u0161tena za monta\u017eu klima ure\u0111aja, ista preuzima i odgovornost za eventualne kvarove i neispravnost na ure\u0111aju i monta\u017ei te u tom slu\u010daju Prodavatelj nije odgovoran za nastalu \u0161tetu a kupac gubi garanciju.<\/strong><\/p>\n<\/div>\n","protected":false},"excerpt":{"rendered":"<p>GREE <strong>inverter<\/strong> klima ure\u0111aj GWH09AWCXB COSMO Regular <strong>9-ka<\/strong> \u2013 ure\u0111aj kapaciteta <strong>9000 BTU<\/strong>, sa ugra\u0111enim <strong>WiFi<\/strong> modulom.<\/p>\n<p>Izvrstan model koji vas ne\u0107e iznevjeriti u svim vremenskim ekstremima, bilo rije\u010d o hla\u0111enju ili grijanju. Visoku udobnost prostora osigurava izuzetno tihi rad, Cold plasma ionizator koji \u0107e ukloniti \u010dak 90 % bakterija i grinja iz svakog kutka prostorije te pomo\u0107u I-Feel funkcije sami birate temperaturu tamo gdje se nalazite. Posebno dizajnirana unutarnja jedinica sprije\u010dava stvaranje plijesni, a funkcijom odvla\u017eivanja bez promjene temperature smanjujete nivo vlage u prostoriji. Ovim i mnogim drugim funckijama mo\u017eete upravljati i putem vlastitog pametnog telefona, gdje god se nalazili zahvaljuju\u0107i integrisanom Wi-Fi sistemu.<\/p>\n","protected":false},"featured_media":10111,"comment_status":"open","ping_status":"closed","template":"","meta":{"_mi_skip_tracking":false,"_exactmetrics_sitenote_active":false,"_exactmetrics_sitenote_note":"","_exactmetrics_sitenote_category":0,"spay_email":""},"product_cat":[2458],"product_tag":[7744,7745,7743,7746],"brands":[{"id":7715,"name":"gree","slug":"gree"}],"df_price":1189,"df_sale_price":"","df_regular_price":1189,"df_image_link":"https:\/\/i0.wp.com\/astehshop.com\/wp-content\/uploads\/2025\/03\/cosmo-re-600x600-1.png?fit=450%2C450","jetpack_publicize_connections":[],"jetpack_sharing_enabled":true,"jetpack_likes_enabled":true,"jetpack-related-posts":[{"id":10249,"url":"http:\/\/astehshop.com\/index.php\/product\/gree-mona-gph12ao-k5nna1d-prijenosna-klima\/","url_meta":{"origin":10110,"position":0},"title":"Gree Mona GPH12AO-K5NNA1D  prijenosna klima","date":"12. travnja 2025.","format":false,"excerpt":"Udobnost i prakti\u010dnost su klju\u010dni aspekti suvremenog \u017eivota, a GREE Mona GPH12AO-K5NNA1D (WiFi) prijenosni klima ure\u0111aj predstavlja savr\u0161eno rje\u0161enje za odr\u017eavanje \u017eeljene temperature u va\u0161em domu ili uredu. Ovaj inovativni ure\u0111aj nudi \u0161irok spektar mogu\u0107nosti, pru\u017eaju\u0107i vam potpunu kontrolu nad klimatizacijom prostora. Jedna od izvanrednih karakteristika GREE Mona klima ure\u0111aja\u2026","rel":"","context":"Srodne objave","img":{"alt_text":"","src":"https:\/\/i2.wp.com\/astehshop.com\/wp-content\/uploads\/2025\/04\/Prijenosna-klima-uredaj-GREE-Mona-GPH12AN-1-1.png?fit=990%2C1010&resize=350%2C200","width":350,"height":200},"classes":[]},{"id":10230,"url":"http:\/\/astehshop.com\/index.php\/product\/gree-cosmo-regular-klima-uredaj-gwh18awdxd-k6dna1a\/","url_meta":{"origin":10110,"position":1},"title":"Gree Cosmo Regular Klima Ure\u0111aj GWH18AWDXD-K6DNA1A","date":"12. travnja 2025.","format":false,"excerpt":"U\u010dinak hla\u0111enja: 5,3kW (1 - 6,4) kW U\u010dinak grijanja: 5,6kW (1,2 - 6,8) kW Freon : R32 Grije do -25\u00b0C vanjske temperature! Preporuka za primarno grijanje na vrlo niskim vanjskim temperaturama! Prikladno za prostor do 50m2 Energetska klasa: A++ Wi-Fi upravljanje je uklju\u010deno u cijenu Garancija : 5 godina (3\u2026","rel":"","context":"Srodne objave","img":{"alt_text":"","src":"https:\/\/i1.wp.com\/astehshop.com\/wp-content\/uploads\/2025\/04\/cosmo-regular.png?fit=580%2C584&resize=350%2C200","width":350,"height":200},"classes":[]},{"id":10238,"url":"http:\/\/astehshop.com\/index.php\/product\/gree-cosmo-economical-gwh24awdxe-k6dna3a-klima-uredaj\/","url_meta":{"origin":10110,"position":2},"title":"Gree Cosmo Economical GWH24AWDXE-K6DNA3A klima ure\u0111aj","date":"12. travnja 2025.","format":false,"excerpt":"ree Cosmo Economical klima ure\u0111aj \u2013 Idealno rje\u0161enje za Va\u0161 dom Kako se ljeto pribli\u017eava i temperature rastu, potro\u0161a\u010di \u0161irom Bosne i Hercegovine tra\u017ee efikasna i pristupa\u010dna rje\u0161enja za hla\u0111enje svojih domova. Me\u0111u brojnim opcijama na tr\u017ei\u0161tu, Gree Cosmo Economical klima ure\u0111aj isti\u010de se kao jedan od najboljih izbora zahvaljuju\u0107i\u2026","rel":"","context":"Srodne objave","img":{"alt_text":"","src":"https:\/\/i2.wp.com\/astehshop.com\/wp-content\/uploads\/2025\/04\/Cosmo-Economical.webp?fit=900%2C900&resize=350%2C200","width":350,"height":200},"classes":[]},{"id":10108,"url":"http:\/\/astehshop.com\/index.php\/product\/gree-klima-uredaj-airy-gwh18avdxe-k6dna1a\/","url_meta":{"origin":10110,"position":3},"title":"Gree klima ure\u0111aj Airy GWH18AVDXE-K6DNA1A","date":"30. o\u017eujka 2025.","format":false,"excerpt":"Revolucija u klimatizaciji: Gree Airy donosi prije svega eleganciju i efikasnost. Klimatizacijski ure\u0111aj Gree Airy predstavlja inovativni korak naprijed u dizajnu i tehnologiji klimatizacije. Sa elegantnim dizajnom i zatvorenim izlazom zraka otpornim na pra\u0161inu, ovaj ure\u0111aj ne samo da izgleda moderno, ve\u0107 osigurava i dugotrajnu \u010disto\u0107u. Superiorna tehnologija odmrzavanja Airy\u2026","rel":"","context":"Srodne objave","img":{"alt_text":"","src":"https:\/\/i2.wp.com\/astehshop.com\/wp-content\/uploads\/2025\/03\/gree-19-airy.png?fit=808%2C698&resize=350%2C200","width":350,"height":200},"classes":[]},{"id":10236,"url":"http:\/\/astehshop.com\/index.php\/product\/gree-cosmo-economical-klima-uredaj-gwh12awbxb-k6dna1d\/","url_meta":{"origin":10110,"position":4},"title":"Gree Cosmo Economical klima ure\u0111aj GWH12AWBXB-K6DNA1D","date":"12. travnja 2025.","format":false,"excerpt":"GREE klima ure\u0111aj GWH12AWBXB COSMO ECONOMICAL | Namjena za prostor od: 26 do 35 m2 | Rashladno sredstvo: R32 | Tip klime: Inverter | Energetska hla\u0111enja: A++ | Energetska grijanja: A+ | WiFi: Da \u00a0 Jedinice su opremljene vertikalnim i horizontalnim krilcima. \u2022 Maksimalna udobnost \u2013 prilagodba distribucije zraka prema\u2026","rel":"","context":"Srodne objave","img":{"alt_text":"","src":"https:\/\/i2.wp.com\/astehshop.com\/wp-content\/uploads\/2025\/04\/Cosmo-Economical.webp?fit=900%2C900&resize=350%2C200","width":350,"height":200},"classes":[]},{"id":10227,"url":"http:\/\/astehshop.com\/index.php\/product\/gree-comso-regular-gwh12awcxd-k6dna\/","url_meta":{"origin":10110,"position":5},"title":"Gree Comso Regular GWH12AWCXD-K6DNA","date":"12. travnja 2025.","format":false,"excerpt":"GREE klima ure\u0111aj GWH12AWCXD COSMO REGULAR | Namjena za prostor od: 26 do 35 m2 | Rashladno sredstvo: R32 | Tip klime: Inverter | Energetska hla\u0111enja: A++ | Energetska grijanja: A+ | Grija\u010d vanjske jedinice | WiFi: Da Grija\u010d vanjske jedinice! Jedinice su opremljene vertikalnim i horizontalnim krilcima. \u2022 Maksimalna\u2026","rel":"","context":"Srodne objave","img":{"alt_text":"","src":"https:\/\/i1.wp.com\/astehshop.com\/wp-content\/uploads\/2025\/04\/cosmo-regular.png?fit=580%2C584&resize=350%2C200","width":350,"height":200},"classes":[]}],"_links":{"self":[{"href":"http:\/\/astehshop.com\/index.php\/wp-json\/wp\/v2\/product\/10110"}],"collection":[{"href":"http:\/\/astehshop.com\/index.php\/wp-json\/wp\/v2\/product"}],"about":[{"href":"http:\/\/astehshop.com\/index.php\/wp-json\/wp\/v2\/types\/product"}],"replies":[{"embeddable":true,"href":"http:\/\/astehshop.com\/index.php\/wp-json\/wp\/v2\/comments?post=10110"}],"wp:featuredmedia":[{"embeddable":true,"href":"http:\/\/astehshop.com\/index.php\/wp-json\/wp\/v2\/media\/10111"}],"wp:attachment":[{"href":"http:\/\/astehshop.com\/index.php\/wp-json\/wp\/v2\/media?parent=10110"}],"wp:term":[{"taxonomy":"product_cat","embeddable":true,"href":"http:\/\/astehshop.com\/index.php\/wp-json\/wp\/v2\/product_cat?post=10110"},{"taxonomy":"product_tag","embeddable":true,"href":"http:\/\/astehshop.com\/index.php\/wp-json\/wp\/v2\/product_tag?post=10110"}],"curies":[{"name":"wp","href":"https:\/\/api.w.org\/{rel}","templated":true}]}}