{"id":10106,"date":"2025-03-30T15:40:34","date_gmt":"2025-03-30T13:40:34","guid":{"rendered":"http:\/\/astehshop.com\/?post_type=product&#038;p=10106"},"modified":"2026-01-14T18:41:21","modified_gmt":"2026-01-14T17:41:21","slug":"gree-klima-airy-gwh12avcxd-k6dna1a","status":"publish","type":"product","link":"http:\/\/astehshop.com\/index.php\/product\/gree-klima-airy-gwh12avcxd-k6dna1a\/","title":{"rendered":"Gree klima Airy GWH12AVCXD-K6DNA1A"},"content":{"rendered":"<ul>\n<li>Tip klime: Inverter<\/li>\n<li>Namjena za prostor od: 26 do 35 m2<\/li>\n<li>Podru\u010dje hla\u0111enja: -15\u00b0C do 50\u00b0C; Podru\u010dje grijanja: -25\u00b0C do 30\u00b0C<\/li>\n<li>Energetska klasa hla\u0111enje\/grijanje: A+++\/A++<\/li>\n<li>U\u010dinak hla\u0111enja: 3500 W (850-4500 W), u\u010dinak grijanja: 3810 W (1000-4900 W)<\/li>\n<li>SEER koeficijent 8.5, SCOP koeficijent 4.6<\/li>\n<li>Rashladno sredstvo: R32<\/li>\n<li>Wi-Fi su\u010delje, LED Display<\/li>\n<li>7 brzina ventilatora<\/li>\n<li>I-Feel funkcija<\/li>\n<li>Samodijagnoza<\/li>\n<li>Vertikalno i horizontalno zakretanje krilaca<\/li>\n<li>Cold Plasma filter za ioniziranje zraka<\/li>\n<li>Grija\u010d vanjske jedinice<\/li>\n<li>Inteligentno predzagrijavanje i odmrzavanje<\/li>\n<li>No\u0107ni na\u010din rada (3 no\u0107ne krivulje)<\/li>\n<li>UV-C UV svjetlo za sterilizaciju<\/li>\n<li>Maksimalna visinska razlika: 10 m, Max. du\u017eina instalacije: 20 m, promjer cijevi teku\u0107e faze: 6.35 mm, promjer cijevi plinovite faze: 9.52 mm<\/li>\n<li>Boja: Bijela<\/li>\n<li>Dimenzije unutra\u0161nje jedinice (\u0160xVxD): 292x907x200 mm, vanjske jedinice (\u0160xVxD): 555x802x350 mm<\/li>\n<li>Garancija: 3 godine<\/li>\n<\/ul>\n<p>&nbsp;<\/p>\n<p>AIRY- komplet zidna unutra\u0161nja i vanjska jedinica<\/p>\n<p>Otkrijte savr\u0161enu kombinaciju tehnolo\u0161kih inovacija, izvanrednih performansi i profinjene elegancije s najnovijim dodatkom asortimanu ku\u0107ne serije \u2013 Gree Airy modelima. Dizajnirane za besprijekornu integraciju u svaki prostor, opremljene \u0161irokom lepezom funkcija, UV-C tehnologijom te umjetnom inteligencijom predstavljaju pravi iskorak u klimatizaciji i ure\u0111aje koji \u0107e zadovoljiti potrebe i najzahtjevnijih korisnika.<\/p>\n<iframe  id=\"_ytid_82301\"  width=\"480\" height=\"270\"  data-origwidth=\"480\" data-origheight=\"270\"  src=\"https:\/\/www.youtube.com\/embed\/MmEM3mSBBb4?enablejsapi=1&autoplay=0&cc_load_policy=0&cc_lang_pref=&iv_load_policy=1&loop=0&modestbranding=0&rel=1&fs=1&playsinline=0&autohide=2&theme=dark&color=red&controls=1&\" class=\"__youtube_prefs__  no-lazyload\" title=\"YouTube player\"  allow=\"autoplay; encrypted-media\" allowfullscreen data-no-lazy=\"1\" data-skipgform_ajax_framebjll=\"\"><\/iframe>\n<p>&nbsp;<\/p>\n<div><\/div>\n<div><a href=\"https:\/\/register.deltron.ba\/\">Registruj svoj GREE ure\u0111aj klikom ovdje<\/a><\/div>\n<div><\/div>\n<div>MONTA\u017dA MONO-SPLIT KLIMA URE\u0110AJA jedne unutarnje i jedne vanjske jediniceNa web shopu TechnoShopBN monta\u017ea nije uklju\u010dena u cijenu klima ure\u0111aja.<br \/>\nOvla\u0161tenu monta\u017eu klima ure\u0111aja obavljamo na podru\u010dju Bijeljine i okoline do 20KM<br \/>\nAko \u017eelite ovla\u0161tenu monta\u017eu dodajte je u korpu i platite zajedno sa klima ure\u0111ajem koji izaberete<br \/>\nNakon pla\u0107anja klima ure\u0111aja i ukoliko \u017eelite monta\u017eu, ostavite nam kontakt podatke kako bi Vas monta\u017eer mogao kontaktirati<br \/>\nGarancija monta\u017eu vrijedi do isteka garancije na klima ure\u0111aj.Standardna monta\u017ea mono-split klima ure\u0111aja podrazumijeva monta\u017eu unutarnje i vanjske jedinice na visini do 5 metara, bez upotrebe skele ili auto dizalice.<br \/>\nKod ve\u0107ih visina dodatno se napla\u0107uju visinski radovi ili se anga\u017euje auto korpa ili postavlja skela koju dodatno pla\u0107a i osigurava kupac.<br \/>\nAko je potrebno demontirati i po potrebi ekolo\u0161ki zbrinuti stari klima ure\u0111aj, demonta\u017ea se dodatno pla\u0107a prema<br \/>\nMolimo Vas da nas prema potrebi kontaktirate za detalje kako bi prije izvo\u0111enja dobili sve informacije o potrebnim radovima i cijeni&nbsp;<\/p>\n<p>&nbsp;<\/p>\n<p>U standardnu monta\u017eu klima ure\u0111aja uklju\u010deno je:<\/p>\n<p>Dobava i postavljanje do 3 metra plinskih i elektro instalacija izme\u0111u unutarnje i vanjske jedinice<br \/>\nDobava i postavljanje do 3 metra PVC kanala za postavljanje instalacije izme\u0111u unutarnje i vanjske jedinice \u2013 nadgradno<br \/>\nDobava i postavljanje do 3 metra PVC kanala sa elektri\u010dnim kabelom za napajanje klima ure\u0111aja \u2013 nadgradno<br \/>\nDobava i postavljanje do 3 metra cijevi za odvod vode-kondenzata, slobodnim padom u pripremljeni odvod<br \/>\nDobava i postavljanje 1 par pocin\u010danih nosa\u010da za monta\u017eu vanjske jedinice (ukoliko nosa\u010di ve\u0107 postoje, to ne umanjuje cijenu usluge)<br \/>\nPotro\u0161ni materijal (\u0161arafi, tiplovi, izolacijska traka, vezice, silikon, gips i ostali potrebni materijal za monta\u017eu)<br \/>\n1 probijanje zida fi 55, debljine do 40cm (ukoliko rupa ve\u0107 postoji, to ne umanjuje cijenu usluge)<br \/>\nMonta\u017ea unutarnje i vanjske jedinice<br \/>\nSpajanje plinskih i elektro instalacija na unutarnjoj i vanjskoj jedinici<br \/>\nSpajanje napajanja na postoje\u0107u elektri\u010dnu instalaciju<br \/>\nVakumiranje<br \/>\nPu\u0161tanje u rad<br \/>\nTestiranje rada klime<br \/>\n\u010ci\u0161\u0107enje mijesta rada<br \/>\nOvjera garancije<\/p>\n<p><strong>Ukoliko monta\u017eu obavi osoba ili firma koju anga\u017euje kupac, a koja nije ovla\u0161tena za monta\u017eu klima ure\u0111aja, ista preuzima i odgovornost za eventualne kvarove i neispravnost na ure\u0111aju i monta\u017ei te u tom slu\u010daju Prodavatelj nije odgovoran za nastalu \u0161tetu a kupac gubi garanciju.<\/strong><\/p>\n<\/div>\n","protected":false},"excerpt":{"rendered":"<ul>\n<li>Tip klime: Inverter<\/li>\n<li>Namjena za prostor od: 26 do 35 m2<\/li>\n<li>Podru\u010dje hla\u0111enja: -15\u00b0C do 50\u00b0C; Podru\u010dje grijanja: -25\u00b0C do 30\u00b0C<\/li>\n<li>Energetska klasa hla\u0111enje\/grijanje: A+++\/A++<\/li>\n<li>U\u010dinak hla\u0111enja: 3500 W (850-4500 W), u\u010dinak grijanja: 3810 W (1000-4900 W)<\/li>\n<li>SEER koeficijent 8.5, SCOP koeficijent 4.6<\/li>\n<li>Rashladno sredstvo: R32<\/li>\n<li>Wi-Fi su\u010delje, LED Display<\/li>\n<li>7 brzina ventilatora<\/li>\n<\/ul>\n","protected":false},"featured_media":10107,"comment_status":"open","ping_status":"closed","template":"","meta":{"_mi_skip_tracking":false,"_exactmetrics_sitenote_active":false,"_exactmetrics_sitenote_note":"","_exactmetrics_sitenote_category":0,"spay_email":""},"product_cat":[2458],"product_tag":[7737,7739,7717,7736,1620,5688,7738,1619,2468,7117,7166,7682],"brands":[{"id":7715,"name":"gree","slug":"gree"}],"df_price":1570,"df_sale_price":"","df_regular_price":1570,"df_image_link":"https:\/\/i0.wp.com\/astehshop.com\/wp-content\/uploads\/2025\/03\/GWH12AVCXD-K6DNA1A.jpg?fit=450%2C450","jetpack_publicize_connections":[],"jetpack_sharing_enabled":true,"jetpack_likes_enabled":true,"jetpack-related-posts":[{"id":10242,"url":"http:\/\/astehshop.com\/index.php\/product\/gree-s-cool-klima-uredaj-gwh12apaxe-k6dna3a\/","url_meta":{"origin":10106,"position":0},"title":"Gree S-COOL klima ure\u0111aj GWH12APAXE-K6DNA3A","date":"12. travnja 2025.","format":false,"excerpt":"Klimatizacijski ure\u0111aj S-cool \u2013 Va\u0161 savr\u0161eni izbor za ugodan dom Upoznajte novi model\u00a0 Gree proizvodnje S-cool, dizajniran za nenadma\u0161ivu energetsku efikasnost\u00a0 i vrhunski ugo\u0111aj. Klju\u010dne prednosti: *Energetska efikasnost: Odr\u017eava \u017eeljenu temperaturu uz minimalnu potro\u0161nju energije. Energetski razredi\u00a0 \u00a0A+++ i za grijanje i hla\u0111enje *Ekolo\u0161ki prihvatljiv: Rashladni medij R32 sa niskim\u2026","rel":"","context":"Srodne objave","img":{"alt_text":"","src":"https:\/\/i1.wp.com\/astehshop.com\/wp-content\/uploads\/2025\/04\/s-cool-kpl-2-ast-3258601-p.png?fit=900%2C900&resize=350%2C200","width":350,"height":200},"classes":[]},{"id":7771,"url":"http:\/\/astehshop.com\/index.php\/product\/klima-uredaj-18000btu-premium-20-wifi-inverter-a-a\/","url_meta":{"origin":10106,"position":1},"title":"Klima ure\u0111aj, 18000Btu, premium -20\u00b0, Wifi, Inverter, A++\/A+","date":"15. svibnja 2023.","format":false,"excerpt":"Klima ure\u0111aj TAC-18CHSD\/LFI, 18000 Btu, kapacitet hla\u0111enja 5.1 ( 1.25 - 5.90 ) kW, kapacitet grijanja 5.13 ( 1.25 - 6.08 ) kW Protok zraka 820 m\u00b3\/h, temperaturni opseg u modu hla\u0111enja -15\u00b0C - 53\u00b0C, premium -20\u00b0, grija\u010d vanjske jedinice, temperaturni opseg u modu grijanja -20\u00b0C - +30\u00b0C Rashladni plin\u2026","rel":"","context":"Srodne objave","img":{"alt_text":"","src":"https:\/\/i1.wp.com\/astehshop.com\/wp-content\/uploads\/2023\/05\/frozini-24-scaled.jpg?fit=1200%2C888&resize=350%2C200","width":350,"height":200},"classes":[]},{"id":7769,"url":"http:\/\/astehshop.com\/index.php\/product\/klima-uredaj-24000btu-premium-20-wifi-inverter-a-a\/","url_meta":{"origin":10106,"position":2},"title":"Klima ure\u0111aj, 24000Btu, premium -20\u00b0, Wifi, Inverter, A++\/A+","date":"15. svibnja 2023.","format":false,"excerpt":"Klima ure\u0111aj TAC-24CHSD\/LFI, 24000 Btu, kapacitet hla\u0111enja 6.84 ( 1.83 - 7.82 ) kW, kapacitet grijanja 7.05 ( 1.85 - 7.96 ) kW Protok zraka 1100 m\u00b3\/h, temperaturni opseg u modu hla\u0111enja -15\u00b0C - 53\u00b0C, premium -20\u00b0, grija\u010d vanjske jedinice, temperaturni opseg u modu grijanja -20\u00b0C - +30\u00b0C Rashladni plin\u2026","rel":"","context":"Srodne objave","img":{"alt_text":"","src":"https:\/\/i1.wp.com\/astehshop.com\/wp-content\/uploads\/2023\/05\/frozzini-24-bez-nosaca-scaled.jpg?fit=1200%2C936&resize=350%2C200","width":350,"height":200},"classes":[]},{"id":10232,"url":"http:\/\/astehshop.com\/index.php\/product\/gree-cosmo-regular-klima-uredaj-gwh24awexf-k6dna1a\/","url_meta":{"origin":10106,"position":3},"title":"Gree Cosmo Regular klima ure\u0111aj GWH24AWEXF-K6DNA1A","date":"12. travnja 2025.","format":false,"excerpt":"GREE klima ure\u0111aj GWH24AWEXF COSMO REGULAR | Namjena za prostor od: 51 do 75 m2 | Rashladno sredstvo: R32 | Tip klime: Inverter | Energetska hla\u0111enja: A++ | Energetska grijanja: A+ | Grija\u010d vanjske jedinice | WiFi: Da Grija\u010d vanjske jedinice! Jedinice su opremljene vertikalnim i horizontalnim krilcima. \u2022 Maksimalna\u2026","rel":"","context":"Srodne objave","img":{"alt_text":"","src":"https:\/\/i1.wp.com\/astehshop.com\/wp-content\/uploads\/2025\/04\/cosmo-regular.png?fit=580%2C584&resize=350%2C200","width":350,"height":200},"classes":[]},{"id":10239,"url":"http:\/\/astehshop.com\/index.php\/product\/gree-s-cool-klima-uredaj-gwh09apaxe-k6dna3a\/","url_meta":{"origin":10106,"position":4},"title":"Gree S-COOL klima ure\u0111aj GWH09APAXE-K6DNA3A","date":"12. travnja 2025.","format":false,"excerpt":"Klimatizacijski ure\u0111aj S-cool \u2013 Va\u0161 savr\u0161eni izbor za ugodan dom Upoznajte novi model\u00a0 Gree proizvodnje S-cool, dizajniran za nenadma\u0161ivu energetsku efikasnost\u00a0 i vrhunski ugo\u0111aj. Klju\u010dne prednosti: *Energetska efikasnost: Odr\u017eava \u017eeljenu temperaturu uz minimalnu potro\u0161nju energije. Energetski razredi\u00a0 \u00a0 A+++ i za grijanje i hla\u0111enje *Ekolo\u0161ki prihvatljiv: Rashladni medij R32 sa\u2026","rel":"","context":"Srodne objave","img":{"alt_text":"","src":"https:\/\/i1.wp.com\/astehshop.com\/wp-content\/uploads\/2025\/04\/s-cool-kpl-2-ast-3258601-p.png?fit=900%2C900&resize=350%2C200","width":350,"height":200},"classes":[]},{"id":10234,"url":"http:\/\/astehshop.com\/index.php\/product\/gree-cosmo-economical-gwh09awaxb-k6dna3b-klima-uredaj\/","url_meta":{"origin":10106,"position":5},"title":"Gree Cosmo Economical GWH09AWAXB-K6DNA3B klima ure\u0111aj","date":"12. travnja 2025.","format":false,"excerpt":"Wi-Fi su\u010delje LED display 7 brzina ventilatora I-Feel funkcija Samodijagnoza Vertikalno i horizontalno zakretanje krilaca Cold Plasma filter za ioniziranje zraka Grija\u010d vanjske jedinice Inteligentno predzagrijavanje i odmrzavanje No\u0107ni na\u010din rada Nominalni kapacitet grijanja: 2,80 kW Nominalni kapacitet hla\u0111enja: 2,5 kW U\u010dinak grijanja (min\/nom\/max): 0,5 - 2,8 - 3,7 kW\u2026","rel":"","context":"Srodne objave","img":{"alt_text":"","src":"https:\/\/i2.wp.com\/astehshop.com\/wp-content\/uploads\/2025\/04\/Cosmo-Economical.webp?fit=900%2C900&resize=350%2C200","width":350,"height":200},"classes":[]}],"_links":{"self":[{"href":"http:\/\/astehshop.com\/index.php\/wp-json\/wp\/v2\/product\/10106"}],"collection":[{"href":"http:\/\/astehshop.com\/index.php\/wp-json\/wp\/v2\/product"}],"about":[{"href":"http:\/\/astehshop.com\/index.php\/wp-json\/wp\/v2\/types\/product"}],"replies":[{"embeddable":true,"href":"http:\/\/astehshop.com\/index.php\/wp-json\/wp\/v2\/comments?post=10106"}],"wp:featuredmedia":[{"embeddable":true,"href":"http:\/\/astehshop.com\/index.php\/wp-json\/wp\/v2\/media\/10107"}],"wp:attachment":[{"href":"http:\/\/astehshop.com\/index.php\/wp-json\/wp\/v2\/media?parent=10106"}],"wp:term":[{"taxonomy":"product_cat","embeddable":true,"href":"http:\/\/astehshop.com\/index.php\/wp-json\/wp\/v2\/product_cat?post=10106"},{"taxonomy":"product_tag","embeddable":true,"href":"http:\/\/astehshop.com\/index.php\/wp-json\/wp\/v2\/product_tag?post=10106"}],"curies":[{"name":"wp","href":"https:\/\/api.w.org\/{rel}","templated":true}]}}