{"id":10041,"date":"2025-03-22T15:07:13","date_gmt":"2025-03-22T14:07:13","guid":{"rendered":"http:\/\/astehshop.com\/?post_type=product&#038;p=10041"},"modified":"2025-03-22T15:07:14","modified_gmt":"2025-03-22T14:07:14","slug":"montaza-klima-uredaja-12-ukljuceno-do-3m-svih-instalacija-nosaci","status":"publish","type":"product","link":"http:\/\/astehshop.com\/index.php\/product\/montaza-klima-uredaja-12-ukljuceno-do-3m-svih-instalacija-nosaci\/","title":{"rendered":"Monta\u017ea klima ure\u0111aja 12\u201d ( uklju\u010deno do 3m svih instalacija ) + nosa\u010di"},"content":{"rendered":"<p>Za monta\u017eu zidne i vanjske jedinice na visini do 5m<br \/>\nUklju\u010dena je i monta\u017ea do 3 m svih instalacija i probijanje jednog zida fi 55 + nosa\u010di<br \/>\nUklju\u010deno 3m kondez crijeva<br \/>\nSvaki dodatni metar instalacije izme\u0111u unutarnje i vanjske jedinice napla\u0107uje se posebno<br \/>\nGarancija na monta\u017eu: do isteka garancije za klima ure\u0111aj<br \/>\nOvla\u0161teni za monta\u017eu klima ure\u0111aja kupljenih u TechnoShopBN<br \/>\nregion Bijeljina i bli\u017ea okolina 20 kilometara<\/p>\n","protected":false},"excerpt":{"rendered":"<p>Za monta\u017eu zidne i vanjske jedinice na visini do 5m<br \/>\nUklju\u010dena je i monta\u017ea do 3 m svih instalacija i probijanje jednog zida fi 55 + nosa\u010di<br \/>\nUklju\u010deno 3m kondez crijeva<br \/>\nSvaki dodatni metar instalacije izme\u0111u unutarnje i vanjske jedinice napla\u0107uje se posebno<br \/>\nGarancija na monta\u017eu: do isteka garancije za klima ure\u0111aj<br \/>\nOvla\u0161teni za monta\u017eu klima ure\u0111aja kupljenih u TechnoShopBN<br \/>\nregion Bijeljina i bli\u017ea okolina 20 kilometara<\/p>\n","protected":false},"featured_media":10036,"comment_status":"open","ping_status":"closed","template":"","meta":{"_mi_skip_tracking":false,"_exactmetrics_sitenote_active":false,"_exactmetrics_sitenote_note":"","_exactmetrics_sitenote_category":0,"spay_email":""},"product_cat":[7665,7664],"product_tag":[7701,7700,7698,7699,7697,7696],"brands":[],"df_price":260,"df_sale_price":"","df_regular_price":260,"df_image_link":"https:\/\/i0.wp.com\/astehshop.com\/wp-content\/uploads\/2025\/03\/SUNDOWN1.png?fit=450%2C450","jetpack_publicize_connections":[],"jetpack_sharing_enabled":true,"jetpack_likes_enabled":true,"jetpack-related-posts":[{"id":10045,"url":"http:\/\/astehshop.com\/index.php\/product\/montaza-klima-uredaja-24-ukljuceno-do-3m-svih-instalacija-nosaci\/","url_meta":{"origin":10041,"position":0},"title":"Monta\u017ea klima ure\u0111aja 24\u201d ( uklju\u010deno do 3m svih instalacija ) + nosa\u010di","date":"22. o\u017eujka 2025.","format":false,"excerpt":"Za monta\u017eu zidne i vanjske jedinice na visini do 5m Uklju\u010dena je i monta\u017ea do 3 m svih instalacija i probijanje jednog zida fi 55 + nosa\u010di Uklju\u010deno 3m kondez crijeva Svaki dodatni metar instalacije izme\u0111u unutarnje i vanjske jedinice napla\u0107uje se posebno Garancija na monta\u017eu: do isteka garancije za\u2026","rel":"","context":"Srodne objave","img":{"alt_text":"","src":"https:\/\/i0.wp.com\/astehshop.com\/wp-content\/uploads\/2025\/03\/SUNDOWN1.png?fit=1080%2C1080&resize=350%2C200","width":350,"height":200},"classes":[]},{"id":10043,"url":"http:\/\/astehshop.com\/index.php\/product\/montaza-klima-uredaja-18-ukljuceno-do-3m-svih-instalacija-nosaci\/","url_meta":{"origin":10041,"position":1},"title":"Monta\u017ea klima ure\u0111aja 18\u201d ( uklju\u010deno do 3m svih instalacija ) + nosa\u010di","date":"22. o\u017eujka 2025.","format":false,"excerpt":"Za monta\u017eu zidne i vanjske jedinice na visini do 5m Uklju\u010dena je i monta\u017ea do 3 m svih instalacija i probijanje jednog zida fi 55 + nosa\u010di Uklju\u010deno 3m kondez crijeva Svaki dodatni metar instalacije izme\u0111u unutarnje i vanjske jedinice napla\u0107uje se posebno Garancija na monta\u017eu: do isteka garancije za\u2026","rel":"","context":"Srodne objave","img":{"alt_text":"","src":"https:\/\/i0.wp.com\/astehshop.com\/wp-content\/uploads\/2025\/03\/SUNDOWN1.png?fit=1080%2C1080&resize=350%2C200","width":350,"height":200},"classes":[]},{"id":10039,"url":"http:\/\/astehshop.com\/index.php\/product\/montaza-klima-uredaja-24-na-postojece-instalacije\/","url_meta":{"origin":10041,"position":2},"title":"Monta\u017ea klima ure\u0111aja 24\u201d na postoje\u0107e instalacije","date":"22. o\u017eujka 2025.","format":false,"excerpt":"Za monta\u017eu zidne i vanjske jedinice na visini do 5m na postavljene i odgovaraju\u0107e instalacije Garancija na monta\u017eu vrijedi do isteka garancije za klima ure\u0111aj Ovla\u0161tenu monta\u017eu klima ure\u0111aja kupljenih u TechnoShopBN za monta\u017eu unutarnje i vanjske jedinice mono split klima ure\u0111aja na postavljene instalacije region Bijeljina i bli\u017ea okolina\u2026","rel":"","context":"Srodne objave","img":{"alt_text":"","src":"https:\/\/i0.wp.com\/astehshop.com\/wp-content\/uploads\/2025\/03\/SUNDOWN1.png?fit=1080%2C1080&resize=350%2C200","width":350,"height":200},"classes":[]},{"id":10038,"url":"http:\/\/astehshop.com\/index.php\/product\/montaza-klima-uredaja-18-na-postojece-instalacije\/","url_meta":{"origin":10041,"position":3},"title":"Monta\u017ea klima ure\u0111aja 18\u201d na postoje\u0107e instalacije","date":"22. o\u017eujka 2025.","format":false,"excerpt":"Za monta\u017eu zidne i vanjske jedinice na visini do 5m na postavljene i odgovaraju\u0107e instalacije Garancija na monta\u017eu vrijedi do isteka garancije za klima ure\u0111aj Ovla\u0161tenu monta\u017eu klima ure\u0111aja kupljenih u TechnoShopBN za monta\u017eu unutarnje i vanjske jedinice mono split klima ure\u0111aja na postavljene instalacije region Bijeljina i bli\u017ea okolina\u2026","rel":"","context":"Srodne objave","img":{"alt_text":"","src":"https:\/\/i0.wp.com\/astehshop.com\/wp-content\/uploads\/2025\/03\/SUNDOWN1.png?fit=1080%2C1080&resize=350%2C200","width":350,"height":200},"classes":[]},{"id":10035,"url":"http:\/\/astehshop.com\/index.php\/product\/montaza-klima-uredaja-12-na-postojece-instalacije\/","url_meta":{"origin":10041,"position":4},"title":"Monta\u017ea klima ure\u0111aja 12&#8221; na postoje\u0107e instalacije","date":"22. o\u017eujka 2025.","format":false,"excerpt":"Za monta\u017eu zidne\u00a0 i vanjske jedinice na visini do 5m na postavljene i odgovaraju\u0107e instalacije Garancija na monta\u017eu vrijedi do isteka garancije za klima ure\u0111aj Ovla\u0161tenu monta\u017eu klima ure\u0111aja kupljenih u TechnoShopBN za monta\u017eu unutarnje i vanjske jedinice mono split klima ure\u0111aja na postavljene instalacije region Bijeljina i bli\u017ea okolina\u2026","rel":"","context":"Srodne objave","img":{"alt_text":"","src":"https:\/\/i0.wp.com\/astehshop.com\/wp-content\/uploads\/2025\/03\/SUNDOWN1.png?fit=1080%2C1080&resize=350%2C200","width":350,"height":200},"classes":[]},{"id":9400,"url":"http:\/\/astehshop.com\/index.php\/product\/klima-uredaj-favorit-12000btu-ff-inverter-15-gratis-nosaci\/","url_meta":{"origin":10041,"position":5},"title":"Klima ure\u0111aj FAVORIT 12000BTU FF INVERTER -15 stepeni","date":"22. lipnja 2024.","format":false,"excerpt":"KAPACITET HLA\u0110ENJA: 3,5 W KAPACITET GREJANJA: 3,8W ENERGETSKA KLASA GRIJANJA: A++ ENERGETSKA KLASA HLA\u0110ENJA: A+ VRSTA GASA: R32 PROTOK VAZDUHA: 600 SPOJNA\/UNUTRA\u0160NJA JEDINICA (NIVO BUKE): 53\/62dB UNUTRA\u0160NJA JEDINICA NETO TE\u017dINA 8.5kg SPOJNA JEDINICA NETO TE\u017dINA 22.5kg DIMENZIJE (UNUTRA\u0160NJE) \u2013 NETO 750x285x200 DIMENZIJE (SPOJNE)-NETO 650\u00d7455\u00d7233 AMBIJENTALNA TEMP. -HLA\u0110ENJE 16~49\u2103 AMBIJENTALNA TEMP.\u2026","rel":"","context":"Srodne objave","img":{"alt_text":"","src":"https:\/\/i1.wp.com\/astehshop.com\/wp-content\/uploads\/2024\/06\/favorit-12-do-15.png?fit=1080%2C1080&resize=350%2C200","width":350,"height":200},"classes":[]}],"_links":{"self":[{"href":"http:\/\/astehshop.com\/index.php\/wp-json\/wp\/v2\/product\/10041"}],"collection":[{"href":"http:\/\/astehshop.com\/index.php\/wp-json\/wp\/v2\/product"}],"about":[{"href":"http:\/\/astehshop.com\/index.php\/wp-json\/wp\/v2\/types\/product"}],"replies":[{"embeddable":true,"href":"http:\/\/astehshop.com\/index.php\/wp-json\/wp\/v2\/comments?post=10041"}],"wp:featuredmedia":[{"embeddable":true,"href":"http:\/\/astehshop.com\/index.php\/wp-json\/wp\/v2\/media\/10036"}],"wp:attachment":[{"href":"http:\/\/astehshop.com\/index.php\/wp-json\/wp\/v2\/media?parent=10041"}],"wp:term":[{"taxonomy":"product_cat","embeddable":true,"href":"http:\/\/astehshop.com\/index.php\/wp-json\/wp\/v2\/product_cat?post=10041"},{"taxonomy":"product_tag","embeddable":true,"href":"http:\/\/astehshop.com\/index.php\/wp-json\/wp\/v2\/product_tag?post=10041"}],"curies":[{"name":"wp","href":"https:\/\/api.w.org\/{rel}","templated":true}]}}